{"id":1595,"date":"2020-03-03T12:01:07","date_gmt":"2020-03-03T12:01:07","guid":{"rendered":"https:\/\/www.afibmatters.org\/vad-kan-jag-gora\/var-kan-jag-fa-mer-rad-och-stod\/"},"modified":"2020-04-03T22:21:22","modified_gmt":"2020-04-03T21:21:22","slug":"var-kan-jag-fa-mer-rad-och-stod","status":"publish","type":"page","link":"https:\/\/www.afibmatters.org\/sv\/vad-kan-jag-gora\/var-kan-jag-fa-mer-rad-och-stod\/","title":{"rendered":"Var kan jag f\u00e5 mer r\u00e5d och st\u00f6d?"},"content":{"rendered":"<p><img loading=\"lazy\" decoding=\"async\" class=\"alignnone size-large wp-image-1063\" src=\"https:\/\/cdn-endpoint-afib.azureedge.net\/afibmatters\/2020\/01\/iStock-696824550-1024x683.jpg\" alt=\"\" width=\"1024\" height=\"683\" srcset=\"https:\/\/cdn-endpoint-afib.azureedge.net\/afibmatters\/2020\/01\/iStock-696824550-1024x683.jpg 1024w, https:\/\/cdn-endpoint-afib.azureedge.net\/afibmatters\/2020\/01\/iStock-696824550-300x200.jpg 300w, https:\/\/cdn-endpoint-afib.azureedge.net\/afibmatters\/2020\/01\/iStock-696824550-768x512.jpg 768w, https:\/\/cdn-endpoint-afib.azureedge.net\/afibmatters\/2020\/01\/iStock-696824550-1536x1024.jpg 1536w, https:\/\/cdn-endpoint-afib.azureedge.net\/afibmatters\/2020\/01\/iStock-696824550-2048x1365.jpg 2048w, https:\/\/cdn-endpoint-afib.azureedge.net\/afibmatters\/2020\/01\/iStock-696824550-500x333.jpg 500w\" sizes=\"auto, (max-width: 1024px) 100vw, 1024px\" \/><\/p>\n<p>Du kan be om r\u00e5d och st\u00f6d fr\u00e5n din l\u00e4kare (allm\u00e4nl\u00e4kare, kardiolog eller annan medicinsk specialist) eller kontakta patientf\u00f6reningen f\u00f6r f\u00f6rmaksflimmer f\u00f6r mera r\u00e5d och st\u00f6d.<\/p>\n<p>&nbsp;<\/p>\n<p>&nbsp;<\/p>\n","protected":false},"excerpt":{"rendered":"<p>Du kan be om r\u00e5d och st\u00f6d fr\u00e5n din l\u00e4kare (allm\u00e4nl\u00e4kare, kardiolog eller annan medicinsk specialist) eller kontakta patientf\u00f6reningen f\u00f6r f\u00f6rmaksflimmer f\u00f6r mera r\u00e5d och st\u00f6d. &nbsp; &nbsp;<\/p>\n","protected":false},"author":1,"featured_media":0,"parent":1540,"menu_order":26,"comment_status":"closed","ping_status":"closed","template":"","meta":{"_acf_changed":false,"footnotes":""},"categories":[69],"tags":[],"class_list":["post-1595","page","type-page","status-publish","hentry","category-vad-kan-jag-gora"],"acf":[],"_links":{"self":[{"href":"https:\/\/www.afibmatters.org\/sv\/wp-json\/wp\/v2\/pages\/1595","targetHints":{"allow":["GET"]}}],"collection":[{"href":"https:\/\/www.afibmatters.org\/sv\/wp-json\/wp\/v2\/pages"}],"about":[{"href":"https:\/\/www.afibmatters.org\/sv\/wp-json\/wp\/v2\/types\/page"}],"author":[{"embeddable":true,"href":"https:\/\/www.afibmatters.org\/sv\/wp-json\/wp\/v2\/users\/1"}],"replies":[{"embeddable":true,"href":"https:\/\/www.afibmatters.org\/sv\/wp-json\/wp\/v2\/comments?post=1595"}],"version-history":[{"count":1,"href":"https:\/\/www.afibmatters.org\/sv\/wp-json\/wp\/v2\/pages\/1595\/revisions"}],"predecessor-version":[{"id":2389,"href":"https:\/\/www.afibmatters.org\/sv\/wp-json\/wp\/v2\/pages\/1595\/revisions\/2389"}],"up":[{"embeddable":true,"href":"https:\/\/www.afibmatters.org\/sv\/wp-json\/wp\/v2\/pages\/1540"}],"wp:attachment":[{"href":"https:\/\/www.afibmatters.org\/sv\/wp-json\/wp\/v2\/media?parent=1595"}],"wp:term":[{"taxonomy":"category","embeddable":true,"href":"https:\/\/www.afibmatters.org\/sv\/wp-json\/wp\/v2\/categories?post=1595"},{"taxonomy":"post_tag","embeddable":true,"href":"https:\/\/www.afibmatters.org\/sv\/wp-json\/wp\/v2\/tags?post=1595"}],"curies":[{"name":"wp","href":"https:\/\/api.w.org\/{rel}","templated":true}]}}

Var kan jag få mer råd och stöd?

<p><img loading="lazy" decoding="async" class="alignnone size-large wp-image-1063" src="https://cdn-endpoint-afib.azureedge.net/afibmatters/2020/01/iStock-696824550-1024x683.jpg" alt="" width="1024" height="683" srcset="https://cdn-endpoint-afib.azureedge.net/afibmatters/2020/01/iStock-696824550-1024x683.jpg 1024w, https://cdn-endpoint-afib.azureedge.net/afibmatters/2020/01/iStock-696824550-300x200.jpg 300w, https://cdn-endpoint-afib.azureedge.net/afibmatters/2020/01/iStock-696824550-768x512.jpg 768w, https://cdn-endpoint-afib.azureedge.net/afibmatters/2020/01/iStock-696824550-1536x1024.jpg 1536w, https://cdn-endpoint-afib.azureedge.net/afibmatters/2020/01/iStock-696824550-2048x1365.jpg 2048w, https://cdn-endpoint-afib.azureedge.net/afibmatters/2020/01/iStock-696824550-500x333.jpg 500w" sizes="auto, (max-width: 1024px) 100vw, 1024px" /></p>
<p>Du kan be om råd och stöd från din läkare (allmänläkare, kardiolog eller annan medicinsk specialist) eller kontakta patientföreningen för förmaksflimmer för mera råd och stöd.</p>
<p>&nbsp;</p>
<p>&nbsp;</p>

<p>Du kan be om råd och stöd från din läkare (allmänläkare, kardiolog eller annan medicinsk specialist) eller kontakta patientföreningen för förmaksflimmer för mera råd och stöd. &nbsp; &nbsp;</p>
