{"id":1451,"date":"2020-03-03T11:56:49","date_gmt":"2020-03-03T11:56:49","guid":{"rendered":"https:\/\/www.afibmatters.org\/vad-behover-jag-veta\/varfor-ar-formaksflimmer-farligt\/"},"modified":"2020-03-05T14:11:37","modified_gmt":"2020-03-05T14:11:37","slug":"varfor-ar-formaksflimmer-farligt","status":"publish","type":"page","link":"https:\/\/www.afibmatters.org\/sv\/vad-behover-jag-veta\/varfor-ar-formaksflimmer-farligt\/","title":{"rendered":"Varf\u00f6r \u00e4r f\u00f6rmaksflimmer farligt?"},"content":{"rendered":"<p>M\u00e5nga patienter lever med arytmier i \u00e5rtionden utan problem. Om f\u00f6rmaksflimmer inte behandlas kan det dock leda till komplikationer, s\u00e5som stroke och hj\u00e4rtsvikt, som kan f\u00e5 allvarliga konsekvenser i ditt liv.<\/p>\n<ul>\n<li><a href=\"https:\/\/www.afibmatters.org\/sv\/vad-kan-min-lakare-gora\/hur-man-forhindrar-hjartsvikt\/\">Risk f\u00f6r hj\u00e4rtsvikt<\/a><\/li>\n<li><a href=\"https:\/\/www.afibmatters.org\/sv\/vad-kan-min-lakare-gora\/hur-man-forhindrar-stroke\/\">Risk f\u00f6r stroke<\/a><\/li>\n<\/ul>\n<p>&nbsp;<\/p>\n","protected":false},"excerpt":{"rendered":"<p>M\u00e5nga patienter lever med arytmier i \u00e5rtionden utan problem. Om f\u00f6rmaksflimmer inte behandlas kan det dock leda till komplikationer, s\u00e5som stroke och hj\u00e4rtsvikt, som kan f\u00e5 allvarliga konsekvenser i ditt liv. Risk f\u00f6r hj\u00e4rtsvikt Risk f\u00f6r stroke &nbsp;<\/p>\n","protected":false},"author":1,"featured_media":0,"parent":1436,"menu_order":10,"comment_status":"closed","ping_status":"closed","template":"","meta":{"_acf_changed":false,"footnotes":""},"categories":[54],"tags":[],"class_list":["post-1451","page","type-page","status-publish","hentry","category-vad-behover-jag-veta"],"acf":[],"_links":{"self":[{"href":"https:\/\/www.afibmatters.org\/sv\/wp-json\/wp\/v2\/pages\/1451","targetHints":{"allow":["GET"]}}],"collection":[{"href":"https:\/\/www.afibmatters.org\/sv\/wp-json\/wp\/v2\/pages"}],"about":[{"href":"https:\/\/www.afibmatters.org\/sv\/wp-json\/wp\/v2\/types\/page"}],"author":[{"embeddable":true,"href":"https:\/\/www.afibmatters.org\/sv\/wp-json\/wp\/v2\/users\/1"}],"replies":[{"embeddable":true,"href":"https:\/\/www.afibmatters.org\/sv\/wp-json\/wp\/v2\/comments?post=1451"}],"version-history":[{"count":1,"href":"https:\/\/www.afibmatters.org\/sv\/wp-json\/wp\/v2\/pages\/1451\/revisions"}],"predecessor-version":[{"id":1719,"href":"https:\/\/www.afibmatters.org\/sv\/wp-json\/wp\/v2\/pages\/1451\/revisions\/1719"}],"up":[{"embeddable":true,"href":"https:\/\/www.afibmatters.org\/sv\/wp-json\/wp\/v2\/pages\/1436"}],"wp:attachment":[{"href":"https:\/\/www.afibmatters.org\/sv\/wp-json\/wp\/v2\/media?parent=1451"}],"wp:term":[{"taxonomy":"category","embeddable":true,"href":"https:\/\/www.afibmatters.org\/sv\/wp-json\/wp\/v2\/categories?post=1451"},{"taxonomy":"post_tag","embeddable":true,"href":"https:\/\/www.afibmatters.org\/sv\/wp-json\/wp\/v2\/tags?post=1451"}],"curies":[{"name":"wp","href":"https:\/\/api.w.org\/{rel}","templated":true}]}}

Varför är förmaksflimmer farligt?

<p>Många patienter lever med arytmier i årtionden utan problem. Om förmaksflimmer inte behandlas kan det dock leda till komplikationer, såsom stroke och hjärtsvikt, som kan få allvarliga konsekvenser i ditt liv.</p>
<ul>
<li><a href="https://www.afibmatters.org/sv/vad-kan-min-lakare-gora/hur-man-forhindrar-hjartsvikt/">Risk för hjärtsvikt</a></li>
<li><a href="https://www.afibmatters.org/sv/vad-kan-min-lakare-gora/hur-man-forhindrar-stroke/">Risk för stroke</a></li>
</ul>
<p>&nbsp;</p>

<p>Många patienter lever med arytmier i årtionden utan problem. Om förmaksflimmer inte behandlas kan det dock leda till komplikationer, såsom stroke och hjärtsvikt, som kan få allvarliga konsekvenser i ditt liv. Risk för hjärtsvikt Risk för stroke &nbsp;</p>
