{"id":1423,"date":"2020-03-03T11:56:41","date_gmt":"2020-03-03T11:56:41","guid":{"rendered":"https:\/\/www.afibmatters.org\/hur-vanligt-ar-formaksflimmer\/"},"modified":"2020-03-03T11:56:41","modified_gmt":"2020-03-03T11:56:41","slug":"hur-vanligt-ar-formaksflimmer","status":"publish","type":"page","link":"https:\/\/www.afibmatters.org\/sv\/vad-behover-jag-veta\/hur-vanligt-ar-formaksflimmer\/","title":{"rendered":"Hur vanligt \u00e4r f\u00f6rmaksflimmer?"},"content":{"rendered":"<p><img loading=\"lazy\" decoding=\"async\" class=\"alignleft wp-image-884 size-large\" src=\"https:\/\/www.afibmatters.org\/wp-content\/uploads\/2020\/01\/shutterstock_1348938884-1024x683.jpg\" alt=\"\" width=\"1024\" height=\"683\" srcset=\"https:\/\/cdn-endpoint-afib.azureedge.net\/afibmatters\/2020\/01\/shutterstock_1348938884-1024x683.jpg 1024w, https:\/\/cdn-endpoint-afib.azureedge.net\/afibmatters\/2020\/01\/shutterstock_1348938884-300x200.jpg 300w, https:\/\/cdn-endpoint-afib.azureedge.net\/afibmatters\/2020\/01\/shutterstock_1348938884-768x512.jpg 768w, https:\/\/cdn-endpoint-afib.azureedge.net\/afibmatters\/2020\/01\/shutterstock_1348938884-1536x1024.jpg 1536w, https:\/\/cdn-endpoint-afib.azureedge.net\/afibmatters\/2020\/01\/shutterstock_1348938884-2048x1365.jpg 2048w, https:\/\/cdn-endpoint-afib.azureedge.net\/afibmatters\/2020\/01\/shutterstock_1348938884-500x333.jpg 500w\" sizes=\"auto, (max-width: 1024px) 100vw, 1024px\" \/><\/p>\n<p>F\u00f6rmaksflimmer \u00e4r den <strong>vanligaste<\/strong> hj\u00e4rtrytmrubbningen. Den \u00e5terfinns hos omkring 1% av den totala befolkningen, s\u00e4rskilt hos \u00e4ldre. Det \u00e4r s\u00e4llsynt hos ungdomar, men f\u00f6rekommer hos 5 % av dem som \u00e4r \u00f6ver 65 \u00e5r och 10 % av dem som \u00e4r \u00f6ver 80 \u00e5r.<\/p>\n<p>&nbsp;<\/p>\n<p>&nbsp;<\/p>\n","protected":false},"excerpt":{"rendered":"<p>F\u00f6rmaksflimmer \u00e4r den vanligaste hj\u00e4rtrytmrubbningen. Den \u00e5terfinns hos omkring 1% av den totala befolkningen, s\u00e4rskilt hos \u00e4ldre. Det \u00e4r s\u00e4llsynt hos ungdomar, men f\u00f6rekommer hos 5 % av dem som \u00e4r \u00f6ver 65 \u00e5r och 10 % av dem som \u00e4r \u00f6ver 80 \u00e5r. &nbsp; &nbsp;<\/p>\n","protected":false},"author":1,"featured_media":0,"parent":1436,"menu_order":7,"comment_status":"closed","ping_status":"closed","template":"","meta":{"_acf_changed":false,"footnotes":""},"categories":[54],"tags":[],"class_list":["post-1423","page","type-page","status-publish","hentry","category-vad-behover-jag-veta"],"acf":[],"_links":{"self":[{"href":"https:\/\/www.afibmatters.org\/sv\/wp-json\/wp\/v2\/pages\/1423","targetHints":{"allow":["GET"]}}],"collection":[{"href":"https:\/\/www.afibmatters.org\/sv\/wp-json\/wp\/v2\/pages"}],"about":[{"href":"https:\/\/www.afibmatters.org\/sv\/wp-json\/wp\/v2\/types\/page"}],"author":[{"embeddable":true,"href":"https:\/\/www.afibmatters.org\/sv\/wp-json\/wp\/v2\/users\/1"}],"replies":[{"embeddable":true,"href":"https:\/\/www.afibmatters.org\/sv\/wp-json\/wp\/v2\/comments?post=1423"}],"version-history":[{"count":0,"href":"https:\/\/www.afibmatters.org\/sv\/wp-json\/wp\/v2\/pages\/1423\/revisions"}],"up":[{"embeddable":true,"href":"https:\/\/www.afibmatters.org\/sv\/wp-json\/wp\/v2\/pages\/1436"}],"wp:attachment":[{"href":"https:\/\/www.afibmatters.org\/sv\/wp-json\/wp\/v2\/media?parent=1423"}],"wp:term":[{"taxonomy":"category","embeddable":true,"href":"https:\/\/www.afibmatters.org\/sv\/wp-json\/wp\/v2\/categories?post=1423"},{"taxonomy":"post_tag","embeddable":true,"href":"https:\/\/www.afibmatters.org\/sv\/wp-json\/wp\/v2\/tags?post=1423"}],"curies":[{"name":"wp","href":"https:\/\/api.w.org\/{rel}","templated":true}]}}

Hur vanligt är förmaksflimmer?

<p><img loading="lazy" decoding="async" class="alignleft wp-image-884 size-large" src="https://www.afibmatters.org/wp-content/uploads/2020/01/shutterstock_1348938884-1024x683.jpg" alt="" width="1024" height="683" srcset="https://cdn-endpoint-afib.azureedge.net/afibmatters/2020/01/shutterstock_1348938884-1024x683.jpg 1024w, https://cdn-endpoint-afib.azureedge.net/afibmatters/2020/01/shutterstock_1348938884-300x200.jpg 300w, https://cdn-endpoint-afib.azureedge.net/afibmatters/2020/01/shutterstock_1348938884-768x512.jpg 768w, https://cdn-endpoint-afib.azureedge.net/afibmatters/2020/01/shutterstock_1348938884-1536x1024.jpg 1536w, https://cdn-endpoint-afib.azureedge.net/afibmatters/2020/01/shutterstock_1348938884-2048x1365.jpg 2048w, https://cdn-endpoint-afib.azureedge.net/afibmatters/2020/01/shutterstock_1348938884-500x333.jpg 500w" sizes="auto, (max-width: 1024px) 100vw, 1024px" /></p>
<p>Förmaksflimmer är den <strong>vanligaste</strong> hjärtrytmrubbningen. Den återfinns hos omkring 1% av den totala befolkningen, särskilt hos äldre. Det är sällsynt hos ungdomar, men förekommer hos 5 % av dem som är över 65 år och 10 % av dem som är över 80 år.</p>
<p>&nbsp;</p>
<p>&nbsp;</p>

<p>Förmaksflimmer är den vanligaste hjärtrytmrubbningen. Den återfinns hos omkring 1% av den totala befolkningen, särskilt hos äldre. Det är sällsynt hos ungdomar, men förekommer hos 5 % av dem som är över 65 år och 10 % av dem som är över 80 år. &nbsp; &nbsp;</p>
