{"id":4512,"date":"2021-06-24T16:07:12","date_gmt":"2021-06-24T15:07:12","guid":{"rendered":"https:\/\/www.afibmatters.org\/useful-tools\/preparing-for-your-first-consultation-with-a-physician-checklist\/"},"modified":"2023-06-29T13:48:41","modified_gmt":"2023-06-29T12:48:41","slug":"preparacao-para-a-primeira-consulta-com-uma-checklist-medica","status":"publish","type":"useful-tools","link":"https:\/\/www.afibmatters.org\/pt-pt\/useful-tools\/preparacao-para-a-primeira-consulta-com-uma-checklist-medica\/","title":{"rendered":"Prepara\u00e7\u00e3o para a primeira consulta com uma checklist m\u00e9dica"},"content":{"rendered":"","protected":false},"featured_media":4080,"menu_order":4,"template":"","categories":[],"class_list":["post-4512","useful-tools","type-useful-tools","status-publish","has-post-thumbnail","hentry"],"acf":[],"_links":{"self":[{"href":"https:\/\/www.afibmatters.org\/pt-pt\/wp-json\/wp\/v2\/useful-tools\/4512","targetHints":{"allow":["GET"]}}],"collection":[{"href":"https:\/\/www.afibmatters.org\/pt-pt\/wp-json\/wp\/v2\/useful-tools"}],"about":[{"href":"https:\/\/www.afibmatters.org\/pt-pt\/wp-json\/wp\/v2\/types\/useful-tools"}],"wp:featuredmedia":[{"embeddable":true,"href":"https:\/\/www.afibmatters.org\/pt-pt\/wp-json\/wp\/v2\/media\/4080"}],"wp:attachment":[{"href":"https:\/\/www.afibmatters.org\/pt-pt\/wp-json\/wp\/v2\/media?parent=4512"}],"wp:term":[{"taxonomy":"category","embeddable":true,"href":"https:\/\/www.afibmatters.org\/pt-pt\/wp-json\/wp\/v2\/categories?post=4512"}],"curies":[{"name":"wp","href":"https:\/\/api.w.org\/{rel}","templated":true}]}}

Preparação para a primeira consulta com uma checklist médica
