{"id":6724,"date":"2022-03-24T10:50:23","date_gmt":"2022-03-24T10:50:23","guid":{"rendered":"https:\/\/www.afibmatters.org\/o-que-posso-fazer\/como-devo-mudar-a-minha-vida\/obesidade\/"},"modified":"2022-03-24T10:50:23","modified_gmt":"2022-03-24T10:50:23","slug":"obesidade","status":"publish","type":"page","link":"https:\/\/www.afibmatters.org\/pt-pt\/o-que-posso-fazer\/como-devo-mudar-a-minha-vida\/obesidade\/","title":{"rendered":"Obesidade"},"content":{"rendered":"<p><img loading=\"lazy\" decoding=\"async\" class=\"alignnone wp-image-6457 size-full\" src=\"https:\/\/cdn-endpoint-afib.azureedge.net\/afibmatters\/2022\/03\/shutterstock_1018836169-1-min.jpg?_t=1646320548\" alt=\"\" width=\"900\" height=\"600\" srcset=\"https:\/\/cdn-endpoint-afib.azureedge.net\/afibmatters\/2022\/03\/shutterstock_1018836169-1-min.jpg 900w, https:\/\/cdn-endpoint-afib.azureedge.net\/afibmatters\/2022\/03\/shutterstock_1018836169-1-min-300x200.jpg 300w, https:\/\/cdn-endpoint-afib.azureedge.net\/afibmatters\/2022\/03\/shutterstock_1018836169-1-min-768x512.jpg 768w, https:\/\/cdn-endpoint-afib.azureedge.net\/afibmatters\/2022\/03\/shutterstock_1018836169-1-min-500x333.jpg 500w\" sizes=\"auto, (max-width: 900px) 100vw, 900px\" \/><\/p>\n<p>Existe uma clara rela\u00e7\u00e3o entre obesidade e a ocorr\u00eancia de fibrilha\u00e7\u00e3o auricular. O risco aumenta \u00e0 medida que o \u00cdndice de Massa Corporal (IMC = peso em quilogramas dividido pela altura em metros ao quadrado) aumenta.<\/p>\n<p>Al\u00e9m disso, a obesidade pode aumentar o risco de complica\u00e7\u00f5es da fibrilha\u00e7\u00e3o auricular, como eventos tromboemb\u00f3licos e acidentes vasculares cerebrais. A obesidade tamb\u00e9m tem uma influ\u00eancia negativa no tratamento da fibrilha\u00e7\u00e3o auricular com abla\u00e7\u00e3o. O risco de recorr\u00eancia da fibrilha\u00e7\u00e3o auricular \u00e9 maior ap\u00f3s um procedimento bem-sucedido.<\/p>\n<p>O excesso de peso tamb\u00e9m aumenta a probabilidade de desenvolvimento de fatores de risco que est\u00e3o individualmente ligados \u00e0 possibilidade de desenvolvimento de fibrilha\u00e7\u00e3o auricular:<\/p>\n<ul>\n<li><strong>Aumento da tens\u00e3o arterial (hipertens\u00e3o)<\/strong><\/li>\n<\/ul>\n<p style=\"padding-left: 40px;\">Os doentes com hipertens\u00e3o t\u00eam um risco 1,7 vezes maior de desenvolver fibrilha\u00e7\u00e3o auricular. Al\u00e9m disso, \u00e9 um fator de risco independente para o desenvolvimento de tromboembolismo em resultado de arritmia. O tratamento da hipertens\u00e3o n\u00e3o \u00e9 apenas importante na preven\u00e7\u00e3o da fibrilha\u00e7\u00e3o auricular, mas tamb\u00e9m na redu\u00e7\u00e3o do risco de tromboembolismo. A perda de peso faz parte da gest\u00e3o da hipertens\u00e3o.<\/p>\n<ul>\n<li><strong>Doen\u00e7as vasculares e infarto do mioc\u00e1rdio<\/strong><\/li>\n<\/ul>\n<p style=\"padding-left: 40px;\">O risco de desenvolver fibrilha\u00e7\u00e3o auricular aumenta em 60% a 77% em doentes que sofreram um ataque card\u00edaco.<\/p>\n<ul>\n<li><strong>Diabetes mellitus<\/strong><\/li>\n<\/ul>\n<p style=\"padding-left: 40px;\">Os incidentes de fibrilha\u00e7\u00e3o auricular s\u00e3o duas vezes mais comuns em doentes com diabetes. \u00c0 semelhan\u00e7a da hipertens\u00e3o, pode tamb\u00e9m aumentar o risco de desenvolvimento de tromboembolismo.<\/p>\n<ul>\n<li><strong>Apneia do sono<\/strong><\/li>\n<\/ul>\n<p style=\"padding-left: 40px;\">Os doentes com excesso de peso t\u00eam um maior risco de desenvolver apneia obstrutiva do sono (AOS). \u00c9 criada uma pausa na respira\u00e7\u00e3o durante o sono devido \u00e0 oclus\u00e3o da garganta provocada por um excesso de massa gorda. Isto, posteriormente, influencia a qualidade do sono de forma negativa. Est\u00e1 tamb\u00e9m associada a um risco acrescido de mortalidade, eventos cardiovasculares e a um risco acrescido de fibrilha\u00e7\u00e3o auricular. A probabilidade de sucesso do tratamento da fibrilha\u00e7\u00e3o auricular (medica\u00e7\u00e3o ou abla\u00e7\u00e3o) \u00e9 mais reduzida em doentes com AOS. Por conseguinte, o tratamento da AOS consiste na combina\u00e7\u00e3o de CPAP (press\u00e3o positiva cont\u00ednua nas vias a\u00e9reas) e perda de peso.<\/p>\n<p>Tendo em conta a associa\u00e7\u00e3o \u00f3bvia entre a obesidade e o risco de fibrilha\u00e7\u00e3o auricular, a perda de peso \u00e9 um pilar importante no tratamento desta arritmia. Pode ajudar a evitar ou reduzir o n\u00famero de tratamentos para a fibrilha\u00e7\u00e3o auricular. Em doentes submetidos a abla\u00e7\u00e3o, diminui o risco do procedimento e aumenta a taxa de sucesso.<\/p>\n","protected":false},"excerpt":{"rendered":"<p>Existe uma clara rela\u00e7\u00e3o entre obesidade e a ocorr\u00eancia de fibrilha\u00e7\u00e3o auricular. O risco aumenta \u00e0 medida que o \u00cdndice de Massa Corporal (IMC = peso em quilogramas dividido pela altura em metros ao quadrado) aumenta. Al\u00e9m disso, a obesidade pode aumentar o risco de complica\u00e7\u00f5es da fibrilha\u00e7\u00e3o auricular, como eventos tromboemb\u00f3licos e acidentes vasculares [&hellip;]<\/p>\n","protected":false},"author":1,"featured_media":0,"parent":1984,"menu_order":11,"comment_status":"closed","ping_status":"closed","template":"","meta":{"_acf_changed":false,"footnotes":""},"categories":[80],"tags":[],"class_list":["post-6724","page","type-page","status-publish","hentry","category-o-que-posso-fazer"],"acf":[],"_links":{"self":[{"href":"https:\/\/www.afibmatters.org\/pt-pt\/wp-json\/wp\/v2\/pages\/6724","targetHints":{"allow":["GET"]}}],"collection":[{"href":"https:\/\/www.afibmatters.org\/pt-pt\/wp-json\/wp\/v2\/pages"}],"about":[{"href":"https:\/\/www.afibmatters.org\/pt-pt\/wp-json\/wp\/v2\/types\/page"}],"author":[{"embeddable":true,"href":"https:\/\/www.afibmatters.org\/pt-pt\/wp-json\/wp\/v2\/users\/1"}],"replies":[{"embeddable":true,"href":"https:\/\/www.afibmatters.org\/pt-pt\/wp-json\/wp\/v2\/comments?post=6724"}],"version-history":[{"count":0,"href":"https:\/\/www.afibmatters.org\/pt-pt\/wp-json\/wp\/v2\/pages\/6724\/revisions"}],"up":[{"embeddable":true,"href":"https:\/\/www.afibmatters.org\/pt-pt\/wp-json\/wp\/v2\/pages\/1984"}],"wp:attachment":[{"href":"https:\/\/www.afibmatters.org\/pt-pt\/wp-json\/wp\/v2\/media?parent=6724"}],"wp:term":[{"taxonomy":"category","embeddable":true,"href":"https:\/\/www.afibmatters.org\/pt-pt\/wp-json\/wp\/v2\/categories?post=6724"},{"taxonomy":"post_tag","embeddable":true,"href":"https:\/\/www.afibmatters.org\/pt-pt\/wp-json\/wp\/v2\/tags?post=6724"}],"curies":[{"name":"wp","href":"https:\/\/api.w.org\/{rel}","templated":true}]}}

<p><img loading="lazy" decoding="async" class="alignnone wp-image-6457 size-full" src="https://cdn-endpoint-afib.azureedge.net/afibmatters/2022/03/shutterstock_1018836169-1-min.jpg?_t=1646320548" alt="" width="900" height="600" srcset="https://cdn-endpoint-afib.azureedge.net/afibmatters/2022/03/shutterstock_1018836169-1-min.jpg 900w, https://cdn-endpoint-afib.azureedge.net/afibmatters/2022/03/shutterstock_1018836169-1-min-300x200.jpg 300w, https://cdn-endpoint-afib.azureedge.net/afibmatters/2022/03/shutterstock_1018836169-1-min-768x512.jpg 768w, https://cdn-endpoint-afib.azureedge.net/afibmatters/2022/03/shutterstock_1018836169-1-min-500x333.jpg 500w" sizes="auto, (max-width: 900px) 100vw, 900px" /></p>
<p>Existe uma clara relação entre obesidade e a ocorrência de fibrilhação auricular. O risco aumenta à medida que o Índice de Massa Corporal (IMC = peso em quilogramas dividido pela altura em metros ao quadrado) aumenta.</p>
<p>Além disso, a obesidade pode aumentar o risco de complicações da fibrilhação auricular, como eventos tromboembólicos e acidentes vasculares cerebrais. A obesidade também tem uma influência negativa no tratamento da fibrilhação auricular com ablação. O risco de recorrência da fibrilhação auricular é maior após um procedimento bem-sucedido.</p>
<p>O excesso de peso também aumenta a probabilidade de desenvolvimento de fatores de risco que estão individualmente ligados à possibilidade de desenvolvimento de fibrilhação auricular:</p>
<ul>
<li><strong>Aumento da tensão arterial (hipertensão)</strong></li>
</ul>
<p style="padding-left: 40px;">Os doentes com hipertensão têm um risco 1,7 vezes maior de desenvolver fibrilhação auricular. Além disso, é um fator de risco independente para o desenvolvimento de tromboembolismo em resultado de arritmia. O tratamento da hipertensão não é apenas importante na prevenção da fibrilhação auricular, mas também na redução do risco de tromboembolismo. A perda de peso faz parte da gestão da hipertensão.</p>
<ul>
<li><strong>Doenças vasculares e infarto do miocárdio</strong></li>
</ul>
<p style="padding-left: 40px;">O risco de desenvolver fibrilhação auricular aumenta em 60% a 77% em doentes que sofreram um ataque cardíaco.</p>
<ul>
<li><strong>Diabetes mellitus</strong></li>
</ul>
<p style="padding-left: 40px;">Os incidentes de fibrilhação auricular são duas vezes mais comuns em doentes com diabetes. À semelhança da hipertensão, pode também aumentar o risco de desenvolvimento de tromboembolismo.</p>
<ul>
<li><strong>Apneia do sono</strong></li>
</ul>
<p style="padding-left: 40px;">Os doentes com excesso de peso têm um maior risco de desenvolver apneia obstrutiva do sono (AOS). É criada uma pausa na respiração durante o sono devido à oclusão da garganta provocada por um excesso de massa gorda. Isto, posteriormente, influencia a qualidade do sono de forma negativa. Está também associada a um risco acrescido de mortalidade, eventos cardiovasculares e a um risco acrescido de fibrilhação auricular. A probabilidade de sucesso do tratamento da fibrilhação auricular (medicação ou ablação) é mais reduzida em doentes com AOS. Por conseguinte, o tratamento da AOS consiste na combinação de CPAP (pressão positiva contínua nas vias aéreas) e perda de peso.</p>
<p>Tendo em conta a associação óbvia entre a obesidade e o risco de fibrilhação auricular, a perda de peso é um pilar importante no tratamento desta arritmia. Pode ajudar a evitar ou reduzir o número de tratamentos para a fibrilhação auricular. Em doentes submetidos a ablação, diminui o risco do procedimento e aumenta a taxa de sucesso.</p>

<p>Existe uma clara relação entre obesidade e a ocorrência de fibrilhação auricular. O risco aumenta à medida que o Índice de Massa Corporal (IMC = peso em quilogramas dividido pela altura em metros ao quadrado) aumenta. Além disso, a obesidade pode aumentar o risco de complicações da fibrilhação auricular, como eventos tromboembólicos e acidentes vasculares [&hellip;]</p>
