{"id":1977,"date":"2020-03-09T12:36:09","date_gmt":"2020-03-09T12:36:09","guid":{"rendered":"https:\/\/www.afibmatters.org\/apoio-financeiro\/"},"modified":"2024-03-11T09:56:09","modified_gmt":"2024-03-11T09:56:09","slug":"apoio-financeiro","status":"publish","type":"page","link":"https:\/\/www.afibmatters.org\/pt-pt\/apoio-financeiro\/","title":{"rendered":"Apoio financeiro"},"content":{"rendered":"<h2>Descubra o s\u00edtio Web e partilhe-o com os seus pacientes<\/h2>\n<blockquote><p><strong>Ajude os seus pacientes a compreender a fibrilha\u00e7\u00e3o auricular, os sinais, sintomas e tratamentos em alem\u00e3o, \u00e1rabe, chin\u00eas, espanhol, franc\u00eas, ingl\u00eas, italiano, neerland\u00eas, polaco, portugu\u00eas, russo e sueco.<\/strong><\/p><\/blockquote>\n<p>O Afibmatters.org \u00e9 um s\u00edtio Web educacional concebido por profissionais de sa\u00fade e pacientes para pessoas que sofrem de fibrilha\u00e7\u00e3o auricular, assim como para as respetivas fam\u00edlias e prestadores de cuidados.<\/p>\n<p>Este s\u00edtio Web informativo e f\u00e1cil de usar foi concebido para sensibilizar sobre a fibrilha\u00e7\u00e3o auricular e a import\u00e2ncia da sua dete\u00e7\u00e3o e gest\u00e3o adequadas. Constitui um recurso fi\u00e1vel que os pacientes e os m\u00e9dicos podem utilizar como parte de um programa de tratamento.<\/p>\n<p>O s\u00edtio Web foi desenvolvido com termos simples e de f\u00e1cil compreens\u00e3o. Al\u00e9m disso, \u00e9 f\u00e1cil de usar e \u00e9 compat\u00edvel com dispositivos m\u00f3veis.<\/p>\n<p>Poder\u00e1 pretender verificar o conjunto de diapositivos sobre <a href=\"https:\/\/www.escardio.org\/static_file\/Escardio\/Subspecialty\/EHRA\/Publications\/NOAC\/Slideset%20Patient%20value.pdf\">taquiarritmias card\u00edacas e valores e prefer\u00eancias dos pacientes para a sua gest\u00e3o.<\/a><\/p>\n\t\t\t\t\t\n","protected":false},"excerpt":{"rendered":"<p>Descubra o s\u00edtio Web e partilhe-o com os seus pacientes Ajude os seus pacientes a compreender a fibrilha\u00e7\u00e3o auricular, os sinais, sintomas e tratamentos em alem\u00e3o, \u00e1rabe, chin\u00eas, espanhol, franc\u00eas, ingl\u00eas, italiano, neerland\u00eas, polaco, portugu\u00eas, russo e sueco. O Afibmatters.org \u00e9 um s\u00edtio Web educacional concebido por profissionais de sa\u00fade e pacientes para pessoas que [&hellip;]<\/p>\n","protected":false},"author":1,"featured_media":0,"parent":0,"menu_order":27,"comment_status":"closed","ping_status":"closed","template":"","meta":{"_acf_changed":false,"footnotes":""},"categories":[],"tags":[],"class_list":["post-1977","page","type-page","status-publish","hentry"],"acf":[],"_links":{"self":[{"href":"https:\/\/www.afibmatters.org\/pt-pt\/wp-json\/wp\/v2\/pages\/1977","targetHints":{"allow":["GET"]}}],"collection":[{"href":"https:\/\/www.afibmatters.org\/pt-pt\/wp-json\/wp\/v2\/pages"}],"about":[{"href":"https:\/\/www.afibmatters.org\/pt-pt\/wp-json\/wp\/v2\/types\/page"}],"author":[{"embeddable":true,"href":"https:\/\/www.afibmatters.org\/pt-pt\/wp-json\/wp\/v2\/users\/1"}],"replies":[{"embeddable":true,"href":"https:\/\/www.afibmatters.org\/pt-pt\/wp-json\/wp\/v2\/comments?post=1977"}],"version-history":[{"count":8,"href":"https:\/\/www.afibmatters.org\/pt-pt\/wp-json\/wp\/v2\/pages\/1977\/revisions"}],"predecessor-version":[{"id":9145,"href":"https:\/\/www.afibmatters.org\/pt-pt\/wp-json\/wp\/v2\/pages\/1977\/revisions\/9145"}],"wp:attachment":[{"href":"https:\/\/www.afibmatters.org\/pt-pt\/wp-json\/wp\/v2\/media?parent=1977"}],"wp:term":[{"taxonomy":"category","embeddable":true,"href":"https:\/\/www.afibmatters.org\/pt-pt\/wp-json\/wp\/v2\/categories?post=1977"},{"taxonomy":"post_tag","embeddable":true,"href":"https:\/\/www.afibmatters.org\/pt-pt\/wp-json\/wp\/v2\/tags?post=1977"}],"curies":[{"name":"wp","href":"https:\/\/api.w.org\/{rel}","templated":true}]}}

<h2>Descubra o sítio Web e partilhe-o com os seus pacientes</h2>
<blockquote><p><strong>Ajude os seus pacientes a compreender a fibrilhação auricular, os sinais, sintomas e tratamentos em alemão, árabe, chinês, espanhol, francês, inglês, italiano, neerlandês, polaco, português, russo e sueco.</strong></p></blockquote>
<p>O Afibmatters.org é um sítio Web educacional concebido por profissionais de saúde e pacientes para pessoas que sofrem de fibrilhação auricular, assim como para as respetivas famílias e prestadores de cuidados.</p>
<p>Este sítio Web informativo e fácil de usar foi concebido para sensibilizar sobre a fibrilhação auricular e a importância da sua deteção e gestão adequadas. Constitui um recurso fiável que os pacientes e os médicos podem utilizar como parte de um programa de tratamento.</p>
<p>O sítio Web foi desenvolvido com termos simples e de fácil compreensão. Além disso, é fácil de usar e é compatível com dispositivos móveis.</p>
<p>Poderá pretender verificar o conjunto de diapositivos sobre <a href="https://www.escardio.org/static_file/Escardio/Subspecialty/EHRA/Publications/NOAC/Slideset%20Patient%20value.pdf">taquiarritmias cardíacas e valores e preferências dos pacientes para a sua gestão.</a></p>

<p>Descubra o sítio Web e partilhe-o com os seus pacientes Ajude os seus pacientes a compreender a fibrilhação auricular, os sinais, sintomas e tratamentos em alemão, árabe, chinês, espanhol, francês, inglês, italiano, neerlandês, polaco, português, russo e sueco. O Afibmatters.org é um sítio Web educacional concebido por profissionais de saúde e pacientes para pessoas que [&hellip;]</p>
