{"id":1969,"date":"2020-03-09T12:29:09","date_gmt":"2020-03-09T12:29:09","guid":{"rendered":"https:\/\/www.afibmatters.org\/a-fibrilhacao-auricular-pode-voltar\/"},"modified":"2021-07-21T16:52:07","modified_gmt":"2021-07-21T15:52:07","slug":"a-fibrilhacao-auricular-pode-voltar","status":"publish","type":"page","link":"https:\/\/www.afibmatters.org\/pt-pt\/o-que-preciso-saber\/a-fibrilhacao-auricular-pode-voltar\/","title":{"rendered":"A fibrilha\u00e7\u00e3o auricular pode voltar?"},"content":{"rendered":"<p>A probabilidade de retorno da fibrilha\u00e7\u00e3o auricular depende das condi\u00e7\u00f5es associadas a cada doente.<\/p>\n<p>Por vezes, a fibrilha\u00e7\u00e3o auricular aparece devido a problemas de sa\u00fade que s\u00e3o tempor\u00e1rios e podem ser tratados, por exemplo, dist\u00farbio da gl\u00e2ndula tireoide, infe\u00e7\u00e3o ou desequil\u00edbrio dos eletr\u00f3litos do corpo. Nesses casos, ap\u00f3s o tratamento do problema de sa\u00fade grave, h\u00e1 menos probabilidade de a fibrilha\u00e7\u00e3o auricular retornar a curto prazo.<\/p>\n<p>Se um doente tiver outros problemas de sa\u00fade de base que predisponham \u00e0 fibrilha\u00e7\u00e3o auricular, por exemplo, hipertens\u00e3o, obesidade, apneia obstrutiva do sono, etc., \u00e9 mais prov\u00e1vel que a fibrilha\u00e7\u00e3o auricular retorne. Se esses problemas n\u00e3o forem tratados, \u00e9 prov\u00e1vel que a fibrilha\u00e7\u00e3o auricular ocorra com mais frequ\u00eancia e at\u00e9 mesmo progrida para permanente.<\/p>\n<p>&nbsp;<\/p>\n<p>&nbsp;<\/p>\n","protected":false},"excerpt":{"rendered":"<p>A probabilidade de retorno da fibrilha\u00e7\u00e3o auricular depende das condi\u00e7\u00f5es associadas a cada doente. Por vezes, a fibrilha\u00e7\u00e3o auricular aparece devido a problemas de sa\u00fade que s\u00e3o tempor\u00e1rios e podem ser tratados, por exemplo, dist\u00farbio da gl\u00e2ndula tireoide, infe\u00e7\u00e3o ou desequil\u00edbrio dos eletr\u00f3litos do corpo. Nesses casos, ap\u00f3s o tratamento do problema de sa\u00fade grave, [&hellip;]<\/p>\n","protected":false},"author":1,"featured_media":0,"parent":1968,"menu_order":11,"comment_status":"closed","ping_status":"closed","template":"","meta":{"_acf_changed":false,"footnotes":""},"categories":[78],"tags":[],"class_list":["post-1969","page","type-page","status-publish","hentry","category-o-que-preciso-saber"],"acf":[],"_links":{"self":[{"href":"https:\/\/www.afibmatters.org\/pt-pt\/wp-json\/wp\/v2\/pages\/1969","targetHints":{"allow":["GET"]}}],"collection":[{"href":"https:\/\/www.afibmatters.org\/pt-pt\/wp-json\/wp\/v2\/pages"}],"about":[{"href":"https:\/\/www.afibmatters.org\/pt-pt\/wp-json\/wp\/v2\/types\/page"}],"author":[{"embeddable":true,"href":"https:\/\/www.afibmatters.org\/pt-pt\/wp-json\/wp\/v2\/users\/1"}],"replies":[{"embeddable":true,"href":"https:\/\/www.afibmatters.org\/pt-pt\/wp-json\/wp\/v2\/comments?post=1969"}],"version-history":[{"count":3,"href":"https:\/\/www.afibmatters.org\/pt-pt\/wp-json\/wp\/v2\/pages\/1969\/revisions"}],"predecessor-version":[{"id":4818,"href":"https:\/\/www.afibmatters.org\/pt-pt\/wp-json\/wp\/v2\/pages\/1969\/revisions\/4818"}],"up":[{"embeddable":true,"href":"https:\/\/www.afibmatters.org\/pt-pt\/wp-json\/wp\/v2\/pages\/1968"}],"wp:attachment":[{"href":"https:\/\/www.afibmatters.org\/pt-pt\/wp-json\/wp\/v2\/media?parent=1969"}],"wp:term":[{"taxonomy":"category","embeddable":true,"href":"https:\/\/www.afibmatters.org\/pt-pt\/wp-json\/wp\/v2\/categories?post=1969"},{"taxonomy":"post_tag","embeddable":true,"href":"https:\/\/www.afibmatters.org\/pt-pt\/wp-json\/wp\/v2\/tags?post=1969"}],"curies":[{"name":"wp","href":"https:\/\/api.w.org\/{rel}","templated":true}]}}

A fibrilhação auricular pode voltar?

<p>A probabilidade de retorno da fibrilhação auricular depende das condições associadas a cada doente.</p>
<p>Por vezes, a fibrilhação auricular aparece devido a problemas de saúde que são temporários e podem ser tratados, por exemplo, distúrbio da glândula tireoide, infeção ou desequilíbrio dos eletrólitos do corpo. Nesses casos, após o tratamento do problema de saúde grave, há menos probabilidade de a fibrilhação auricular retornar a curto prazo.</p>
<p>Se um doente tiver outros problemas de saúde de base que predisponham à fibrilhação auricular, por exemplo, hipertensão, obesidade, apneia obstrutiva do sono, etc., é mais provável que a fibrilhação auricular retorne. Se esses problemas não forem tratados, é provável que a fibrilhação auricular ocorra com mais frequência e até mesmo progrida para permanente.</p>
<p>&nbsp;</p>
<p>&nbsp;</p>

<p>A probabilidade de retorno da fibrilhação auricular depende das condições associadas a cada doente. Por vezes, a fibrilhação auricular aparece devido a problemas de saúde que são temporários e podem ser tratados, por exemplo, distúrbio da glândula tireoide, infeção ou desequilíbrio dos eletrólitos do corpo. Nesses casos, após o tratamento do problema de saúde grave, [&hellip;]</p>
