{"id":1965,"date":"2020-03-09T12:29:08","date_gmt":"2020-03-09T12:29:08","guid":{"rendered":"https:\/\/www.afibmatters.org\/por-que-a-fibrilhacao-auricular-e-perigosa\/"},"modified":"2021-07-21T16:50:09","modified_gmt":"2021-07-21T15:50:09","slug":"por-que-a-fibrilhacao-auricular-e-perigosa","status":"publish","type":"page","link":"https:\/\/www.afibmatters.org\/pt-pt\/o-que-preciso-saber\/por-que-a-fibrilhacao-auricular-e-perigosa\/","title":{"rendered":"Por que a fibrilha\u00e7\u00e3o auricular \u00e9 perigosa?"},"content":{"rendered":"<p>Muitos doentes vivem com arritmia durante d\u00e9cadas sem problemas. No entanto, se n\u00e3o for tratada, a fibrilha\u00e7\u00e3o auricular pode causar complica\u00e7\u00f5es, como acidente vascular cerebral e insufici\u00eancia card\u00edaca, que podem ter consequ\u00eancias graves na sua vida.<\/p>\n<ul>\n<li><a href=\"\/pt-pt\/o-que-o-meu-medico-pode-fazer\/como-prevenir-a-insuficiencia-cardiaca\/\">Risco de insufici\u00eancia card\u00edaca<\/a><\/li>\n<li><a href=\"\/pt-pt\/o-que-o-meu-medico-pode-fazer\/como-prevenir-um-acidente-vascular-cerebral\/\">Risco de acidente vascular cerebral<\/a><\/li>\n<\/ul>\n<p>&nbsp;<\/p>\n","protected":false},"excerpt":{"rendered":"<p>Muitos doentes vivem com arritmia durante d\u00e9cadas sem problemas. No entanto, se n\u00e3o for tratada, a fibrilha\u00e7\u00e3o auricular pode causar complica\u00e7\u00f5es, como acidente vascular cerebral e insufici\u00eancia card\u00edaca, que podem ter consequ\u00eancias graves na sua vida. Risco de insufici\u00eancia card\u00edaca Risco de acidente vascular cerebral &nbsp;<\/p>\n","protected":false},"author":1,"featured_media":0,"parent":1968,"menu_order":10,"comment_status":"closed","ping_status":"closed","template":"","meta":{"_acf_changed":false,"footnotes":""},"categories":[78],"tags":[],"class_list":["post-1965","page","type-page","status-publish","hentry","category-o-que-preciso-saber"],"acf":[],"_links":{"self":[{"href":"https:\/\/www.afibmatters.org\/pt-pt\/wp-json\/wp\/v2\/pages\/1965","targetHints":{"allow":["GET"]}}],"collection":[{"href":"https:\/\/www.afibmatters.org\/pt-pt\/wp-json\/wp\/v2\/pages"}],"about":[{"href":"https:\/\/www.afibmatters.org\/pt-pt\/wp-json\/wp\/v2\/types\/page"}],"author":[{"embeddable":true,"href":"https:\/\/www.afibmatters.org\/pt-pt\/wp-json\/wp\/v2\/users\/1"}],"replies":[{"embeddable":true,"href":"https:\/\/www.afibmatters.org\/pt-pt\/wp-json\/wp\/v2\/comments?post=1965"}],"version-history":[{"count":3,"href":"https:\/\/www.afibmatters.org\/pt-pt\/wp-json\/wp\/v2\/pages\/1965\/revisions"}],"predecessor-version":[{"id":4816,"href":"https:\/\/www.afibmatters.org\/pt-pt\/wp-json\/wp\/v2\/pages\/1965\/revisions\/4816"}],"up":[{"embeddable":true,"href":"https:\/\/www.afibmatters.org\/pt-pt\/wp-json\/wp\/v2\/pages\/1968"}],"wp:attachment":[{"href":"https:\/\/www.afibmatters.org\/pt-pt\/wp-json\/wp\/v2\/media?parent=1965"}],"wp:term":[{"taxonomy":"category","embeddable":true,"href":"https:\/\/www.afibmatters.org\/pt-pt\/wp-json\/wp\/v2\/categories?post=1965"},{"taxonomy":"post_tag","embeddable":true,"href":"https:\/\/www.afibmatters.org\/pt-pt\/wp-json\/wp\/v2\/tags?post=1965"}],"curies":[{"name":"wp","href":"https:\/\/api.w.org\/{rel}","templated":true}]}}

Por que a fibrilhação auricular é perigosa?

<p>Muitos doentes vivem com arritmia durante décadas sem problemas. No entanto, se não for tratada, a fibrilhação auricular pode causar complicações, como acidente vascular cerebral e insuficiência cardíaca, que podem ter consequências graves na sua vida.</p>
<ul>
<li><a href="/pt-pt/o-que-o-meu-medico-pode-fazer/como-prevenir-a-insuficiencia-cardiaca/">Risco de insuficiência cardíaca</a></li>
<li><a href="/pt-pt/o-que-o-meu-medico-pode-fazer/como-prevenir-um-acidente-vascular-cerebral/">Risco de acidente vascular cerebral</a></li>
</ul>
<p>&nbsp;</p>

<p>Muitos doentes vivem com arritmia durante décadas sem problemas. No entanto, se não for tratada, a fibrilhação auricular pode causar complicações, como acidente vascular cerebral e insuficiência cardíaca, que podem ter consequências graves na sua vida. Risco de insuficiência cardíaca Risco de acidente vascular cerebral &nbsp;</p>
