{"id":1961,"date":"2020-03-09T12:29:07","date_gmt":"2020-03-09T12:29:07","guid":{"rendered":"https:\/\/www.afibmatters.org\/o-que-e-a-fibrilhacao-auricular\/o-coracao-durante-a-fibrilhacao-auricular\/"},"modified":"2022-01-26T10:25:28","modified_gmt":"2022-01-26T10:25:28","slug":"o-coracao-durante-a-fibrilhacao-auricular","status":"publish","type":"page","link":"https:\/\/www.afibmatters.org\/pt-pt\/o-que-e-a-fibrilhacao-auricular\/o-coracao-durante-a-fibrilhacao-auricular\/","title":{"rendered":"O cora\u00e7\u00e3o durante a fibrilha\u00e7\u00e3o auricular"},"content":{"rendered":"<p>A fibrilha\u00e7\u00e3o auricular \u00e9 um dist\u00farbio do ritmo card\u00edaco proveniente das aur\u00edculas que causa um ritmo card\u00edaco irregular e r\u00e1pido. Devido \u00e0 ativa\u00e7\u00e3o irregular e r\u00e1pida das aur\u00edculas, a contra\u00e7\u00e3o diminui causando o abrandamento ou mesmo a estagna\u00e7\u00e3o do fluxo sangu\u00edneo.<\/p>\n<p><img loading=\"lazy\" decoding=\"async\" class=\"alignnone wp-image-5546 size-full\" src=\"https:\/\/cdn-endpoint-afib.azureedge.net\/afibmatters\/2022\/01\/Afib-POR-1024x668-min.jpg?_t=1643192716\" alt=\"\" width=\"1024\" height=\"668\" srcset=\"https:\/\/cdn-endpoint-afib.azureedge.net\/afibmatters\/2022\/01\/Afib-POR-1024x668-min.jpg 1024w, https:\/\/cdn-endpoint-afib.azureedge.net\/afibmatters\/2022\/01\/Afib-POR-1024x668-min-300x196.jpg 300w, https:\/\/cdn-endpoint-afib.azureedge.net\/afibmatters\/2022\/01\/Afib-POR-1024x668-min-768x501.jpg 768w, https:\/\/cdn-endpoint-afib.azureedge.net\/afibmatters\/2022\/01\/Afib-POR-1024x668-min-500x326.jpg 500w\" sizes=\"auto, (max-width: 1024px) 100vw, 1024px\" \/><\/p>\n<p>&nbsp;<\/p>\n","protected":false},"excerpt":{"rendered":"<p>A fibrilha\u00e7\u00e3o auricular \u00e9 um dist\u00farbio do ritmo card\u00edaco proveniente das aur\u00edculas que causa um ritmo card\u00edaco irregular e r\u00e1pido. Devido \u00e0 ativa\u00e7\u00e3o irregular e r\u00e1pida das aur\u00edculas, a contra\u00e7\u00e3o diminui causando o abrandamento ou mesmo a estagna\u00e7\u00e3o do fluxo sangu\u00edneo. &nbsp;<\/p>\n","protected":false},"author":1,"featured_media":0,"parent":1954,"menu_order":4,"comment_status":"closed","ping_status":"closed","template":"","meta":{"_acf_changed":false,"footnotes":""},"categories":[79],"tags":[],"class_list":["post-1961","page","type-page","status-publish","hentry","category-o-que-e-a-afib"],"acf":[],"_links":{"self":[{"href":"https:\/\/www.afibmatters.org\/pt-pt\/wp-json\/wp\/v2\/pages\/1961","targetHints":{"allow":["GET"]}}],"collection":[{"href":"https:\/\/www.afibmatters.org\/pt-pt\/wp-json\/wp\/v2\/pages"}],"about":[{"href":"https:\/\/www.afibmatters.org\/pt-pt\/wp-json\/wp\/v2\/types\/page"}],"author":[{"embeddable":true,"href":"https:\/\/www.afibmatters.org\/pt-pt\/wp-json\/wp\/v2\/users\/1"}],"replies":[{"embeddable":true,"href":"https:\/\/www.afibmatters.org\/pt-pt\/wp-json\/wp\/v2\/comments?post=1961"}],"version-history":[{"count":5,"href":"https:\/\/www.afibmatters.org\/pt-pt\/wp-json\/wp\/v2\/pages\/1961\/revisions"}],"predecessor-version":[{"id":5558,"href":"https:\/\/www.afibmatters.org\/pt-pt\/wp-json\/wp\/v2\/pages\/1961\/revisions\/5558"}],"up":[{"embeddable":true,"href":"https:\/\/www.afibmatters.org\/pt-pt\/wp-json\/wp\/v2\/pages\/1954"}],"wp:attachment":[{"href":"https:\/\/www.afibmatters.org\/pt-pt\/wp-json\/wp\/v2\/media?parent=1961"}],"wp:term":[{"taxonomy":"category","embeddable":true,"href":"https:\/\/www.afibmatters.org\/pt-pt\/wp-json\/wp\/v2\/categories?post=1961"},{"taxonomy":"post_tag","embeddable":true,"href":"https:\/\/www.afibmatters.org\/pt-pt\/wp-json\/wp\/v2\/tags?post=1961"}],"curies":[{"name":"wp","href":"https:\/\/api.w.org\/{rel}","templated":true}]}}

O coração durante a fibrilhação auricular

<p>A fibrilhação auricular é um distúrbio do ritmo cardíaco proveniente das aurículas que causa um ritmo cardíaco irregular e rápido. Devido à ativação irregular e rápida das aurículas, a contração diminui causando o abrandamento ou mesmo a estagnação do fluxo sanguíneo.</p>
<p><img loading="lazy" decoding="async" class="alignnone wp-image-5546 size-full" src="https://cdn-endpoint-afib.azureedge.net/afibmatters/2022/01/Afib-POR-1024x668-min.jpg?_t=1643192716" alt="" width="1024" height="668" srcset="https://cdn-endpoint-afib.azureedge.net/afibmatters/2022/01/Afib-POR-1024x668-min.jpg 1024w, https://cdn-endpoint-afib.azureedge.net/afibmatters/2022/01/Afib-POR-1024x668-min-300x196.jpg 300w, https://cdn-endpoint-afib.azureedge.net/afibmatters/2022/01/Afib-POR-1024x668-min-768x501.jpg 768w, https://cdn-endpoint-afib.azureedge.net/afibmatters/2022/01/Afib-POR-1024x668-min-500x326.jpg 500w" sizes="auto, (max-width: 1024px) 100vw, 1024px" /></p>
<p>&nbsp;</p>

<p>A fibrilhação auricular é um distúrbio do ritmo cardíaco proveniente das aurículas que causa um ritmo cardíaco irregular e rápido. Devido à ativação irregular e rápida das aurículas, a contração diminui causando o abrandamento ou mesmo a estagnação do fluxo sanguíneo. &nbsp;</p>
