{"id":1959,"date":"2020-03-09T12:29:06","date_gmt":"2020-03-09T12:29:06","guid":{"rendered":"https:\/\/www.afibmatters.org\/quem-corre-maior-risco-de-fibrilhacao-auricular\/"},"modified":"2022-03-24T10:47:52","modified_gmt":"2022-03-24T10:47:52","slug":"quem-corre-maior-risco-de-fibrilhacao-auricular","status":"publish","type":"page","link":"https:\/\/www.afibmatters.org\/pt-pt\/o-que-preciso-saber\/quem-corre-maior-risco-de-fibrilhacao-auricular\/","title":{"rendered":"Quem corre maior risco de fibrilha\u00e7\u00e3o auricular?"},"content":{"rendered":"<p><img loading=\"lazy\" decoding=\"async\" class=\"size-large wp-image-1043\" src=\"https:\/\/cdn-endpoint-afib.azureedge.net\/afibmatters\/2020\/01\/iStock-499570490-1024x683.jpg\" alt=\"\" width=\"1024\" height=\"683\" srcset=\"https:\/\/cdn-endpoint-afib.azureedge.net\/afibmatters\/2020\/01\/iStock-499570490-1024x683.jpg 1024w, https:\/\/cdn-endpoint-afib.azureedge.net\/afibmatters\/2020\/01\/iStock-499570490-300x200.jpg 300w, https:\/\/cdn-endpoint-afib.azureedge.net\/afibmatters\/2020\/01\/iStock-499570490-768x512.jpg 768w, https:\/\/cdn-endpoint-afib.azureedge.net\/afibmatters\/2020\/01\/iStock-499570490-1536x1024.jpg 1536w, https:\/\/cdn-endpoint-afib.azureedge.net\/afibmatters\/2020\/01\/iStock-499570490-2048x1365.jpg 2048w, https:\/\/cdn-endpoint-afib.azureedge.net\/afibmatters\/2020\/01\/iStock-499570490-500x333.jpg 500w\" sizes=\"auto, (max-width: 1024px) 100vw, 1024px\" \/><\/p>\n<p>N\u00e3o compreendemos completamente como a fibrilha\u00e7\u00e3o auricular se desenvolve, mas existem muitos fatores que aumentam o <strong>risco de desenvolver fibrilha\u00e7\u00e3o auricular<\/strong> durante a sua vida, seguindo-se alguns exemplos no quadro abaixo. Estes incluem <strong>problemas de sa\u00fade<\/strong> como diabetes ou doen\u00e7a renal, al\u00e9m de doen\u00e7as do cora\u00e7\u00e3o. \u00c9 importante tratar essas comorbidades para otimizar os resultados da terapia de fibrilha\u00e7\u00e3o auricular.<\/p>\n<p>No passado, o termo &#8220;fibrilha\u00e7\u00e3o auricular isolada&#8221; foi usado para doentes que n\u00e3o tinham nenhum fator de risco \u00f3bvio ou problemas subjacentes, tornando-os mais propensos a desenvolver fibrilha\u00e7\u00e3o auricular. No entanto, tem havido evid\u00eancias crescentes que demonstram a exist\u00eancia de uma causa em todos os doentes e, portanto, o termo fibrilha\u00e7\u00e3o auricular isolada \u00e9 confuso e deve deixar de ser usado.<\/p>\n<table style=\"width: 64.7997%; height: 288px;\">\n<tbody>\n<tr style=\"height: 24px;\">\n<th style=\"height: 24px;\"><strong>Estilo de vida<\/strong><\/th>\n<th style=\"height: 24px;\"><strong>Comorbidades \/ Outros problemas<\/strong><\/th>\n<\/tr>\n<tr style=\"height: 24px;\">\n<td style=\"height: 24px;\"><a href=\"https:\/\/www.afibmatters.org\/what-can-i-do\/how-should-i-change-my-life\/alcohol-atrial-fibrillation-what-you-need-to-know\/\">Abuso de \u00e1lcool<\/a><\/td>\n<td style=\"height: 24px;\">Hipertens\u00e3o \/ Diabetes<\/td>\n<\/tr>\n<tr style=\"height: 48px;\">\n<td style=\"height: 48px;\"><a href=\"https:\/\/www.afibmatters.org\/what-can-i-do\/how-should-i-change-my-life\/obesity\/\">Obesidade<\/a><\/td>\n<td style=\"height: 48px;\">Infarto card\u00edaco \/ Doen\u00e7a card\u00edaca coron\u00e1ria<\/td>\n<\/tr>\n<tr style=\"height: 48px;\">\n<td style=\"height: 48px;\"><a href=\"https:\/\/www.afibmatters.org\/what-can-i-do\/how-should-i-change-my-life\/obesity\/\">Inatividade f\u00edsica ou desportos de resist\u00eancia excessiva<\/a><\/td>\n<td style=\"height: 48px;\">Insufici\u00eancia card\u00edaca ou doen\u00e7a da v\u00e1lvula card\u00edaca<\/td>\n<\/tr>\n<tr style=\"height: 48px;\">\n<td style=\"height: 48px;\"><a href=\"https:\/\/www.afibmatters.org\/what-can-i-do\/how-should-i-change-my-life\/smoking\/\">Tabagismo<\/a><\/td>\n<td style=\"height: 48px;\">Perturba\u00e7\u00f5es do sono \/ Apneia obstrutiva do sono<\/td>\n<\/tr>\n<tr style=\"height: 24px;\">\n<td style=\"height: 24px;\"><a href=\"https:\/\/www.afibmatters.org\/what-can-i-do\/how-should-i-change-my-life\/stress\/\">Stress<\/a><\/td>\n<td style=\"height: 24px;\">Cirurgia card\u00edaca<\/td>\n<\/tr>\n<tr style=\"height: 24px;\">\n<td style=\"height: 24px;\">Abuso de estimulantes (incluindo cafe\u00edna)<\/td>\n<td style=\"height: 24px;\">Tireotoxicose (tiroide hiperativa)<\/td>\n<\/tr>\n<tr style=\"height: 24px;\">\n<td style=\"height: 24px;\"><\/td>\n<td style=\"height: 24px;\">Infe\u00e7\u00e3o pulmonar (infe\u00e7\u00e3o dos pulm\u00f5es)<\/td>\n<\/tr>\n<tr style=\"height: 24px;\">\n<td style=\"height: 24px;\"><\/td>\n<td style=\"height: 24px;\">Doen\u00e7a card\u00edaca cong\u00e9nita<\/td>\n<\/tr>\n<\/tbody>\n<\/table>\n<p>&nbsp;<\/p>\n","protected":false},"excerpt":{"rendered":"<p>N\u00e3o compreendemos completamente como a fibrilha\u00e7\u00e3o auricular se desenvolve, mas existem muitos fatores que aumentam o risco de desenvolver fibrilha\u00e7\u00e3o auricular durante a sua vida, seguindo-se alguns exemplos no quadro abaixo. Estes incluem problemas de sa\u00fade como diabetes ou doen\u00e7a renal, al\u00e9m de doen\u00e7as do cora\u00e7\u00e3o. \u00c9 importante tratar essas comorbidades para otimizar os resultados [&hellip;]<\/p>\n","protected":false},"author":1,"featured_media":0,"parent":1968,"menu_order":8,"comment_status":"closed","ping_status":"closed","template":"","meta":{"_acf_changed":false,"footnotes":""},"categories":[78],"tags":[],"class_list":["post-1959","page","type-page","status-publish","hentry","category-o-que-preciso-saber"],"acf":[],"_links":{"self":[{"href":"https:\/\/www.afibmatters.org\/pt-pt\/wp-json\/wp\/v2\/pages\/1959","targetHints":{"allow":["GET"]}}],"collection":[{"href":"https:\/\/www.afibmatters.org\/pt-pt\/wp-json\/wp\/v2\/pages"}],"about":[{"href":"https:\/\/www.afibmatters.org\/pt-pt\/wp-json\/wp\/v2\/types\/page"}],"author":[{"embeddable":true,"href":"https:\/\/www.afibmatters.org\/pt-pt\/wp-json\/wp\/v2\/users\/1"}],"replies":[{"embeddable":true,"href":"https:\/\/www.afibmatters.org\/pt-pt\/wp-json\/wp\/v2\/comments?post=1959"}],"version-history":[{"count":3,"href":"https:\/\/www.afibmatters.org\/pt-pt\/wp-json\/wp\/v2\/pages\/1959\/revisions"}],"predecessor-version":[{"id":6578,"href":"https:\/\/www.afibmatters.org\/pt-pt\/wp-json\/wp\/v2\/pages\/1959\/revisions\/6578"}],"up":[{"embeddable":true,"href":"https:\/\/www.afibmatters.org\/pt-pt\/wp-json\/wp\/v2\/pages\/1968"}],"wp:attachment":[{"href":"https:\/\/www.afibmatters.org\/pt-pt\/wp-json\/wp\/v2\/media?parent=1959"}],"wp:term":[{"taxonomy":"category","embeddable":true,"href":"https:\/\/www.afibmatters.org\/pt-pt\/wp-json\/wp\/v2\/categories?post=1959"},{"taxonomy":"post_tag","embeddable":true,"href":"https:\/\/www.afibmatters.org\/pt-pt\/wp-json\/wp\/v2\/tags?post=1959"}],"curies":[{"name":"wp","href":"https:\/\/api.w.org\/{rel}","templated":true}]}}

Quem corre maior risco de fibrilhação auricular?

<p><img loading="lazy" decoding="async" class="size-large wp-image-1043" src="https://cdn-endpoint-afib.azureedge.net/afibmatters/2020/01/iStock-499570490-1024x683.jpg" alt="" width="1024" height="683" srcset="https://cdn-endpoint-afib.azureedge.net/afibmatters/2020/01/iStock-499570490-1024x683.jpg 1024w, https://cdn-endpoint-afib.azureedge.net/afibmatters/2020/01/iStock-499570490-300x200.jpg 300w, https://cdn-endpoint-afib.azureedge.net/afibmatters/2020/01/iStock-499570490-768x512.jpg 768w, https://cdn-endpoint-afib.azureedge.net/afibmatters/2020/01/iStock-499570490-1536x1024.jpg 1536w, https://cdn-endpoint-afib.azureedge.net/afibmatters/2020/01/iStock-499570490-2048x1365.jpg 2048w, https://cdn-endpoint-afib.azureedge.net/afibmatters/2020/01/iStock-499570490-500x333.jpg 500w" sizes="auto, (max-width: 1024px) 100vw, 1024px" /></p>
<p>Não compreendemos completamente como a fibrilhação auricular se desenvolve, mas existem muitos fatores que aumentam o <strong>risco de desenvolver fibrilhação auricular</strong> durante a sua vida, seguindo-se alguns exemplos no quadro abaixo. Estes incluem <strong>problemas de saúde</strong> como diabetes ou doença renal, além de doenças do coração. É importante tratar essas comorbidades para otimizar os resultados da terapia de fibrilhação auricular.</p>
<p>No passado, o termo &#8220;fibrilhação auricular isolada&#8221; foi usado para doentes que não tinham nenhum fator de risco óbvio ou problemas subjacentes, tornando-os mais propensos a desenvolver fibrilhação auricular. No entanto, tem havido evidências crescentes que demonstram a existência de uma causa em todos os doentes e, portanto, o termo fibrilhação auricular isolada é confuso e deve deixar de ser usado.</p>
<table style="width: 64.7997%; height: 288px;">
<tbody>
<tr style="height: 24px;">
<th style="height: 24px;"><strong>Estilo de vida</strong></th>
<th style="height: 24px;"><strong>Comorbidades / Outros problemas</strong></th>
</tr>
<tr style="height: 24px;">
<td style="height: 24px;"><a href="https://www.afibmatters.org/what-can-i-do/how-should-i-change-my-life/alcohol-atrial-fibrillation-what-you-need-to-know/">Abuso de álcool</a></td>
<td style="height: 24px;">Hipertensão / Diabetes</td>
</tr>
<tr style="height: 48px;">
<td style="height: 48px;"><a href="https://www.afibmatters.org/what-can-i-do/how-should-i-change-my-life/obesity/">Obesidade</a></td>
<td style="height: 48px;">Infarto cardíaco / Doença cardíaca coronária</td>
</tr>
<tr style="height: 48px;">
<td style="height: 48px;"><a href="https://www.afibmatters.org/what-can-i-do/how-should-i-change-my-life/obesity/">Inatividade física ou desportos de resistência excessiva</a></td>
<td style="height: 48px;">Insuficiência cardíaca ou doença da válvula cardíaca</td>
</tr>
<tr style="height: 48px;">
<td style="height: 48px;"><a href="https://www.afibmatters.org/what-can-i-do/how-should-i-change-my-life/smoking/">Tabagismo</a></td>
<td style="height: 48px;">Perturbações do sono / Apneia obstrutiva do sono</td>
</tr>
<tr style="height: 24px;">
<td style="height: 24px;"><a href="https://www.afibmatters.org/what-can-i-do/how-should-i-change-my-life/stress/">Stress</a></td>
<td style="height: 24px;">Cirurgia cardíaca</td>
</tr>
<tr style="height: 24px;">
<td style="height: 24px;">Abuso de estimulantes (incluindo cafeína)</td>
<td style="height: 24px;">Tireotoxicose (tiroide hiperativa)</td>
</tr>
<tr style="height: 24px;">
<td style="height: 24px;"></td>
<td style="height: 24px;">Infeção pulmonar (infeção dos pulmões)</td>
</tr>
<tr style="height: 24px;">
<td style="height: 24px;"></td>
<td style="height: 24px;">Doença cardíaca congénita</td>
</tr>
</tbody>
</table>
<p>&nbsp;</p>

<p>Não compreendemos completamente como a fibrilhação auricular se desenvolve, mas existem muitos fatores que aumentam o risco de desenvolver fibrilhação auricular durante a sua vida, seguindo-se alguns exemplos no quadro abaixo. Estes incluem problemas de saúde como diabetes ou doença renal, além de doenças do coração. É importante tratar essas comorbidades para otimizar os resultados [&hellip;]</p>
