{"id":1957,"date":"2020-03-09T12:29:05","date_gmt":"2020-03-09T12:29:05","guid":{"rendered":"https:\/\/www.afibmatters.org\/o-que-e-a-fibrilhacao-auricular\/o-ritmo-cardiaco-normal-e-anatomia\/"},"modified":"2022-01-26T10:26:34","modified_gmt":"2022-01-26T10:26:34","slug":"o-ritmo-cardiaco-normal-e-anatomia","status":"publish","type":"page","link":"https:\/\/www.afibmatters.org\/pt-pt\/o-que-e-a-fibrilhacao-auricular\/o-ritmo-cardiaco-normal-e-anatomia\/","title":{"rendered":"O ritmo card\u00edaco normal e anatomia"},"content":{"rendered":"<p>O cora\u00e7\u00e3o \u00e9 composto por 4 c\u00e2maras. As c\u00e2maras superiores s\u00e3o <strong>a aur\u00edcula direita e esquerda<\/strong> e as c\u00e2maras inferiores s\u00e3o o <strong>ventr\u00edculo direito e esquerdo<\/strong>.<\/p>\n<p>As aur\u00edculas recebem sangue que retorna ao cora\u00e7\u00e3o atrav\u00e9s das veias e preenchem os ventr\u00edculos do cora\u00e7\u00e3o.<\/p>\n<p>O ritmo card\u00edaco come\u00e7a no <strong>n\u00f3dulo sinusal<\/strong>, um grupo de c\u00e9lulas especializadas que geram atividade el\u00e9trica.<\/p>\n<p><img loading=\"lazy\" decoding=\"async\" class=\"alignnone wp-image-5559 size-full\" src=\"https:\/\/cdn-endpoint-afib.azureedge.net\/afibmatters\/2022\/01\/Beat-POR-1024x662-min-61f121cc3592a.jpg?_t=1643192787\" alt=\"\" width=\"1024\" height=\"662\" srcset=\"https:\/\/cdn-endpoint-afib.azureedge.net\/afibmatters\/2022\/01\/Beat-POR-1024x662-min-61f121cc3592a.jpg 1024w, https:\/\/cdn-endpoint-afib.azureedge.net\/afibmatters\/2022\/01\/Beat-POR-1024x662-min-61f121cc3592a-300x194.jpg 300w, https:\/\/cdn-endpoint-afib.azureedge.net\/afibmatters\/2022\/01\/Beat-POR-1024x662-min-61f121cc3592a-768x497.jpg 768w, https:\/\/cdn-endpoint-afib.azureedge.net\/afibmatters\/2022\/01\/Beat-POR-1024x662-min-61f121cc3592a-500x323.jpg 500w\" sizes=\"auto, (max-width: 1024px) 100vw, 1024px\" \/><\/p>\n<p>A onda el\u00e9trica propaga-se a partir do n\u00f3dulo sinusal atrav\u00e9s das aur\u00edculas, em dire\u00e7\u00e3o ao &#8220;<strong>n\u00f3dulo aur\u00edculo-ventricular<\/strong>&#8221; que funciona como o primeiro local de distribui\u00e7\u00e3o do est\u00edmulo el\u00e9ctrico. A partir deste n\u00f3dulo, a onda propaga-se em dire\u00e7\u00e3o aos ventr\u00edculos e o cora\u00e7\u00e3o contrai para bombear sangue para o corpo.<\/p>\n<p>As <strong>veias pulmonares<\/strong> s\u00e3o vasos que transportam sangue dos pulm\u00f5es para a aur\u00edcula esquerda. A maioria dos pacientes tem quatro veias e a jun\u00e7\u00e3o dessas veias com a aur\u00edcula esquerda pode ter propriedades el\u00e9tricas anormais que causam fibrilha\u00e7\u00e3o auricular.<\/p>\n<p>&nbsp;<\/p>\n<p>&nbsp;<\/p>\n","protected":false},"excerpt":{"rendered":"<p>O cora\u00e7\u00e3o \u00e9 composto por 4 c\u00e2maras. As c\u00e2maras superiores s\u00e3o a aur\u00edcula direita e esquerda e as c\u00e2maras inferiores s\u00e3o o ventr\u00edculo direito e esquerdo. As aur\u00edculas recebem sangue que retorna ao cora\u00e7\u00e3o atrav\u00e9s das veias e preenchem os ventr\u00edculos do cora\u00e7\u00e3o. O ritmo card\u00edaco come\u00e7a no n\u00f3dulo sinusal, um grupo de c\u00e9lulas especializadas [&hellip;]<\/p>\n","protected":false},"author":1,"featured_media":0,"parent":1954,"menu_order":3,"comment_status":"closed","ping_status":"closed","template":"","meta":{"_acf_changed":false,"footnotes":""},"categories":[79],"tags":[],"class_list":["post-1957","page","type-page","status-publish","hentry","category-o-que-e-a-afib"],"acf":[],"_links":{"self":[{"href":"https:\/\/www.afibmatters.org\/pt-pt\/wp-json\/wp\/v2\/pages\/1957","targetHints":{"allow":["GET"]}}],"collection":[{"href":"https:\/\/www.afibmatters.org\/pt-pt\/wp-json\/wp\/v2\/pages"}],"about":[{"href":"https:\/\/www.afibmatters.org\/pt-pt\/wp-json\/wp\/v2\/types\/page"}],"author":[{"embeddable":true,"href":"https:\/\/www.afibmatters.org\/pt-pt\/wp-json\/wp\/v2\/users\/1"}],"replies":[{"embeddable":true,"href":"https:\/\/www.afibmatters.org\/pt-pt\/wp-json\/wp\/v2\/comments?post=1957"}],"version-history":[{"count":7,"href":"https:\/\/www.afibmatters.org\/pt-pt\/wp-json\/wp\/v2\/pages\/1957\/revisions"}],"predecessor-version":[{"id":5571,"href":"https:\/\/www.afibmatters.org\/pt-pt\/wp-json\/wp\/v2\/pages\/1957\/revisions\/5571"}],"up":[{"embeddable":true,"href":"https:\/\/www.afibmatters.org\/pt-pt\/wp-json\/wp\/v2\/pages\/1954"}],"wp:attachment":[{"href":"https:\/\/www.afibmatters.org\/pt-pt\/wp-json\/wp\/v2\/media?parent=1957"}],"wp:term":[{"taxonomy":"category","embeddable":true,"href":"https:\/\/www.afibmatters.org\/pt-pt\/wp-json\/wp\/v2\/categories?post=1957"},{"taxonomy":"post_tag","embeddable":true,"href":"https:\/\/www.afibmatters.org\/pt-pt\/wp-json\/wp\/v2\/tags?post=1957"}],"curies":[{"name":"wp","href":"https:\/\/api.w.org\/{rel}","templated":true}]}}

O ritmo cardíaco normal e anatomia

<p>O coração é composto por 4 câmaras. As câmaras superiores são <strong>a aurícula direita e esquerda</strong> e as câmaras inferiores são o <strong>ventrículo direito e esquerdo</strong>.</p>
<p>As aurículas recebem sangue que retorna ao coração através das veias e preenchem os ventrículos do coração.</p>
<p>O ritmo cardíaco começa no <strong>nódulo sinusal</strong>, um grupo de células especializadas que geram atividade elétrica.</p>
<p><img loading="lazy" decoding="async" class="alignnone wp-image-5559 size-full" src="https://cdn-endpoint-afib.azureedge.net/afibmatters/2022/01/Beat-POR-1024x662-min-61f121cc3592a.jpg?_t=1643192787" alt="" width="1024" height="662" srcset="https://cdn-endpoint-afib.azureedge.net/afibmatters/2022/01/Beat-POR-1024x662-min-61f121cc3592a.jpg 1024w, https://cdn-endpoint-afib.azureedge.net/afibmatters/2022/01/Beat-POR-1024x662-min-61f121cc3592a-300x194.jpg 300w, https://cdn-endpoint-afib.azureedge.net/afibmatters/2022/01/Beat-POR-1024x662-min-61f121cc3592a-768x497.jpg 768w, https://cdn-endpoint-afib.azureedge.net/afibmatters/2022/01/Beat-POR-1024x662-min-61f121cc3592a-500x323.jpg 500w" sizes="auto, (max-width: 1024px) 100vw, 1024px" /></p>
<p>A onda elétrica propaga-se a partir do nódulo sinusal através das aurículas, em direção ao &#8220;<strong>nódulo aurículo-ventricular</strong>&#8221; que funciona como o primeiro local de distribuição do estímulo eléctrico. A partir deste nódulo, a onda propaga-se em direção aos ventrículos e o coração contrai para bombear sangue para o corpo.</p>
<p>As <strong>veias pulmonares</strong> são vasos que transportam sangue dos pulmões para a aurícula esquerda. A maioria dos pacientes tem quatro veias e a junção dessas veias com a aurícula esquerda pode ter propriedades elétricas anormais que causam fibrilhação auricular.</p>
<p>&nbsp;</p>
<p>&nbsp;</p>

<p>O coração é composto por 4 câmaras. As câmaras superiores são a aurícula direita e esquerda e as câmaras inferiores são o ventrículo direito e esquerdo. As aurículas recebem sangue que retorna ao coração através das veias e preenchem os ventrículos do coração. O ritmo cardíaco começa no nódulo sinusal, um grupo de células especializadas [&hellip;]</p>
