{"id":1951,"date":"2020-03-09T12:29:04","date_gmt":"2020-03-09T12:29:04","guid":{"rendered":"https:\/\/www.afibmatters.org\/o-que-e-uma-cardioversao\/"},"modified":"2021-07-21T16:57:09","modified_gmt":"2021-07-21T15:57:09","slug":"o-que-e-uma-cardioversao","status":"publish","type":"page","link":"https:\/\/www.afibmatters.org\/pt-pt\/o-que-o-meu-medico-pode-fazer\/o-que-e-uma-cardioversao\/","title":{"rendered":"O que \u00e9 uma cardiovers\u00e3o?"},"content":{"rendered":"<p>A cardiovers\u00e3o el\u00e9trica \u00e9 realizada no hospital usando um dispositivo chamado <strong>desfibrilhador<\/strong>. O choque el\u00e9trico \u00e9 administrado atrav\u00e9s de dois adesivos ou p\u00e1s grandes (el\u00e9trodos) fixados no t\u00f3rax. Os adesivos s\u00e3o normalmente colocados \u00e0 frente e atr\u00e1s do t\u00f3rax ou nos lados direito e esquerdo do t\u00f3rax.<\/p>\n<p>Normalmente, este procedimento \u00e9 planeado com anteced\u00eancia e envolve a administra\u00e7\u00e3o de um choque el\u00e9trico controlado no t\u00f3rax, visando o cora\u00e7\u00e3o. O impulso el\u00e9trico \u00e9 suficientemente forte para parar brevemente quaisquer sinais el\u00e9tricos gerados pelo cora\u00e7\u00e3o e deixar o marca-passo natural do cora\u00e7\u00e3o, &#8220;o n\u00f3dulo sinusal\u201d, recuperar o controlo sobre o ritmo do cora\u00e7\u00e3o.<\/p>\n<p><img loading=\"lazy\" decoding=\"async\" class=\"alignleft wp-image-479 size-large\" src=\"https:\/\/cdn-endpoint-afib.azureedge.net\/afibmatters\/2019\/12\/iStock-155152624-1024x683.jpg\" alt=\"\" width=\"1024\" height=\"683\" srcset=\"https:\/\/cdn-endpoint-afib.azureedge.net\/afibmatters\/2019\/12\/iStock-155152624-1024x683.jpg 1024w, https:\/\/cdn-endpoint-afib.azureedge.net\/afibmatters\/2019\/12\/iStock-155152624-300x200.jpg 300w, https:\/\/cdn-endpoint-afib.azureedge.net\/afibmatters\/2019\/12\/iStock-155152624-768x512.jpg 768w, https:\/\/cdn-endpoint-afib.azureedge.net\/afibmatters\/2019\/12\/iStock-155152624-1536x1024.jpg 1536w, https:\/\/cdn-endpoint-afib.azureedge.net\/afibmatters\/2019\/12\/iStock-155152624-2048x1365.jpg 2048w, https:\/\/cdn-endpoint-afib.azureedge.net\/afibmatters\/2019\/12\/iStock-155152624-500x333.jpg 500w, https:\/\/www.afibmatters.org\/wp-content\/uploads\/2019\/12\/iStock-155152624-659x439.jpg 659w, https:\/\/www.afibmatters.org\/wp-content\/uploads\/2019\/12\/iStock-155152624-696x464.jpg 696w\" sizes=\"auto, (max-width: 1024px) 100vw, 1024px\" \/><\/p>\n<p>Antes da cardiovers\u00e3o ser-lhe-\u00e1 administrada seda\u00e7\u00e3o (anestesia) para que fique em sono profundo, e n\u00e3o sentir\u00e1 nada durante a cardiovers\u00e3o. Se o primeiro choque el\u00e9trico n\u00e3o conseguir restaurar o ritmo normal (ritmo sinusal), ser\u00e1 administrado outro choque el\u00e9trico utilizando um impulso el\u00e9trico ligeiramente mais forte. N\u00e3o deve sentir qualquer dor durante a cardiovers\u00e3o, mas muitas vezes as \u00e1reas por baixo dos el\u00e9trodos podem estar um pouco doridas durante um ou dois dias ap\u00f3s o procedimento.<\/p>\n<p>Deve estar ciente de que mesmo <strong>ap\u00f3s uma cardiovers\u00e3o bem sucedida<\/strong> (o ritmo card\u00edaco voltou ao ritmo sinusal normal), \u00e9 poss\u00edvel que a <strong>fibrilha\u00e7\u00e3o auricular retorne<\/strong>. Isto acontece em cerca de metade dos doentes durante o primeiro ano ap\u00f3s a cardiovers\u00e3o. A probabilidade de retorno da fibrilha\u00e7\u00e3o auricular depende de muitos fatores, mas \u00e9 mais prov\u00e1vel se tiver outros problemas card\u00edacos (incluindo hipertens\u00e3o) e se tiver tido fibrilha\u00e7\u00e3o auricular h\u00e1 mais de um ano.<\/p>\n<p>&nbsp;<\/p>\n<p>&nbsp;<\/p>\n","protected":false},"excerpt":{"rendered":"<p>A cardiovers\u00e3o el\u00e9trica \u00e9 realizada no hospital usando um dispositivo chamado desfibrilhador. O choque el\u00e9trico \u00e9 administrado atrav\u00e9s de dois adesivos ou p\u00e1s grandes (el\u00e9trodos) fixados no t\u00f3rax. Os adesivos s\u00e3o normalmente colocados \u00e0 frente e atr\u00e1s do t\u00f3rax ou nos lados direito e esquerdo do t\u00f3rax. Normalmente, este procedimento \u00e9 planeado com anteced\u00eancia e [&hellip;]<\/p>\n","protected":false},"author":1,"featured_media":0,"parent":1956,"menu_order":17,"comment_status":"closed","ping_status":"closed","template":"","meta":{"_acf_changed":false,"footnotes":""},"categories":[77],"tags":[],"class_list":["post-1951","page","type-page","status-publish","hentry","category-o-que-o-meu-medico-pode-fazer"],"acf":[],"_links":{"self":[{"href":"https:\/\/www.afibmatters.org\/pt-pt\/wp-json\/wp\/v2\/pages\/1951","targetHints":{"allow":["GET"]}}],"collection":[{"href":"https:\/\/www.afibmatters.org\/pt-pt\/wp-json\/wp\/v2\/pages"}],"about":[{"href":"https:\/\/www.afibmatters.org\/pt-pt\/wp-json\/wp\/v2\/types\/page"}],"author":[{"embeddable":true,"href":"https:\/\/www.afibmatters.org\/pt-pt\/wp-json\/wp\/v2\/users\/1"}],"replies":[{"embeddable":true,"href":"https:\/\/www.afibmatters.org\/pt-pt\/wp-json\/wp\/v2\/comments?post=1951"}],"version-history":[{"count":3,"href":"https:\/\/www.afibmatters.org\/pt-pt\/wp-json\/wp\/v2\/pages\/1951\/revisions"}],"predecessor-version":[{"id":4822,"href":"https:\/\/www.afibmatters.org\/pt-pt\/wp-json\/wp\/v2\/pages\/1951\/revisions\/4822"}],"up":[{"embeddable":true,"href":"https:\/\/www.afibmatters.org\/pt-pt\/wp-json\/wp\/v2\/pages\/1956"}],"wp:attachment":[{"href":"https:\/\/www.afibmatters.org\/pt-pt\/wp-json\/wp\/v2\/media?parent=1951"}],"wp:term":[{"taxonomy":"category","embeddable":true,"href":"https:\/\/www.afibmatters.org\/pt-pt\/wp-json\/wp\/v2\/categories?post=1951"},{"taxonomy":"post_tag","embeddable":true,"href":"https:\/\/www.afibmatters.org\/pt-pt\/wp-json\/wp\/v2\/tags?post=1951"}],"curies":[{"name":"wp","href":"https:\/\/api.w.org\/{rel}","templated":true}]}}

O que é uma cardioversão?

<p>A cardioversão elétrica é realizada no hospital usando um dispositivo chamado <strong>desfibrilhador</strong>. O choque elétrico é administrado através de dois adesivos ou pás grandes (elétrodos) fixados no tórax. Os adesivos são normalmente colocados à frente e atrás do tórax ou nos lados direito e esquerdo do tórax.</p>
<p>Normalmente, este procedimento é planeado com antecedência e envolve a administração de um choque elétrico controlado no tórax, visando o coração. O impulso elétrico é suficientemente forte para parar brevemente quaisquer sinais elétricos gerados pelo coração e deixar o marca-passo natural do coração, &#8220;o nódulo sinusal”, recuperar o controlo sobre o ritmo do coração.</p>
<p><img loading="lazy" decoding="async" class="alignleft wp-image-479 size-large" src="https://cdn-endpoint-afib.azureedge.net/afibmatters/2019/12/iStock-155152624-1024x683.jpg" alt="" width="1024" height="683" srcset="https://cdn-endpoint-afib.azureedge.net/afibmatters/2019/12/iStock-155152624-1024x683.jpg 1024w, https://cdn-endpoint-afib.azureedge.net/afibmatters/2019/12/iStock-155152624-300x200.jpg 300w, https://cdn-endpoint-afib.azureedge.net/afibmatters/2019/12/iStock-155152624-768x512.jpg 768w, https://cdn-endpoint-afib.azureedge.net/afibmatters/2019/12/iStock-155152624-1536x1024.jpg 1536w, https://cdn-endpoint-afib.azureedge.net/afibmatters/2019/12/iStock-155152624-2048x1365.jpg 2048w, https://cdn-endpoint-afib.azureedge.net/afibmatters/2019/12/iStock-155152624-500x333.jpg 500w, https://www.afibmatters.org/wp-content/uploads/2019/12/iStock-155152624-659x439.jpg 659w, https://www.afibmatters.org/wp-content/uploads/2019/12/iStock-155152624-696x464.jpg 696w" sizes="auto, (max-width: 1024px) 100vw, 1024px" /></p>
<p>Antes da cardioversão ser-lhe-á administrada sedação (anestesia) para que fique em sono profundo, e não sentirá nada durante a cardioversão. Se o primeiro choque elétrico não conseguir restaurar o ritmo normal (ritmo sinusal), será administrado outro choque elétrico utilizando um impulso elétrico ligeiramente mais forte. Não deve sentir qualquer dor durante a cardioversão, mas muitas vezes as áreas por baixo dos elétrodos podem estar um pouco doridas durante um ou dois dias após o procedimento.</p>
<p>Deve estar ciente de que mesmo <strong>após uma cardioversão bem sucedida</strong> (o ritmo cardíaco voltou ao ritmo sinusal normal), é possível que a <strong>fibrilhação auricular retorne</strong>. Isto acontece em cerca de metade dos doentes durante o primeiro ano após a cardioversão. A probabilidade de retorno da fibrilhação auricular depende de muitos fatores, mas é mais provável se tiver outros problemas cardíacos (incluindo hipertensão) e se tiver tido fibrilhação auricular há mais de um ano.</p>
<p>&nbsp;</p>
<p>&nbsp;</p>

<p>A cardioversão elétrica é realizada no hospital usando um dispositivo chamado desfibrilhador. O choque elétrico é administrado através de dois adesivos ou pás grandes (elétrodos) fixados no tórax. Os adesivos são normalmente colocados à frente e atrás do tórax ou nos lados direito e esquerdo do tórax. Normalmente, este procedimento é planeado com antecedência e [&hellip;]</p>
