{"id":1571,"date":"2020-03-03T12:01:01","date_gmt":"2020-03-03T12:01:01","guid":{"rendered":"https:\/\/www.afibmatters.org\/jak-moge-zmienic-swoje-zycie\/czy-uda-mi-sie-uzyskac-ubezpieczenie-podrozne-jesli-mam-migotanie-przedsionkow\/"},"modified":"2022-01-26T16:34:13","modified_gmt":"2022-01-26T16:34:13","slug":"czy-uda-mi-sie-uzyskac-ubezpieczenie-podrozne-jesli-mam-migotanie-przedsionkow","status":"publish","type":"page","link":"https:\/\/www.afibmatters.org\/pl\/co-moge-zrobic\/jak-moge-zmienic-swoje-zycie\/czy-uda-mi-sie-uzyskac-ubezpieczenie-podrozne-jesli-mam-migotanie-przedsionkow\/","title":{"rendered":"Czy uda mi si\u0119 uzyska\u0107 ubezpieczenie podr\u00f3\u017cne, je\u015bli mam migotanie przedsionk\u00f3w?"},"content":{"rendered":"<p><img loading=\"lazy\" decoding=\"async\" class=\"alignnone wp-image-5915 size-full\" src=\"https:\/\/cdn-endpoint-afib.azureedge.net\/afibmatters\/2022\/01\/shutterstock_605436266-1536x1024-1-min.jpg?_t=1643214848\" alt=\"\" width=\"800\" height=\"533\" srcset=\"https:\/\/www.afibmatters.org\/wp-content\/uploads\/2022\/01\/shutterstock_605436266-1536x1024-1-min.jpg 800w, https:\/\/www.afibmatters.org\/wp-content\/uploads\/2022\/01\/shutterstock_605436266-1536x1024-1-min-300x200.jpg 300w, https:\/\/www.afibmatters.org\/wp-content\/uploads\/2022\/01\/shutterstock_605436266-1536x1024-1-min-768x512.jpg 768w, https:\/\/www.afibmatters.org\/wp-content\/uploads\/2022\/01\/shutterstock_605436266-1536x1024-1-min-500x333.jpg 500w\" sizes=\"auto, (max-width: 800px) 100vw, 800px\" \/><\/p>\n<p>Wi\u0119kszo\u015b\u0107 os\u00f3b z migotaniem nie ma problemu z uzyskaniem ubezpieczenia podr\u00f3\u017cnego. Natomiast czasami ubezpieczenie dla os\u00f3b z migotaniem przedsionk\u00f3w wi\u0105\u017ce si\u0119 z op\u0142acaniem wy\u017cszej sk\u0142adki (jest dro\u017csze). Zasi\u0119gnij porady swojego ubezpieczyciela zdrowotnego. Warto r\u00f3wnie\u017c skontaktowa\u0107 si\u0119 z kilkoma firmami ubezpieczeniowymi, aby znale\u017a\u0107 najbardziej korzystn\u0105 ofert\u0119.<\/p>\n<p>&nbsp;<\/p>\n<p>&nbsp;<\/p>\n","protected":false},"excerpt":{"rendered":"<p>Wi\u0119kszo\u015b\u0107 os\u00f3b z migotaniem nie ma problemu z uzyskaniem ubezpieczenia podr\u00f3\u017cnego. Natomiast czasami ubezpieczenie dla os\u00f3b z migotaniem przedsionk\u00f3w wi\u0105\u017ce si\u0119 z op\u0142acaniem wy\u017cszej sk\u0142adki (jest dro\u017csze). Zasi\u0119gnij porady swojego ubezpieczyciela zdrowotnego. Warto r\u00f3wnie\u017c skontaktowa\u0107 si\u0119 z kilkoma firmami ubezpieczeniowymi, aby znale\u017a\u0107 najbardziej korzystn\u0105 ofert\u0119. &nbsp; &nbsp;<\/p>\n","protected":false},"author":1,"featured_media":0,"parent":1539,"menu_order":25,"comment_status":"closed","ping_status":"closed","template":"","meta":{"_acf_changed":false,"footnotes":""},"categories":[68],"tags":[],"class_list":["post-1571","page","type-page","status-publish","hentry","category-co-moge-zrobic"],"acf":[],"_links":{"self":[{"href":"https:\/\/www.afibmatters.org\/pl\/wp-json\/wp\/v2\/pages\/1571","targetHints":{"allow":["GET"]}}],"collection":[{"href":"https:\/\/www.afibmatters.org\/pl\/wp-json\/wp\/v2\/pages"}],"about":[{"href":"https:\/\/www.afibmatters.org\/pl\/wp-json\/wp\/v2\/types\/page"}],"author":[{"embeddable":true,"href":"https:\/\/www.afibmatters.org\/pl\/wp-json\/wp\/v2\/users\/1"}],"replies":[{"embeddable":true,"href":"https:\/\/www.afibmatters.org\/pl\/wp-json\/wp\/v2\/comments?post=1571"}],"version-history":[{"count":1,"href":"https:\/\/www.afibmatters.org\/pl\/wp-json\/wp\/v2\/pages\/1571\/revisions"}],"predecessor-version":[{"id":5941,"href":"https:\/\/www.afibmatters.org\/pl\/wp-json\/wp\/v2\/pages\/1571\/revisions\/5941"}],"up":[{"embeddable":true,"href":"https:\/\/www.afibmatters.org\/pl\/wp-json\/wp\/v2\/pages\/1539"}],"wp:attachment":[{"href":"https:\/\/www.afibmatters.org\/pl\/wp-json\/wp\/v2\/media?parent=1571"}],"wp:term":[{"taxonomy":"category","embeddable":true,"href":"https:\/\/www.afibmatters.org\/pl\/wp-json\/wp\/v2\/categories?post=1571"},{"taxonomy":"post_tag","embeddable":true,"href":"https:\/\/www.afibmatters.org\/pl\/wp-json\/wp\/v2\/tags?post=1571"}],"curies":[{"name":"wp","href":"https:\/\/api.w.org\/{rel}","templated":true}]}}

Czy uda mi się uzyskać ubezpieczenie podróżne, jeśli mam migotanie przedsionków?

<p><img loading="lazy" decoding="async" class="alignnone wp-image-5915 size-full" src="https://cdn-endpoint-afib.azureedge.net/afibmatters/2022/01/shutterstock_605436266-1536x1024-1-min.jpg?_t=1643214848" alt="" width="800" height="533" srcset="https://www.afibmatters.org/wp-content/uploads/2022/01/shutterstock_605436266-1536x1024-1-min.jpg 800w, https://www.afibmatters.org/wp-content/uploads/2022/01/shutterstock_605436266-1536x1024-1-min-300x200.jpg 300w, https://www.afibmatters.org/wp-content/uploads/2022/01/shutterstock_605436266-1536x1024-1-min-768x512.jpg 768w, https://www.afibmatters.org/wp-content/uploads/2022/01/shutterstock_605436266-1536x1024-1-min-500x333.jpg 500w" sizes="auto, (max-width: 800px) 100vw, 800px" /></p>
<p>Większość osób z migotaniem nie ma problemu z uzyskaniem ubezpieczenia podróżnego. Natomiast czasami ubezpieczenie dla osób z migotaniem przedsionków wiąże się z opłacaniem wyższej składki (jest droższe). Zasięgnij porady swojego ubezpieczyciela zdrowotnego. Warto również skontaktować się z kilkoma firmami ubezpieczeniowymi, aby znaleźć najbardziej korzystną ofertę.</p>
<p>&nbsp;</p>
<p>&nbsp;</p>

<p>Większość osób z migotaniem nie ma problemu z uzyskaniem ubezpieczenia podróżnego. Natomiast czasami ubezpieczenie dla osób z migotaniem przedsionków wiąże się z opłacaniem wyższej składki (jest droższe). Zasięgnij porady swojego ubezpieczyciela zdrowotnego. Warto również skontaktować się z kilkoma firmami ubezpieczeniowymi, aby znaleźć najbardziej korzystną ofertę. &nbsp; &nbsp;</p>
