{"id":1425,"date":"2020-03-03T11:56:43","date_gmt":"2020-03-03T11:56:43","guid":{"rendered":"https:\/\/www.afibmatters.org\/cosa-devo-sapere\/quanto-e-diffusa-la-fibrillazione-atriale\/"},"modified":"2020-03-03T11:56:43","modified_gmt":"2020-03-03T11:56:43","slug":"quanto-e-diffusa-la-fibrillazione-atriale","status":"publish","type":"page","link":"https:\/\/www.afibmatters.org\/it\/cosa-devo-sapere\/quanto-e-diffusa-la-fibrillazione-atriale\/","title":{"rendered":"Quanto \u00e8 diffusa la fibrillazione atriale?"},"content":{"rendered":"<p><img loading=\"lazy\" decoding=\"async\" class=\"alignleft wp-image-884 size-large\" src=\"https:\/\/www.afibmatters.org\/wp-content\/uploads\/2020\/01\/shutterstock_1348938884-1024x683.jpg\" alt=\"\" width=\"1024\" height=\"683\" srcset=\"https:\/\/cdn-endpoint-afib.azureedge.net\/afibmatters\/2020\/01\/shutterstock_1348938884-1024x683.jpg 1024w, https:\/\/cdn-endpoint-afib.azureedge.net\/afibmatters\/2020\/01\/shutterstock_1348938884-300x200.jpg 300w, https:\/\/cdn-endpoint-afib.azureedge.net\/afibmatters\/2020\/01\/shutterstock_1348938884-768x512.jpg 768w, https:\/\/cdn-endpoint-afib.azureedge.net\/afibmatters\/2020\/01\/shutterstock_1348938884-1536x1024.jpg 1536w, https:\/\/cdn-endpoint-afib.azureedge.net\/afibmatters\/2020\/01\/shutterstock_1348938884-2048x1365.jpg 2048w, https:\/\/cdn-endpoint-afib.azureedge.net\/afibmatters\/2020\/01\/shutterstock_1348938884-500x333.jpg 500w\" sizes=\"auto, (max-width: 1024px) 100vw, 1024px\" \/><\/p>\n<p>La fibrillazione atriale \u00e8 il disturbo <strong>pi\u00f9 comune del ritmo cardiaco<\/strong>. Colpisce circa l&#8217;1% della popolazione generale, in particolare gli anziani. \u00c8 rara tra i giovani, ma si manifesta nel 5% delle persone di oltre 65 anni e nel 10% degli ultraottantenni.<\/p>\n<p>&nbsp;<\/p>\n<p>&nbsp;<\/p>\n","protected":false},"excerpt":{"rendered":"<p>La fibrillazione atriale \u00e8 il disturbo pi\u00f9 comune del ritmo cardiaco. Colpisce circa l&#8217;1% della popolazione generale, in particolare gli anziani. \u00c8 rara tra i giovani, ma si manifesta nel 5% delle persone di oltre 65 anni e nel 10% degli ultraottantenni. &nbsp; &nbsp;<\/p>\n","protected":false},"author":1,"featured_media":0,"parent":1417,"menu_order":7,"comment_status":"closed","ping_status":"closed","template":"","meta":{"_acf_changed":false,"footnotes":""},"categories":[51],"tags":[],"class_list":["post-1425","page","type-page","status-publish","hentry","category-cosa-devo-sapere"],"acf":[],"_links":{"self":[{"href":"https:\/\/www.afibmatters.org\/it\/wp-json\/wp\/v2\/pages\/1425","targetHints":{"allow":["GET"]}}],"collection":[{"href":"https:\/\/www.afibmatters.org\/it\/wp-json\/wp\/v2\/pages"}],"about":[{"href":"https:\/\/www.afibmatters.org\/it\/wp-json\/wp\/v2\/types\/page"}],"author":[{"embeddable":true,"href":"https:\/\/www.afibmatters.org\/it\/wp-json\/wp\/v2\/users\/1"}],"replies":[{"embeddable":true,"href":"https:\/\/www.afibmatters.org\/it\/wp-json\/wp\/v2\/comments?post=1425"}],"version-history":[{"count":0,"href":"https:\/\/www.afibmatters.org\/it\/wp-json\/wp\/v2\/pages\/1425\/revisions"}],"up":[{"embeddable":true,"href":"https:\/\/www.afibmatters.org\/it\/wp-json\/wp\/v2\/pages\/1417"}],"wp:attachment":[{"href":"https:\/\/www.afibmatters.org\/it\/wp-json\/wp\/v2\/media?parent=1425"}],"wp:term":[{"taxonomy":"category","embeddable":true,"href":"https:\/\/www.afibmatters.org\/it\/wp-json\/wp\/v2\/categories?post=1425"},{"taxonomy":"post_tag","embeddable":true,"href":"https:\/\/www.afibmatters.org\/it\/wp-json\/wp\/v2\/tags?post=1425"}],"curies":[{"name":"wp","href":"https:\/\/api.w.org\/{rel}","templated":true}]}}

Quanto è diffusa la fibrillazione atriale?

<p><img loading="lazy" decoding="async" class="alignleft wp-image-884 size-large" src="https://www.afibmatters.org/wp-content/uploads/2020/01/shutterstock_1348938884-1024x683.jpg" alt="" width="1024" height="683" srcset="https://cdn-endpoint-afib.azureedge.net/afibmatters/2020/01/shutterstock_1348938884-1024x683.jpg 1024w, https://cdn-endpoint-afib.azureedge.net/afibmatters/2020/01/shutterstock_1348938884-300x200.jpg 300w, https://cdn-endpoint-afib.azureedge.net/afibmatters/2020/01/shutterstock_1348938884-768x512.jpg 768w, https://cdn-endpoint-afib.azureedge.net/afibmatters/2020/01/shutterstock_1348938884-1536x1024.jpg 1536w, https://cdn-endpoint-afib.azureedge.net/afibmatters/2020/01/shutterstock_1348938884-2048x1365.jpg 2048w, https://cdn-endpoint-afib.azureedge.net/afibmatters/2020/01/shutterstock_1348938884-500x333.jpg 500w" sizes="auto, (max-width: 1024px) 100vw, 1024px" /></p>
<p>La fibrillazione atriale è il disturbo <strong>più comune del ritmo cardiaco</strong>. Colpisce circa l&#8217;1% della popolazione generale, in particolare gli anziani. È rara tra i giovani, ma si manifesta nel 5% delle persone di oltre 65 anni e nel 10% degli ultraottantenni.</p>
<p>&nbsp;</p>
<p>&nbsp;</p>

<p>La fibrillazione atriale è il disturbo più comune del ritmo cardiaco. Colpisce circa l&#8217;1% della popolazione generale, in particolare gli anziani. È rara tra i giovani, ma si manifesta nel 5% delle persone di oltre 65 anni e nel 10% degli ultraottantenni. &nbsp; &nbsp;</p>
