{"id":8787,"date":"2024-02-06T10:48:33","date_gmt":"2024-02-06T10:48:33","guid":{"rendered":"https:\/\/www.afibmatters.org\/sto-trebam-znati\/je-li-fibrilacija-atrija-nasljedna\/"},"modified":"2024-02-08T16:46:18","modified_gmt":"2024-02-08T16:46:18","slug":"je-li-fibrilacija-atrija-nasljedna","status":"publish","type":"page","link":"https:\/\/www.afibmatters.org\/hr\/sto-trebam-znati\/je-li-fibrilacija-atrija-nasljedna\/","title":{"rendered":"Je li fibrilacija atrija nasljedna?"},"content":{"rendered":"<p>Fibrilacija atrija naj\u010de\u0161\u0107i je poreme\u0107aj sr\u010danog ritma i stoga nije neuobi\u010dajeno da imate ro\u0111ake s istom aritmijom. \u00a0Kako starite, ve\u0107a je vjerojatnost da je fibrilacija atrija povezana s komorbiditetima, a ne da se radi o genetskom stanju. S godinama\u00a0<strong><a href=\"https:\/\/www.afibmatters.org\/what-do-i-need-to-know\/how-common-is-atrial-fibrillation\/\">svi imamo ve\u0107i rizik od pojave fibrilacije atrija<\/a><\/strong>.<\/p>\n<p>Me\u0111utim, uo\u010deno je da je u nekim obiteljima rizik od fibrilacije atrija ve\u0107i, \u010dak i u mla\u0111oj dobi i iako nema drugih bolesti.\u00a0To se naziva nasljednom fibrilacijom atrija. U nekim rijetkim slu\u010dajevima pokazalo se da za to mogu biti odgovorne promjene na odre\u0111enim genima, ali u ve\u0107ini slu\u010dajeva uzrok je jo\u0161 uvijek nejasan. Potrebna su dodatna istra\u017eivanja kako bi se razjasnili genetski \u010dimbenici koji su povezani s nasljednom fibrilacijom atrija.<\/p>\n<p>Ako imate ro\u0111ake s fibrilacijom atrija i zabrinuti ste da bi se bolest mogla pojaviti i kod vas, trebali biste o tome razgovarati sa svojim lije\u010dnikom. Va\u0161 lije\u010dnik mo\u017ee identificirati \u010dimbenike rizika za pojavu fibrilacije atrija i pomo\u0107i vam u njihovom lije\u010denju.<\/p>\n<p>&nbsp;<\/p>\n<p>&nbsp;<\/p>\n","protected":false},"excerpt":{"rendered":"<p>Fibrilacija atrija naj\u010de\u0161\u0107i je poreme\u0107aj sr\u010danog ritma i stoga nije neuobi\u010dajeno da imate ro\u0111ake s istom aritmijom. \u00a0Kako starite, ve\u0107a je vjerojatnost da je fibrilacija atrija povezana s komorbiditetima, a ne da se radi o genetskom stanju. S godinama\u00a0svi imamo ve\u0107i rizik od pojave fibrilacije atrija. Me\u0111utim, uo\u010deno je da je u nekim obiteljima rizik [&hellip;]<\/p>\n","protected":false},"author":24,"featured_media":0,"parent":8757,"menu_order":12,"comment_status":"closed","ping_status":"closed","template":"","meta":{"_acf_changed":false,"footnotes":""},"categories":[286],"tags":[],"class_list":["post-8787","page","type-page","status-publish","hentry","category-sto-trebam-znati-hr"],"acf":[],"_links":{"self":[{"href":"https:\/\/www.afibmatters.org\/hr\/wp-json\/wp\/v2\/pages\/8787","targetHints":{"allow":["GET"]}}],"collection":[{"href":"https:\/\/www.afibmatters.org\/hr\/wp-json\/wp\/v2\/pages"}],"about":[{"href":"https:\/\/www.afibmatters.org\/hr\/wp-json\/wp\/v2\/types\/page"}],"author":[{"embeddable":true,"href":"https:\/\/www.afibmatters.org\/hr\/wp-json\/wp\/v2\/users\/24"}],"replies":[{"embeddable":true,"href":"https:\/\/www.afibmatters.org\/hr\/wp-json\/wp\/v2\/comments?post=8787"}],"version-history":[{"count":1,"href":"https:\/\/www.afibmatters.org\/hr\/wp-json\/wp\/v2\/pages\/8787\/revisions"}],"predecessor-version":[{"id":8788,"href":"https:\/\/www.afibmatters.org\/hr\/wp-json\/wp\/v2\/pages\/8787\/revisions\/8788"}],"up":[{"embeddable":true,"href":"https:\/\/www.afibmatters.org\/hr\/wp-json\/wp\/v2\/pages\/8757"}],"wp:attachment":[{"href":"https:\/\/www.afibmatters.org\/hr\/wp-json\/wp\/v2\/media?parent=8787"}],"wp:term":[{"taxonomy":"category","embeddable":true,"href":"https:\/\/www.afibmatters.org\/hr\/wp-json\/wp\/v2\/categories?post=8787"},{"taxonomy":"post_tag","embeddable":true,"href":"https:\/\/www.afibmatters.org\/hr\/wp-json\/wp\/v2\/tags?post=8787"}],"curies":[{"name":"wp","href":"https:\/\/api.w.org\/{rel}","templated":true}]}}

<p>Fibrilacija atrija najčešći je poremećaj srčanog ritma i stoga nije neuobičajeno da imate rođake s istom aritmijom.  Kako starite, veća je vjerojatnost da je fibrilacija atrija povezana s komorbiditetima, a ne da se radi o genetskom stanju. S godinama <strong><a href="https://www.afibmatters.org/what-do-i-need-to-know/how-common-is-atrial-fibrillation/">svi imamo veći rizik od pojave fibrilacije atrija</a></strong>.</p>
<p>Međutim, uočeno je da je u nekim obiteljima rizik od fibrilacije atrija veći, čak i u mlađoj dobi i iako nema drugih bolesti. To se naziva nasljednom fibrilacijom atrija. U nekim rijetkim slučajevima pokazalo se da za to mogu biti odgovorne promjene na određenim genima, ali u većini slučajeva uzrok je još uvijek nejasan. Potrebna su dodatna istraživanja kako bi se razjasnili genetski čimbenici koji su povezani s nasljednom fibrilacijom atrija.</p>
<p>Ako imate rođake s fibrilacijom atrija i zabrinuti ste da bi se bolest mogla pojaviti i kod vas, trebali biste o tome razgovarati sa svojim liječnikom. Vaš liječnik može identificirati čimbenike rizika za pojavu fibrilacije atrija i pomoći vam u njihovom liječenju.</p>
<p>&nbsp;</p>
<p>&nbsp;</p>

<p>Fibrilacija atrija najčešći je poremećaj srčanog ritma i stoga nije neuobičajeno da imate rođake s istom aritmijom.  Kako starite, veća je vjerojatnost da je fibrilacija atrija povezana s komorbiditetima, a ne da se radi o genetskom stanju. S godinama svi imamo veći rizik od pojave fibrilacije atrija. Međutim, uočeno je da je u nekim obiteljima rizik [&hellip;]</p>
