{"id":8777,"date":"2024-02-06T11:03:53","date_gmt":"2024-02-06T11:03:53","guid":{"rendered":"https:\/\/www.afibmatters.org\/sto-trebam-znati\/koliko-je-fibrilacija-atrija-cesta\/"},"modified":"2024-02-08T16:44:08","modified_gmt":"2024-02-08T16:44:08","slug":"koliko-je-fibrilacija-atrija-cesta","status":"publish","type":"page","link":"https:\/\/www.afibmatters.org\/hr\/sto-trebam-znati\/koliko-je-fibrilacija-atrija-cesta\/","title":{"rendered":"Koliko je fibrilacija atrija \u010desta?"},"content":{"rendered":"<p><img loading=\"lazy\" decoding=\"async\" class=\"alignleft wp-image-884 size-large\" src=\"https:\/\/www.afibmatters.org\/wp-content\/uploads\/2020\/01\/shutterstock_1348938884-1024x683.jpg\" alt=\"\" width=\"1024\" height=\"683\" srcset=\"https:\/\/cdn-endpoint-afib.azureedge.net\/afibmatters\/2020\/01\/shutterstock_1348938884-1024x683.jpg 1024w, https:\/\/cdn-endpoint-afib.azureedge.net\/afibmatters\/2020\/01\/shutterstock_1348938884-300x200.jpg 300w, https:\/\/cdn-endpoint-afib.azureedge.net\/afibmatters\/2020\/01\/shutterstock_1348938884-768x512.jpg 768w, https:\/\/cdn-endpoint-afib.azureedge.net\/afibmatters\/2020\/01\/shutterstock_1348938884-1536x1024.jpg 1536w, https:\/\/cdn-endpoint-afib.azureedge.net\/afibmatters\/2020\/01\/shutterstock_1348938884-2048x1365.jpg 2048w, https:\/\/cdn-endpoint-afib.azureedge.net\/afibmatters\/2020\/01\/shutterstock_1348938884-500x333.jpg 500w\" sizes=\"auto, (max-width: 1024px) 100vw, 1024px\" \/><\/p>\n<p>Fibrilacija atrija\u00a0<strong>naj\u010de\u0161\u0107i je poreme\u0107aj sr\u010danog ritma<\/strong>. Oko 1 % populacije boluje od ove bolesti, osobito starije osobe. Rijetka je u mla\u0111ih osoba, ali prisutna je u 5 % osoba starijih od 65 te u 10 % osoba starijih od 80 godina.<\/p>\n<p>&nbsp;<\/p>\n<p>&nbsp;<\/p>\n","protected":false},"excerpt":{"rendered":"<p>Fibrilacija atrija\u00a0naj\u010de\u0161\u0107i je poreme\u0107aj sr\u010danog ritma. Oko 1 % populacije boluje od ove bolesti, osobito starije osobe. Rijetka je u mla\u0111ih osoba, ali prisutna je u 5 % osoba starijih od 65 te u 10 % osoba starijih od 80 godina. &nbsp; &nbsp;<\/p>\n","protected":false},"author":24,"featured_media":0,"parent":8757,"menu_order":7,"comment_status":"closed","ping_status":"closed","template":"","meta":{"_acf_changed":false,"footnotes":""},"categories":[286],"tags":[],"class_list":["post-8777","page","type-page","status-publish","hentry","category-sto-trebam-znati-hr"],"acf":[],"_links":{"self":[{"href":"https:\/\/www.afibmatters.org\/hr\/wp-json\/wp\/v2\/pages\/8777","targetHints":{"allow":["GET"]}}],"collection":[{"href":"https:\/\/www.afibmatters.org\/hr\/wp-json\/wp\/v2\/pages"}],"about":[{"href":"https:\/\/www.afibmatters.org\/hr\/wp-json\/wp\/v2\/types\/page"}],"author":[{"embeddable":true,"href":"https:\/\/www.afibmatters.org\/hr\/wp-json\/wp\/v2\/users\/24"}],"replies":[{"embeddable":true,"href":"https:\/\/www.afibmatters.org\/hr\/wp-json\/wp\/v2\/comments?post=8777"}],"version-history":[{"count":1,"href":"https:\/\/www.afibmatters.org\/hr\/wp-json\/wp\/v2\/pages\/8777\/revisions"}],"predecessor-version":[{"id":8778,"href":"https:\/\/www.afibmatters.org\/hr\/wp-json\/wp\/v2\/pages\/8777\/revisions\/8778"}],"up":[{"embeddable":true,"href":"https:\/\/www.afibmatters.org\/hr\/wp-json\/wp\/v2\/pages\/8757"}],"wp:attachment":[{"href":"https:\/\/www.afibmatters.org\/hr\/wp-json\/wp\/v2\/media?parent=8777"}],"wp:term":[{"taxonomy":"category","embeddable":true,"href":"https:\/\/www.afibmatters.org\/hr\/wp-json\/wp\/v2\/categories?post=8777"},{"taxonomy":"post_tag","embeddable":true,"href":"https:\/\/www.afibmatters.org\/hr\/wp-json\/wp\/v2\/tags?post=8777"}],"curies":[{"name":"wp","href":"https:\/\/api.w.org\/{rel}","templated":true}]}}

Koliko je fibrilacija atrija česta?

<p><img loading="lazy" decoding="async" class="alignleft wp-image-884 size-large" src="https://www.afibmatters.org/wp-content/uploads/2020/01/shutterstock_1348938884-1024x683.jpg" alt="" width="1024" height="683" srcset="https://cdn-endpoint-afib.azureedge.net/afibmatters/2020/01/shutterstock_1348938884-1024x683.jpg 1024w, https://cdn-endpoint-afib.azureedge.net/afibmatters/2020/01/shutterstock_1348938884-300x200.jpg 300w, https://cdn-endpoint-afib.azureedge.net/afibmatters/2020/01/shutterstock_1348938884-768x512.jpg 768w, https://cdn-endpoint-afib.azureedge.net/afibmatters/2020/01/shutterstock_1348938884-1536x1024.jpg 1536w, https://cdn-endpoint-afib.azureedge.net/afibmatters/2020/01/shutterstock_1348938884-2048x1365.jpg 2048w, https://cdn-endpoint-afib.azureedge.net/afibmatters/2020/01/shutterstock_1348938884-500x333.jpg 500w" sizes="auto, (max-width: 1024px) 100vw, 1024px" /></p>
<p>Fibrilacija atrija <strong>najčešći je poremećaj srčanog ritma</strong>. Oko 1 % populacije boluje od ove bolesti, osobito starije osobe. Rijetka je u mlađih osoba, ali prisutna je u 5 % osoba starijih od 65 te u 10 % osoba starijih od 80 godina.</p>
<p>&nbsp;</p>
<p>&nbsp;</p>

<p>Fibrilacija atrija najčešći je poremećaj srčanog ritma. Oko 1 % populacije boluje od ove bolesti, osobito starije osobe. Rijetka je u mlađih osoba, ali prisutna je u 5 % osoba starijih od 65 te u 10 % osoba starijih od 80 godina. &nbsp; &nbsp;</p>
