{"id":8746,"date":"2019-11-12T10:07:57","date_gmt":"2019-11-12T10:07:57","guid":{"rendered":"https:\/\/www.afibmatters.org\/atrial-fibrillation\/"},"modified":"2025-05-07T12:07:43","modified_gmt":"2025-05-07T11:07:43","slug":"atrial-fibrillation","status":"publish","type":"page","link":"https:\/\/www.afibmatters.org\/hr\/","title":{"rendered":"Fibrilacija atrija je va\u017ena"},"content":{"rendered":"<p>Dobrodo\u0161li na stranicu afibmatters.org &#8211; mjesto gdje mo\u017eete prona\u0107i sve vezano uz fibrilaciju atrija.<\/p>\n","protected":false},"excerpt":{"rendered":"<p>Dobrodo\u0161li na stranicu afibmatters.org &#8211; mjesto gdje mo\u017eete prona\u0107i sve vezano uz fibrilaciju atrija.<\/p>\n","protected":false},"author":1,"featured_media":8468,"parent":0,"menu_order":1,"comment_status":"closed","ping_status":"closed","template":"templates\/home.php","meta":{"_acf_changed":false,"footnotes":""},"categories":[],"tags":[],"class_list":["post-8746","page","type-page","status-publish","has-post-thumbnail","hentry"],"acf":[],"_links":{"self":[{"href":"https:\/\/www.afibmatters.org\/hr\/wp-json\/wp\/v2\/pages\/8746","targetHints":{"allow":["GET"]}}],"collection":[{"href":"https:\/\/www.afibmatters.org\/hr\/wp-json\/wp\/v2\/pages"}],"about":[{"href":"https:\/\/www.afibmatters.org\/hr\/wp-json\/wp\/v2\/types\/page"}],"author":[{"embeddable":true,"href":"https:\/\/www.afibmatters.org\/hr\/wp-json\/wp\/v2\/users\/1"}],"replies":[{"embeddable":true,"href":"https:\/\/www.afibmatters.org\/hr\/wp-json\/wp\/v2\/comments?post=8746"}],"version-history":[{"count":22,"href":"https:\/\/www.afibmatters.org\/hr\/wp-json\/wp\/v2\/pages\/8746\/revisions"}],"predecessor-version":[{"id":9674,"href":"https:\/\/www.afibmatters.org\/hr\/wp-json\/wp\/v2\/pages\/8746\/revisions\/9674"}],"wp:featuredmedia":[{"embeddable":true,"href":"https:\/\/www.afibmatters.org\/hr\/wp-json\/wp\/v2\/media\/8468"}],"wp:attachment":[{"href":"https:\/\/www.afibmatters.org\/hr\/wp-json\/wp\/v2\/media?parent=8746"}],"wp:term":[{"taxonomy":"category","embeddable":true,"href":"https:\/\/www.afibmatters.org\/hr\/wp-json\/wp\/v2\/categories?post=8746"},{"taxonomy":"post_tag","embeddable":true,"href":"https:\/\/www.afibmatters.org\/hr\/wp-json\/wp\/v2\/tags?post=8746"}],"curies":[{"name":"wp","href":"https:\/\/api.w.org\/{rel}","templated":true}]}}

Fibrilacija atrija je važna

<p>Dobrodošli na stranicu afibmatters.org &#8211; mjesto gdje možete pronaći sve vezano uz fibrilaciju atrija.</p>
