{"id":2907,"date":"2020-06-05T10:14:23","date_gmt":"2020-06-05T09:14:23","guid":{"rendered":"https:\/\/www.afibmatters.org\/liens-utiles\/"},"modified":"2024-03-04T09:52:42","modified_gmt":"2024-03-04T09:52:42","slug":"liens-utiles","status":"publish","type":"page","link":"https:\/\/www.afibmatters.org\/fr\/liens-utiles\/","title":{"rendered":"Liens utiles"},"content":{"rendered":"<h3><a href=\"https:\/\/www.escardio.org\/Sub-specialty-communities\/European-Heart-Rhythm-Association-(EHRA)\/Advocacy\/find-my-ep\" target=\"_blank\" rel=\"noopener\">Trouver mon sp\u00e9cialiste<\/a><\/h3>\n<p>Parcourez le r\u00e9pertoire EHRA des sp\u00e9cialistes en \u00e9lectrophysiologie.<\/p>\n<p>&nbsp;<\/p>\n<h3><a href=\"https:\/\/www.myrhythmdevice.org\/\" target=\"_blank\" rel=\"noopener\">www.MyRhythmDevice.org<\/a><\/h3>\n<p>Consultez le site Web de l&#8217;EHRA pour les patients porteurs de dispositifs cardiaques implantables.<\/p>\n<p>&nbsp;<\/p>\n<h3><a href=\"https:\/\/www.healthy-heart.org\" target=\"_blank\" rel=\"noopener noreferrer\">www.Healthy-Heart.org<\/a><\/h3>\n<p>Des r\u00e9ponses et des conseils fiables pour les patients sur la fa\u00e7on de prot\u00e9ger leur c\u0153ur fournis par la Soci\u00e9t\u00e9 Europ\u00e9enne de Cardiologie.<\/p>\n<p>&nbsp;<\/p>\n<h3><a href=\"https:\/\/www.heartfailurematters.org\" target=\"_blank\" rel=\"noopener noreferrer\">www.HeartFailureMatters.org<\/a><\/h3>\n<p>Informations pratiques sur l&#8217;insuffisance cardiaque \u00e0 l&#8217;attention des patients, des familles et des soignants fournies par l&#8217;Association de l&#8217;Insuffisance Cardiaque de la Soci\u00e9t\u00e9 Europ\u00e9enne de Cardiologie.<\/p>\n<p>&nbsp;<\/p>\n<h3><a href=\"https:\/\/www.heartrhythmalliance.org\/aa\/uk\/news\/coronavirus-information-uk\" target=\"_blank\" rel=\"noopener noreferrer\">www.HeartRhythmAlliance.org<\/a><\/h3>\n<p>Arrhythmia Alliance et ses organisations caritatives s\u0153urs (AF Association et STARS \u2014 Syncope Trust) ont mis au point des ressources sp\u00e9cifiques au COVID-19 pour les patients et les professionnels de la sant\u00e9 pour venir compl\u00e9ter leurs ressources existantes concernant l&#8217;ensemble des arythmies, traitements et prises en charge, et en particulier la fibrillation auriculaire et la syncope.<\/p>\n<p>&nbsp;<\/p>\n<h3><a href=\"https:\/\/www.escardio.org\/Sub-specialty-communities\/European-Heart-Rhythm-Association-(EHRA)\/Advocacy\/pulse-day\" target=\"_blank\" rel=\"noopener\">Journ\u00e9e du pouls<\/a><\/h3>\n<p>Journ\u00e9e mondiale de sensibilisation \u00e0 l&#8217;arythmie<\/p>\n<p>&nbsp;<\/p>\n","protected":false},"excerpt":{"rendered":"<p>Trouver mon sp\u00e9cialiste Parcourez le r\u00e9pertoire EHRA des sp\u00e9cialistes en \u00e9lectrophysiologie. &nbsp; www.MyRhythmDevice.org Consultez le site Web de l&#8217;EHRA pour les patients porteurs de dispositifs cardiaques implantables. &nbsp; www.Healthy-Heart.org Des r\u00e9ponses et des conseils fiables pour les patients sur la fa\u00e7on de prot\u00e9ger leur c\u0153ur fournis par la Soci\u00e9t\u00e9 Europ\u00e9enne de Cardiologie. &nbsp; www.HeartFailureMatters.org Informations [&hellip;]<\/p>\n","protected":false},"author":1,"featured_media":0,"parent":0,"menu_order":0,"comment_status":"closed","ping_status":"closed","template":"","meta":{"_acf_changed":false,"footnotes":""},"categories":[],"tags":[],"class_list":["post-2907","page","type-page","status-publish","hentry"],"acf":[],"_links":{"self":[{"href":"https:\/\/www.afibmatters.org\/fr\/wp-json\/wp\/v2\/pages\/2907","targetHints":{"allow":["GET"]}}],"collection":[{"href":"https:\/\/www.afibmatters.org\/fr\/wp-json\/wp\/v2\/pages"}],"about":[{"href":"https:\/\/www.afibmatters.org\/fr\/wp-json\/wp\/v2\/types\/page"}],"author":[{"embeddable":true,"href":"https:\/\/www.afibmatters.org\/fr\/wp-json\/wp\/v2\/users\/1"}],"replies":[{"embeddable":true,"href":"https:\/\/www.afibmatters.org\/fr\/wp-json\/wp\/v2\/comments?post=2907"}],"version-history":[{"count":5,"href":"https:\/\/www.afibmatters.org\/fr\/wp-json\/wp\/v2\/pages\/2907\/revisions"}],"predecessor-version":[{"id":9097,"href":"https:\/\/www.afibmatters.org\/fr\/wp-json\/wp\/v2\/pages\/2907\/revisions\/9097"}],"wp:attachment":[{"href":"https:\/\/www.afibmatters.org\/fr\/wp-json\/wp\/v2\/media?parent=2907"}],"wp:term":[{"taxonomy":"category","embeddable":true,"href":"https:\/\/www.afibmatters.org\/fr\/wp-json\/wp\/v2\/categories?post=2907"},{"taxonomy":"post_tag","embeddable":true,"href":"https:\/\/www.afibmatters.org\/fr\/wp-json\/wp\/v2\/tags?post=2907"}],"curies":[{"name":"wp","href":"https:\/\/api.w.org\/{rel}","templated":true}]}}

<h3><a href="https://www.escardio.org/Sub-specialty-communities/European-Heart-Rhythm-Association-(EHRA)/Advocacy/find-my-ep" target="_blank" rel="noopener">Trouver mon spécialiste</a></h3>
<p>Parcourez le répertoire EHRA des spécialistes en électrophysiologie.</p>
<p>&nbsp;</p>
<h3><a href="https://www.myrhythmdevice.org/" target="_blank" rel="noopener">www.MyRhythmDevice.org</a></h3>
<p>Consultez le site Web de l&#8217;EHRA pour les patients porteurs de dispositifs cardiaques implantables.</p>
<p>&nbsp;</p>
<h3><a href="https://www.healthy-heart.org" target="_blank" rel="noopener noreferrer">www.Healthy-Heart.org</a></h3>
<p>Des réponses et des conseils fiables pour les patients sur la façon de protéger leur cœur fournis par la Société Européenne de Cardiologie.</p>
<p>&nbsp;</p>
<h3><a href="https://www.heartfailurematters.org" target="_blank" rel="noopener noreferrer">www.HeartFailureMatters.org</a></h3>
<p>Informations pratiques sur l&#8217;insuffisance cardiaque à l&#8217;attention des patients, des familles et des soignants fournies par l&#8217;Association de l&#8217;Insuffisance Cardiaque de la Société Européenne de Cardiologie.</p>
<p>&nbsp;</p>
<h3><a href="https://www.heartrhythmalliance.org/aa/uk/news/coronavirus-information-uk" target="_blank" rel="noopener noreferrer">www.HeartRhythmAlliance.org</a></h3>
<p>Arrhythmia Alliance et ses organisations caritatives sœurs (AF Association et STARS — Syncope Trust) ont mis au point des ressources spécifiques au COVID-19 pour les patients et les professionnels de la santé pour venir compléter leurs ressources existantes concernant l&#8217;ensemble des arythmies, traitements et prises en charge, et en particulier la fibrillation auriculaire et la syncope.</p>
<p>&nbsp;</p>
<h3><a href="https://www.escardio.org/Sub-specialty-communities/European-Heart-Rhythm-Association-(EHRA)/Advocacy/pulse-day" target="_blank" rel="noopener">Journée du pouls</a></h3>
<p>Journée mondiale de sensibilisation à l&#8217;arythmie</p>
<p>&nbsp;</p>

<p>Trouver mon spécialiste Parcourez le répertoire EHRA des spécialistes en électrophysiologie. &nbsp; www.MyRhythmDevice.org Consultez le site Web de l&#8217;EHRA pour les patients porteurs de dispositifs cardiaques implantables. &nbsp; www.Healthy-Heart.org Des réponses et des conseils fiables pour les patients sur la façon de protéger leur cœur fournis par la Société Européenne de Cardiologie. &nbsp; www.HeartFailureMatters.org Informations [&hellip;]</p>
