{"id":1441,"date":"2020-03-03T11:56:46","date_gmt":"2020-03-03T11:56:46","guid":{"rendered":"https:\/\/www.afibmatters.org\/que-dois-je-savoir\/la-fibrillation-auriculaire-est-elle-une-maladie-frequente\/"},"modified":"2020-03-16T16:06:05","modified_gmt":"2020-03-16T16:06:05","slug":"la-fibrillation-atriale-est-elle-une-maladie-frequente","status":"publish","type":"page","link":"https:\/\/www.afibmatters.org\/fr\/que-dois-je-savoir\/la-fibrillation-atriale-est-elle-une-maladie-frequente\/","title":{"rendered":"La fibrillation atriale est-elle une maladie fr\u00e9quente&nbsp;?"},"content":{"rendered":"<p><img loading=\"lazy\" decoding=\"async\" class=\"alignleft wp-image-884 size-large\" src=\"https:\/\/cdn-endpoint-afib.azureedge.net\/afibmatters\/2020\/01\/shutterstock_1348938884-1024x683.jpg\" alt=\"\" width=\"1024\" height=\"683\" srcset=\"https:\/\/cdn-endpoint-afib.azureedge.net\/afibmatters\/2020\/01\/shutterstock_1348938884-1024x683.jpg 1024w, https:\/\/cdn-endpoint-afib.azureedge.net\/afibmatters\/2020\/01\/shutterstock_1348938884-300x200.jpg 300w, https:\/\/cdn-endpoint-afib.azureedge.net\/afibmatters\/2020\/01\/shutterstock_1348938884-768x512.jpg 768w, https:\/\/cdn-endpoint-afib.azureedge.net\/afibmatters\/2020\/01\/shutterstock_1348938884-1536x1024.jpg 1536w, https:\/\/cdn-endpoint-afib.azureedge.net\/afibmatters\/2020\/01\/shutterstock_1348938884-2048x1365.jpg 2048w, https:\/\/cdn-endpoint-afib.azureedge.net\/afibmatters\/2020\/01\/shutterstock_1348938884-500x333.jpg 500w\" sizes=\"auto, (max-width: 1024px) 100vw, 1024px\" \/><\/p>\n<p>La fibrillation atriale est le trouble du <strong>rythme cardiaque le plus fr\u00e9quent<\/strong>. Elle touche environ 1\u00a0% de la population globale, en particulier les personnes \u00e2g\u00e9es. Elle est rare chez les jeunes, mais pr\u00e9sente chez 5\u00a0% des plus de 65 ans et 10\u00a0% des plus de 80 ans.<\/p>\n<p>&nbsp;<\/p>\n<p>&nbsp;<\/p>\n","protected":false},"excerpt":{"rendered":"<p>La fibrillation atriale est le trouble du rythme cardiaque le plus fr\u00e9quent. Elle touche environ 1\u00a0% de la population globale, en particulier les personnes \u00e2g\u00e9es. Elle est rare chez les jeunes, mais pr\u00e9sente chez 5\u00a0% des plus de 65 ans et 10\u00a0% des plus de 80 ans. &nbsp; &nbsp;<\/p>\n","protected":false},"author":1,"featured_media":0,"parent":1407,"menu_order":7,"comment_status":"closed","ping_status":"closed","template":"","meta":{"_acf_changed":false,"footnotes":""},"categories":[49],"tags":[],"class_list":["post-1441","page","type-page","status-publish","hentry","category-que-dois-je-savoir"],"acf":[],"_links":{"self":[{"href":"https:\/\/www.afibmatters.org\/fr\/wp-json\/wp\/v2\/pages\/1441","targetHints":{"allow":["GET"]}}],"collection":[{"href":"https:\/\/www.afibmatters.org\/fr\/wp-json\/wp\/v2\/pages"}],"about":[{"href":"https:\/\/www.afibmatters.org\/fr\/wp-json\/wp\/v2\/types\/page"}],"author":[{"embeddable":true,"href":"https:\/\/www.afibmatters.org\/fr\/wp-json\/wp\/v2\/users\/1"}],"replies":[{"embeddable":true,"href":"https:\/\/www.afibmatters.org\/fr\/wp-json\/wp\/v2\/comments?post=1441"}],"version-history":[{"count":1,"href":"https:\/\/www.afibmatters.org\/fr\/wp-json\/wp\/v2\/pages\/1441\/revisions"}],"predecessor-version":[{"id":2153,"href":"https:\/\/www.afibmatters.org\/fr\/wp-json\/wp\/v2\/pages\/1441\/revisions\/2153"}],"up":[{"embeddable":true,"href":"https:\/\/www.afibmatters.org\/fr\/wp-json\/wp\/v2\/pages\/1407"}],"wp:attachment":[{"href":"https:\/\/www.afibmatters.org\/fr\/wp-json\/wp\/v2\/media?parent=1441"}],"wp:term":[{"taxonomy":"category","embeddable":true,"href":"https:\/\/www.afibmatters.org\/fr\/wp-json\/wp\/v2\/categories?post=1441"},{"taxonomy":"post_tag","embeddable":true,"href":"https:\/\/www.afibmatters.org\/fr\/wp-json\/wp\/v2\/tags?post=1441"}],"curies":[{"name":"wp","href":"https:\/\/api.w.org\/{rel}","templated":true}]}}

La fibrillation atriale est-elle une maladie fréquente&nbsp;?

<p><img loading="lazy" decoding="async" class="alignleft wp-image-884 size-large" src="https://cdn-endpoint-afib.azureedge.net/afibmatters/2020/01/shutterstock_1348938884-1024x683.jpg" alt="" width="1024" height="683" srcset="https://cdn-endpoint-afib.azureedge.net/afibmatters/2020/01/shutterstock_1348938884-1024x683.jpg 1024w, https://cdn-endpoint-afib.azureedge.net/afibmatters/2020/01/shutterstock_1348938884-300x200.jpg 300w, https://cdn-endpoint-afib.azureedge.net/afibmatters/2020/01/shutterstock_1348938884-768x512.jpg 768w, https://cdn-endpoint-afib.azureedge.net/afibmatters/2020/01/shutterstock_1348938884-1536x1024.jpg 1536w, https://cdn-endpoint-afib.azureedge.net/afibmatters/2020/01/shutterstock_1348938884-2048x1365.jpg 2048w, https://cdn-endpoint-afib.azureedge.net/afibmatters/2020/01/shutterstock_1348938884-500x333.jpg 500w" sizes="auto, (max-width: 1024px) 100vw, 1024px" /></p>
<p>La fibrillation atriale est le trouble du <strong>rythme cardiaque le plus fréquent</strong>. Elle touche environ 1 % de la population globale, en particulier les personnes âgées. Elle est rare chez les jeunes, mais présente chez 5 % des plus de 65 ans et 10 % des plus de 80 ans.</p>
<p>&nbsp;</p>
<p>&nbsp;</p>

<p>La fibrillation atriale est le trouble du rythme cardiaque le plus fréquent. Elle touche environ 1 % de la population globale, en particulier les personnes âgées. Elle est rare chez les jeunes, mais présente chez 5 % des plus de 65 ans et 10 % des plus de 80 ans. &nbsp; &nbsp;</p>
