{"id":1438,"date":"2020-03-03T11:56:45","date_gmt":"2020-03-03T11:56:45","guid":{"rendered":"https:\/\/www.afibmatters.org\/que-dois-je-savoir\/quest-ce-que-cela-fait-de-vivre-avec-la-fibrillation-auriculaire\/"},"modified":"2022-03-24T10:48:05","modified_gmt":"2022-03-24T10:48:05","slug":"quest-ce-que-cela-fait-de-vivre-avec-la-fibrillation-atriale","status":"publish","type":"page","link":"https:\/\/www.afibmatters.org\/fr\/que-dois-je-savoir\/quest-ce-que-cela-fait-de-vivre-avec-la-fibrillation-atriale\/","title":{"rendered":"Qu\u2019est-ce que cela fait de vivre avec la fibrillation auriculaire&nbsp;?"},"content":{"rendered":"<p><img loading=\"lazy\" decoding=\"async\" class=\"alignnone size-large wp-image-1053\" src=\"https:\/\/cdn-endpoint-afib.azureedge.net\/afibmatters\/2020\/01\/iStock-516900090-1024x680.jpg\" alt=\"Battement cardiaque\" width=\"1024\" height=\"680\" srcset=\"https:\/\/cdn-endpoint-afib.azureedge.net\/afibmatters\/2020\/01\/iStock-516900090-1024x680.jpg 1024w, https:\/\/cdn-endpoint-afib.azureedge.net\/afibmatters\/2020\/01\/iStock-516900090-300x199.jpg 300w, https:\/\/cdn-endpoint-afib.azureedge.net\/afibmatters\/2020\/01\/iStock-516900090-768x510.jpg 768w, https:\/\/cdn-endpoint-afib.azureedge.net\/afibmatters\/2020\/01\/iStock-516900090-1536x1020.jpg 1536w, https:\/\/cdn-endpoint-afib.azureedge.net\/afibmatters\/2020\/01\/iStock-516900090-2048x1360.jpg 2048w, https:\/\/cdn-endpoint-afib.azureedge.net\/afibmatters\/2020\/01\/iStock-516900090-500x332.jpg 500w\" sizes=\"auto, (max-width: 1024px) 100vw, 1024px\" \/><\/p>\n<p>La fa\u00e7on dont on ressent la fibrillation auriculaire varie d\u2019une personne \u00e0 l\u2019autre. Certains patients constatent des <a href=\"https:\/\/www.afibmatters.org\/fr\/que-dois-je-savoir\/quest-ce-que-cela-fait-de-vivre-avec-la-fibrillation-atriale\/palpitations\/\">palpitations<\/a> et des battements cardiaques irr\u00e9guliers et identifient imm\u00e9diatement la pr\u00e9sence d&#8217;une fibrillation auriculaire. D\u2019autres ressentent une <a href=\"https:\/\/www.afibmatters.org\/fr\/que-dois-je-savoir\/quest-ce-que-cela-fait-de-vivre-avec-la-fibrillation-atriale\/douleur-dans-la-poitrine\/\">g\u00eane thoracique<\/a>, un <a href=\"https:\/\/www.afibmatters.org\/fr\/que-dois-je-savoir\/quest-ce-que-cela-fait-de-vivre-avec-la-fibrillation-atriale\/essoufflement\/\">essoufflement<\/a>, des <a href=\"https:\/\/www.afibmatters.org\/fr\/que-dois-je-savoir\/quest-ce-que-cela-fait-de-vivre-avec-la-fibrillation-atriale\/evanouissements-vertiges-et-pertes-de-connaissance\/\">\u00e9tourdissements, des vertiges<\/a> ou une <a href=\"https:\/\/www.afibmatters.org\/fr\/que-dois-je-savoir\/quest-ce-que-cela-fait-de-vivre-avec-la-fibrillation-atriale\/fatigue\/\">fatigue<\/a> g\u00e9n\u00e9rale, sans <a href=\"https:\/\/www.afibmatters.org\/fr\/que-dois-je-savoir\/quest-ce-que-cela-fait-de-vivre-avec-la-fibrillation-atriale\/palpitations\/\">palpitations<\/a>. Chez certaines personnes, les sympt\u00f4mes de la fibrillation auriculaire peuvent \u00eatre pr\u00e9sents au repos, tandis que chez d\u2019autres, ils apparaissent pendant l\u2019exercice.<\/p>\n<p>L\u2019apparition d\u2019une crise de fibrillation auriculaire n\u2019est pas toujours claire. Dans certains cas, les sympt\u00f4mes commencent brusquement alors que dans d\u2019autres cas, il y a une r\u00e9duction de la capacit\u00e9 \u00e0 faire de l\u2019exercice. Dans ce dernier cas, on peut ne pas soup\u00e7onner la fibrillation auriculaire, et il peut s\u2019\u00e9couler un long moment avant que le patient ne consulte un m\u00e9decin.<\/p>\n<p>Enfin, il est possible qu\u2019une personne souffrant de fibrillation auriculaire ne pr\u00e9sente aucun sympt\u00f4me et que l\u2019arythmie soit d\u00e9couverte accidentellement, par exemple lors d\u2019un examen de routine ou \u00e0 l\u2019aide de technologies portables.<\/p>\n<p>La raison pour laquelle certaines personnes atteintes de fibrillation auriculaire ressentent des sympt\u00f4mes, alors que d\u2019autres non, n\u2019est pas claire. Pour de nombreux patients, les sympt\u00f4mes sont li\u00e9s \u00e0 un rythme cardiaque plus rapide. Cependant, certains patients pr\u00e9sentent des sympt\u00f4mes, m\u00eame si la fr\u00e9quence cardiaque n\u2019est pas rapide. Dans d\u2019autres cas, le c\u0153ur bat trop lentement pendant la fibrillation auriculaire, ce qui peut \u00e9galement provoquer des sympt\u00f4mes.<\/p>\n<p>Les crises de fibrillation auriculaire peuvent dispara\u00eetre sans traitement, mais vous devez n\u00e9anmoins discuter avec votre m\u00e9decin des mesures \u00e0 prendre en cas de crise. Si vous ressentez des sympt\u00f4mes d\u00e9sagr\u00e9ables qui vous rendent vraiment malade (naus\u00e9es, <a href=\"https:\/\/www.afibmatters.org\/fr\/que-dois-je-savoir\/quest-ce-que-cela-fait-de-vivre-avec-la-fibrillation-atriale\/douleur-dans-la-poitrine\/\">douleurs thoraciques<\/a>, <a href=\"https:\/\/www.afibmatters.org\/fr\/que-dois-je-savoir\/quest-ce-que-cela-fait-de-vivre-avec-la-fibrillation-atriale\/evanouissements-vertiges-et-pertes-de-connaissance\/\">\u00e9vanouissements<\/a>, etc.), rendez-vous sans tarder \u00e0 l\u2019h\u00f4pital pour recevoir des soins.<\/p>\n<p>&nbsp;<\/p>\n","protected":false},"excerpt":{"rendered":"<p>La fa\u00e7on dont on ressent la fibrillation auriculaire varie d\u2019une personne \u00e0 l\u2019autre. Certains patients constatent des palpitations et des battements cardiaques irr\u00e9guliers et identifient imm\u00e9diatement la pr\u00e9sence d&#8217;une fibrillation auriculaire. D\u2019autres ressentent une g\u00eane thoracique, un essoufflement, des \u00e9tourdissements, des vertiges ou une fatigue g\u00e9n\u00e9rale, sans palpitations. Chez certaines personnes, les sympt\u00f4mes de la [&hellip;]<\/p>\n","protected":false},"author":1,"featured_media":0,"parent":1407,"menu_order":9,"comment_status":"closed","ping_status":"closed","template":"","meta":{"_acf_changed":false,"footnotes":""},"categories":[49],"tags":[],"class_list":["post-1438","page","type-page","status-publish","hentry","category-que-dois-je-savoir"],"acf":[],"_links":{"self":[{"href":"https:\/\/www.afibmatters.org\/fr\/wp-json\/wp\/v2\/pages\/1438","targetHints":{"allow":["GET"]}}],"collection":[{"href":"https:\/\/www.afibmatters.org\/fr\/wp-json\/wp\/v2\/pages"}],"about":[{"href":"https:\/\/www.afibmatters.org\/fr\/wp-json\/wp\/v2\/types\/page"}],"author":[{"embeddable":true,"href":"https:\/\/www.afibmatters.org\/fr\/wp-json\/wp\/v2\/users\/1"}],"replies":[{"embeddable":true,"href":"https:\/\/www.afibmatters.org\/fr\/wp-json\/wp\/v2\/comments?post=1438"}],"version-history":[{"count":4,"href":"https:\/\/www.afibmatters.org\/fr\/wp-json\/wp\/v2\/pages\/1438\/revisions"}],"predecessor-version":[{"id":6589,"href":"https:\/\/www.afibmatters.org\/fr\/wp-json\/wp\/v2\/pages\/1438\/revisions\/6589"}],"up":[{"embeddable":true,"href":"https:\/\/www.afibmatters.org\/fr\/wp-json\/wp\/v2\/pages\/1407"}],"wp:attachment":[{"href":"https:\/\/www.afibmatters.org\/fr\/wp-json\/wp\/v2\/media?parent=1438"}],"wp:term":[{"taxonomy":"category","embeddable":true,"href":"https:\/\/www.afibmatters.org\/fr\/wp-json\/wp\/v2\/categories?post=1438"},{"taxonomy":"post_tag","embeddable":true,"href":"https:\/\/www.afibmatters.org\/fr\/wp-json\/wp\/v2\/tags?post=1438"}],"curies":[{"name":"wp","href":"https:\/\/api.w.org\/{rel}","templated":true}]}}

<p><img loading="lazy" decoding="async" class="alignnone size-large wp-image-1053" src="https://cdn-endpoint-afib.azureedge.net/afibmatters/2020/01/iStock-516900090-1024x680.jpg" alt="Battement cardiaque" width="1024" height="680" srcset="https://cdn-endpoint-afib.azureedge.net/afibmatters/2020/01/iStock-516900090-1024x680.jpg 1024w, https://cdn-endpoint-afib.azureedge.net/afibmatters/2020/01/iStock-516900090-300x199.jpg 300w, https://cdn-endpoint-afib.azureedge.net/afibmatters/2020/01/iStock-516900090-768x510.jpg 768w, https://cdn-endpoint-afib.azureedge.net/afibmatters/2020/01/iStock-516900090-1536x1020.jpg 1536w, https://cdn-endpoint-afib.azureedge.net/afibmatters/2020/01/iStock-516900090-2048x1360.jpg 2048w, https://cdn-endpoint-afib.azureedge.net/afibmatters/2020/01/iStock-516900090-500x332.jpg 500w" sizes="auto, (max-width: 1024px) 100vw, 1024px" /></p>
<p>La façon dont on ressent la fibrillation auriculaire varie d’une personne à l’autre. Certains patients constatent des <a href="https://www.afibmatters.org/fr/que-dois-je-savoir/quest-ce-que-cela-fait-de-vivre-avec-la-fibrillation-atriale/palpitations/">palpitations</a> et des battements cardiaques irréguliers et identifient immédiatement la présence d&#8217;une fibrillation auriculaire. D’autres ressentent une <a href="https://www.afibmatters.org/fr/que-dois-je-savoir/quest-ce-que-cela-fait-de-vivre-avec-la-fibrillation-atriale/douleur-dans-la-poitrine/">gêne thoracique</a>, un <a href="https://www.afibmatters.org/fr/que-dois-je-savoir/quest-ce-que-cela-fait-de-vivre-avec-la-fibrillation-atriale/essoufflement/">essoufflement</a>, des <a href="https://www.afibmatters.org/fr/que-dois-je-savoir/quest-ce-que-cela-fait-de-vivre-avec-la-fibrillation-atriale/evanouissements-vertiges-et-pertes-de-connaissance/">étourdissements, des vertiges</a> ou une <a href="https://www.afibmatters.org/fr/que-dois-je-savoir/quest-ce-que-cela-fait-de-vivre-avec-la-fibrillation-atriale/fatigue/">fatigue</a> générale, sans <a href="https://www.afibmatters.org/fr/que-dois-je-savoir/quest-ce-que-cela-fait-de-vivre-avec-la-fibrillation-atriale/palpitations/">palpitations</a>. Chez certaines personnes, les symptômes de la fibrillation auriculaire peuvent être présents au repos, tandis que chez d’autres, ils apparaissent pendant l’exercice.</p>
<p>L’apparition d’une crise de fibrillation auriculaire n’est pas toujours claire. Dans certains cas, les symptômes commencent brusquement alors que dans d’autres cas, il y a une réduction de la capacité à faire de l’exercice. Dans ce dernier cas, on peut ne pas soupçonner la fibrillation auriculaire, et il peut s’écouler un long moment avant que le patient ne consulte un médecin.</p>
<p>Enfin, il est possible qu’une personne souffrant de fibrillation auriculaire ne présente aucun symptôme et que l’arythmie soit découverte accidentellement, par exemple lors d’un examen de routine ou à l’aide de technologies portables.</p>
<p>La raison pour laquelle certaines personnes atteintes de fibrillation auriculaire ressentent des symptômes, alors que d’autres non, n’est pas claire. Pour de nombreux patients, les symptômes sont liés à un rythme cardiaque plus rapide. Cependant, certains patients présentent des symptômes, même si la fréquence cardiaque n’est pas rapide. Dans d’autres cas, le cœur bat trop lentement pendant la fibrillation auriculaire, ce qui peut également provoquer des symptômes.</p>
<p>Les crises de fibrillation auriculaire peuvent disparaître sans traitement, mais vous devez néanmoins discuter avec votre médecin des mesures à prendre en cas de crise. Si vous ressentez des symptômes désagréables qui vous rendent vraiment malade (nausées, <a href="https://www.afibmatters.org/fr/que-dois-je-savoir/quest-ce-que-cela-fait-de-vivre-avec-la-fibrillation-atriale/douleur-dans-la-poitrine/">douleurs thoraciques</a>, <a href="https://www.afibmatters.org/fr/que-dois-je-savoir/quest-ce-que-cela-fait-de-vivre-avec-la-fibrillation-atriale/evanouissements-vertiges-et-pertes-de-connaissance/">évanouissements</a>, etc.), rendez-vous sans tarder à l’hôpital pour recevoir des soins.</p>
<p>&nbsp;</p>

<p>La façon dont on ressent la fibrillation auriculaire varie d’une personne à l’autre. Certains patients constatent des palpitations et des battements cardiaques irréguliers et identifient immédiatement la présence d&#8217;une fibrillation auriculaire. D’autres ressentent une gêne thoracique, un essoufflement, des étourdissements, des vertiges ou une fatigue générale, sans palpitations. Chez certaines personnes, les symptômes de la [&hellip;]</p>
