{"id":6718,"date":"2022-03-24T10:50:18","date_gmt":"2022-03-24T10:50:18","guid":{"rendered":"https:\/\/www.afibmatters.org\/que-puedo-hacer\/como-debo-cambiar-mi-vida\/estres\/"},"modified":"2022-03-24T10:50:18","modified_gmt":"2022-03-24T10:50:18","slug":"estres","status":"publish","type":"page","link":"https:\/\/www.afibmatters.org\/es\/que-puedo-hacer\/como-debo-cambiar-mi-vida\/estres\/","title":{"rendered":"Estr\u00e9s"},"content":{"rendered":"<p><img loading=\"lazy\" decoding=\"async\" class=\"alignnone wp-image-6443 size-full\" src=\"https:\/\/cdn-endpoint-afib.azureedge.net\/afibmatters\/2022\/03\/shutterstock_755583076-1-min.jpg?_t=1646320538\" alt=\"\" width=\"900\" height=\"600\" srcset=\"https:\/\/cdn-endpoint-afib.azureedge.net\/afibmatters\/2022\/03\/shutterstock_755583076-1-min.jpg 900w, https:\/\/cdn-endpoint-afib.azureedge.net\/afibmatters\/2022\/03\/shutterstock_755583076-1-min-300x200.jpg 300w, https:\/\/cdn-endpoint-afib.azureedge.net\/afibmatters\/2022\/03\/shutterstock_755583076-1-min-768x512.jpg 768w, https:\/\/cdn-endpoint-afib.azureedge.net\/afibmatters\/2022\/03\/shutterstock_755583076-1-min-500x333.jpg 500w\" sizes=\"auto, (max-width: 900px) 100vw, 900px\" \/><\/p>\n<p>Por lo general, se supone que el estr\u00e9s \u201cno es bueno para el coraz\u00f3n\u201d y que tambi\u00e9n es responsable del desarrollo de arritmias. Sin embargo, hasta la fecha, solo se dispone de estudios de poca escala que proporcionan posibles pruebas del estr\u00e9s como desencadenante de la fibrilaci\u00f3n auricular.<\/p>\n<p>Todav\u00eda se necesita una amplia investigaci\u00f3n cient\u00edfica que proporcione pruebas s\u00f3lidas del estr\u00e9s como posible desencadenante de la fibrilaci\u00f3n auricular.<\/p>\n<p>&nbsp;<\/p>\n<h3>Estr\u00e9s agudo<\/h3>\n<p>Se entiende por estr\u00e9s agudo el desencadenante emocional que se experimenta durante acontecimientos negativos, como la muerte repentina o la lesi\u00f3n de un conocido cercano. Se han descrito algunos casos en los que un episodio de fibrilaci\u00f3n auricular fue precedido por tales emociones negativas. Aunque faltan pruebas cient\u00edficas s\u00f3lidas, existe una explicaci\u00f3n cient\u00edfica aceptable para esta relaci\u00f3n.<\/p>\n<p>Un desencadenante emocional puede estimular el sistema nervioso aut\u00f3nomo (es decir, el sistema nervioso que usted no controla y que regula, entre otras cosas, la frecuencia card\u00edaca y la presi\u00f3n arterial). Se sabe que este sistema nervioso influye en el desarrollo de la fibrilaci\u00f3n auricular.<\/p>\n<p>Hay estudios a peque\u00f1a escala que han demostrado la conexi\u00f3n entre la emoci\u00f3n y la fibrilaci\u00f3n auricular. Por ejemplo, se les pidi\u00f3 a casi 100 pacientes que alguna vez hab\u00edan tenido fibrilaci\u00f3n auricular que registraran sus emociones diariamente durante un a\u00f1o.<\/p>\n<p>La recurrencia de la fibrilaci\u00f3n auricular se pudo relacionar con las emociones que describieron. En esta reducida serie de pacientes, fue posible demostrar que una emoci\u00f3n negativa como la tristeza, el miedo y la ira duplicaban el riesgo de fibrilaci\u00f3n auricular. Por otra parte, la alegr\u00eda reduc\u00eda la incidencia de fibrilaci\u00f3n auricular en un 85&nbsp;%.<\/p>\n<p>A pesar de la ausencia de estudios a gran escala, esto sugiere que las emociones agudas pueden ser un desencadenante de la fibrilaci\u00f3n auricular, especialmente en pacientes que ya ten\u00edan esta arritmia.<\/p>\n<p>&nbsp;<\/p>\n<h3>Estr\u00e9s cr\u00f3nico<\/h3>\n<p>Al igual que con el estr\u00e9s agudo, se puede suponer que el estr\u00e9s cr\u00f3nico tambi\u00e9n es un desencadenante de la fibrilaci\u00f3n auricular debido a su impacto en el sistema nervioso aut\u00f3nomo. Sin embargo, tambi\u00e9n faltan estudios a gran escala sobre este tema y la evidencia que existe tiende a dar resultados contradictorios. Algunos factores estresantes a largo plazo, como la ira, la hostilidad y la tensi\u00f3n, han demostrado estar asociados con la fibrilaci\u00f3n auricular, pero solo en los hombres. Las emociones negativas tienen efectos diferentes en el cuerpo de los hombres que en el de las mujeres.<\/p>\n<p>Adem\u00e1s, hay algunos estudios a peque\u00f1a escala que indican que los tratamientos dirigidos a aumentar la relajaci\u00f3n reducen la carga de fibrilaci\u00f3n auricular, y mejoran as\u00ed los s\u00edntomas y la calidad de vida. Esto se demostr\u00f3 en una reducida serie de pacientes durante sesiones de entrenamiento de yoga de dos veces por semana durante tres meses. El resultado fue una reducci\u00f3n de los episodios sintom\u00e1ticos y no sintom\u00e1ticos de fibrilaci\u00f3n auricular.<\/p>\n<p>&nbsp;<\/p>\n<h3>Depresi\u00f3n<\/h3>\n<p>Se ha demostrado una clara relaci\u00f3n entre la depresi\u00f3n y la fibrilaci\u00f3n auricular. Los pacientes que alguna vez han sufrido de depresi\u00f3n son hasta un 25&nbsp;% m\u00e1s propensos a desarrollar fibrilaci\u00f3n auricular. El riesgo aumenta con los episodios recurrentes de depresi\u00f3n, y hay un riesgo a\u00fan mayor en pacientes j\u00f3venes y en mujeres.<\/p>\n<p>&nbsp;<\/p>\n<h3>La fibrilaci\u00f3n auricular como causa de estr\u00e9s<\/h3>\n<p>Por \u00faltimo, tambi\u00e9n existe una asociaci\u00f3n inversa con la depresi\u00f3n. El \u201ctrastorno\u201d de la fibrilaci\u00f3n auricular en s\u00ed conduce a la ansiedad y los s\u00edntomas depresivos en hasta el 35&nbsp;% de los pacientes. Es por eso que los m\u00e9dicos, y m\u00e1s espec\u00edficamente los cardi\u00f3logos, prestan tanta atenci\u00f3n a esta arritmia.<\/p>\n<p>Los pacientes est\u00e1n ahora mucho m\u00e1s implicados en el tratamiento de esta arritmia con el fin de mejorar no solo su salud f\u00edsica, sino tambi\u00e9n la salud mental y la calidad de vida. Por lo tanto, es extremadamente importante explicar la naturaleza de las arritmias, repasar las diferentes estrategias de tratamiento posibles y enfatizar la posibilidad de que los pacientes puedan influir en el desarrollo de la fibrilaci\u00f3n auricular a trav\u00e9s del cambio de comportamiento.<\/p>\n","protected":false},"excerpt":{"rendered":"<p>Por lo general, se supone que el estr\u00e9s \u201cno es bueno para el coraz\u00f3n\u201d y que tambi\u00e9n es responsable del desarrollo de arritmias. Sin embargo, hasta la fecha, solo se dispone de estudios de poca escala que proporcionan posibles pruebas del estr\u00e9s como desencadenante de la fibrilaci\u00f3n auricular. Todav\u00eda se necesita una amplia investigaci\u00f3n cient\u00edfica [&hellip;]<\/p>\n","protected":false},"author":1,"featured_media":0,"parent":1547,"menu_order":10,"comment_status":"closed","ping_status":"closed","template":"","meta":{"_acf_changed":false,"footnotes":""},"categories":[66],"tags":[],"class_list":["post-6718","page","type-page","status-publish","hentry","category-que-puedo-hacer"],"acf":[],"_links":{"self":[{"href":"https:\/\/www.afibmatters.org\/es\/wp-json\/wp\/v2\/pages\/6718","targetHints":{"allow":["GET"]}}],"collection":[{"href":"https:\/\/www.afibmatters.org\/es\/wp-json\/wp\/v2\/pages"}],"about":[{"href":"https:\/\/www.afibmatters.org\/es\/wp-json\/wp\/v2\/types\/page"}],"author":[{"embeddable":true,"href":"https:\/\/www.afibmatters.org\/es\/wp-json\/wp\/v2\/users\/1"}],"replies":[{"embeddable":true,"href":"https:\/\/www.afibmatters.org\/es\/wp-json\/wp\/v2\/comments?post=6718"}],"version-history":[{"count":0,"href":"https:\/\/www.afibmatters.org\/es\/wp-json\/wp\/v2\/pages\/6718\/revisions"}],"up":[{"embeddable":true,"href":"https:\/\/www.afibmatters.org\/es\/wp-json\/wp\/v2\/pages\/1547"}],"wp:attachment":[{"href":"https:\/\/www.afibmatters.org\/es\/wp-json\/wp\/v2\/media?parent=6718"}],"wp:term":[{"taxonomy":"category","embeddable":true,"href":"https:\/\/www.afibmatters.org\/es\/wp-json\/wp\/v2\/categories?post=6718"},{"taxonomy":"post_tag","embeddable":true,"href":"https:\/\/www.afibmatters.org\/es\/wp-json\/wp\/v2\/tags?post=6718"}],"curies":[{"name":"wp","href":"https:\/\/api.w.org\/{rel}","templated":true}]}}

Estrés

<p><img loading="lazy" decoding="async" class="alignnone wp-image-6443 size-full" src="https://cdn-endpoint-afib.azureedge.net/afibmatters/2022/03/shutterstock_755583076-1-min.jpg?_t=1646320538" alt="" width="900" height="600" srcset="https://cdn-endpoint-afib.azureedge.net/afibmatters/2022/03/shutterstock_755583076-1-min.jpg 900w, https://cdn-endpoint-afib.azureedge.net/afibmatters/2022/03/shutterstock_755583076-1-min-300x200.jpg 300w, https://cdn-endpoint-afib.azureedge.net/afibmatters/2022/03/shutterstock_755583076-1-min-768x512.jpg 768w, https://cdn-endpoint-afib.azureedge.net/afibmatters/2022/03/shutterstock_755583076-1-min-500x333.jpg 500w" sizes="auto, (max-width: 900px) 100vw, 900px" /></p>
<p>Por lo general, se supone que el estrés “no es bueno para el corazón” y que también es responsable del desarrollo de arritmias. Sin embargo, hasta la fecha, solo se dispone de estudios de poca escala que proporcionan posibles pruebas del estrés como desencadenante de la fibrilación auricular.</p>
<p>Todavía se necesita una amplia investigación científica que proporcione pruebas sólidas del estrés como posible desencadenante de la fibrilación auricular.</p>
<p>&nbsp;</p>
<h3>Estrés agudo</h3>
<p>Se entiende por estrés agudo el desencadenante emocional que se experimenta durante acontecimientos negativos, como la muerte repentina o la lesión de un conocido cercano. Se han descrito algunos casos en los que un episodio de fibrilación auricular fue precedido por tales emociones negativas. Aunque faltan pruebas científicas sólidas, existe una explicación científica aceptable para esta relación.</p>
<p>Un desencadenante emocional puede estimular el sistema nervioso autónomo (es decir, el sistema nervioso que usted no controla y que regula, entre otras cosas, la frecuencia cardíaca y la presión arterial). Se sabe que este sistema nervioso influye en el desarrollo de la fibrilación auricular.</p>
<p>Hay estudios a pequeña escala que han demostrado la conexión entre la emoción y la fibrilación auricular. Por ejemplo, se les pidió a casi 100 pacientes que alguna vez habían tenido fibrilación auricular que registraran sus emociones diariamente durante un año.</p>
<p>La recurrencia de la fibrilación auricular se pudo relacionar con las emociones que describieron. En esta reducida serie de pacientes, fue posible demostrar que una emoción negativa como la tristeza, el miedo y la ira duplicaban el riesgo de fibrilación auricular. Por otra parte, la alegría reducía la incidencia de fibrilación auricular en un 85&nbsp;%.</p>
<p>A pesar de la ausencia de estudios a gran escala, esto sugiere que las emociones agudas pueden ser un desencadenante de la fibrilación auricular, especialmente en pacientes que ya tenían esta arritmia.</p>
<p>&nbsp;</p>
<h3>Estrés crónico</h3>
<p>Al igual que con el estrés agudo, se puede suponer que el estrés crónico también es un desencadenante de la fibrilación auricular debido a su impacto en el sistema nervioso autónomo. Sin embargo, también faltan estudios a gran escala sobre este tema y la evidencia que existe tiende a dar resultados contradictorios. Algunos factores estresantes a largo plazo, como la ira, la hostilidad y la tensión, han demostrado estar asociados con la fibrilación auricular, pero solo en los hombres. Las emociones negativas tienen efectos diferentes en el cuerpo de los hombres que en el de las mujeres.</p>
<p>Además, hay algunos estudios a pequeña escala que indican que los tratamientos dirigidos a aumentar la relajación reducen la carga de fibrilación auricular, y mejoran así los síntomas y la calidad de vida. Esto se demostró en una reducida serie de pacientes durante sesiones de entrenamiento de yoga de dos veces por semana durante tres meses. El resultado fue una reducción de los episodios sintomáticos y no sintomáticos de fibrilación auricular.</p>
<p>&nbsp;</p>
<h3>Depresión</h3>
<p>Se ha demostrado una clara relación entre la depresión y la fibrilación auricular. Los pacientes que alguna vez han sufrido de depresión son hasta un 25&nbsp;% más propensos a desarrollar fibrilación auricular. El riesgo aumenta con los episodios recurrentes de depresión, y hay un riesgo aún mayor en pacientes jóvenes y en mujeres.</p>
<p>&nbsp;</p>
<h3>La fibrilación auricular como causa de estrés</h3>
<p>Por último, también existe una asociación inversa con la depresión. El “trastorno” de la fibrilación auricular en sí conduce a la ansiedad y los síntomas depresivos en hasta el 35&nbsp;% de los pacientes. Es por eso que los médicos, y más específicamente los cardiólogos, prestan tanta atención a esta arritmia.</p>
<p>Los pacientes están ahora mucho más implicados en el tratamiento de esta arritmia con el fin de mejorar no solo su salud física, sino también la salud mental y la calidad de vida. Por lo tanto, es extremadamente importante explicar la naturaleza de las arritmias, repasar las diferentes estrategias de tratamiento posibles y enfatizar la posibilidad de que los pacientes puedan influir en el desarrollo de la fibrilación auricular a través del cambio de comportamiento.</p>

<p>Por lo general, se supone que el estrés “no es bueno para el corazón” y que también es responsable del desarrollo de arritmias. Sin embargo, hasta la fecha, solo se dispone de estudios de poca escala que proporcionan posibles pruebas del estrés como desencadenante de la fibrilación auricular. Todavía se necesita una amplia investigación científica [&hellip;]</p>
