{"id":6620,"date":"2022-03-24T10:48:40","date_gmt":"2022-03-24T10:48:40","guid":{"rendered":"https:\/\/www.afibmatters.org\/que-debo-saber\/que-se-siente-al-tener-fibrilacion-auricular\/dificultad-para-respirar\/"},"modified":"2022-03-29T11:30:14","modified_gmt":"2022-03-29T10:30:14","slug":"dificultad-para-respirar","status":"publish","type":"page","link":"https:\/\/www.afibmatters.org\/es\/que-debo-saber\/que-se-siente-al-tener-fibrilacion-auricular\/dificultad-para-respirar\/","title":{"rendered":"Dificultad para respirar"},"content":{"rendered":"<p><img loading=\"lazy\" decoding=\"async\" class=\"alignnone wp-image-6297 size-full\" src=\"https:\/\/cdn-endpoint-afib.azureedge.net\/afibmatters\/2022\/03\/shutterstock_2063929043-1-min.jpg?_t=1646320123\" alt=\"\" width=\"900\" height=\"600\" srcset=\"https:\/\/cdn-endpoint-afib.azureedge.net\/afibmatters\/2022\/03\/shutterstock_2063929043-1-min.jpg 900w, https:\/\/cdn-endpoint-afib.azureedge.net\/afibmatters\/2022\/03\/shutterstock_2063929043-1-min-300x200.jpg 300w, https:\/\/cdn-endpoint-afib.azureedge.net\/afibmatters\/2022\/03\/shutterstock_2063929043-1-min-768x512.jpg 768w, https:\/\/cdn-endpoint-afib.azureedge.net\/afibmatters\/2022\/03\/shutterstock_2063929043-1-min-500x333.jpg 500w\" sizes=\"auto, (max-width: 900px) 100vw, 900px\" \/><\/p>\n<p>La dificultad para respirar es un s\u00edntoma muy frecuente en personas con enfermedades card\u00edacas. La sensaci\u00f3n que se siente puede describirse de distinta manera seg\u00fan la persona y sus circunstancias: falta de aliento, problemas para respirar, respiraci\u00f3n pesada y, en casos m\u00e1s graves, respiraci\u00f3n jadeante, asfixia o sensaci\u00f3n de ahogamiento. El t\u00e9rmino m\u00e9dico disnea tambi\u00e9n puede utilizarlo su profesional de la salud para referirse a la falta de aire.<\/p>\n<p>La sensaci\u00f3n de opresi\u00f3n en el pecho, el malestar o la constricci\u00f3n, similar a la producida por una banda en el t\u00f3rax, pueden ser s\u00edntomas de la falta de aire. Sin embargo, estos s\u00edntomas no son muy espec\u00edficos y plantean la posibilidad de que se trate de una angina de pecho (un tipo de dolor tor\u00e1cico causado por la reducci\u00f3n del flujo sangu\u00edneo al miocardio). Es importante que pueda describir las circunstancias en las que tiene dificultad para respirar.<\/p>\n<p>Es frecuente sentir dificultad para respirar al moverse. Algunas de las actividades que deber\u00eda hacer sin problemas le producen una sensaci\u00f3n de dificultad para respirar m\u00e1s propia de un esfuerzo f\u00edsico vigoroso. Puede sucederle al subir escaleras o cuestas, al hacer jardiner\u00eda o incluso al vestirse.<\/p>\n<p>La aparici\u00f3n puede ser muy gradual y, en ocasiones, puede haber ignorado esa dificultad para respirar a medida que envejece, pierde la forma f\u00edsica o tiene sobrepeso. Sin embargo, cualquier cambio en la respiraci\u00f3n que sea evidente para su familia o cuando se compara con gente de su edad podr\u00eda ser significativo.<\/p>\n<h3>Falta de aire en reposo y por la noche<\/h3>\n<p>Es importante ser capaz de reconocer la dificultad para respirar grave, que se produce incluso en reposo y puede estar asociada a la opresi\u00f3n tor\u00e1cica o a las sibilancias (un s\u00edntoma m\u00e1s com\u00fanmente asociado al asma o a una enfermedad pulmonar).<\/p>\n<p>La sensaci\u00f3n de dificultad respiratoria que se produce al acostarse y que obliga a utilizar varias almohadas o a dormir en una silla por la noche (lo que tambi\u00e9n se conoce como ortopnea) es un indicio de que el funcionamiento del coraz\u00f3n se ha visto notablemente afectado, por lo que necesita atenci\u00f3n m\u00e9dica urgente.<\/p>\n<p>Despertarse por la noche con episodios graves de dificultad para respirar que tambi\u00e9n mejoran al levantarse o sentarse en el borde de la cama (lo que tambi\u00e9n se conoce como disnea parox\u00edstica nocturna) son experiencias estrechamente relacionadas e indican que los pulmones pueden estar congestionados y acumulando l\u00edquido (conocido como l\u00edquido en el pulm\u00f3n).<\/p>\n<p>Su m\u00e9dico puede identificar esta congesti\u00f3n al escuchar sus pulmones o en una radiograf\u00eda de t\u00f3rax. Estos s\u00edntomas no se asocian de forma exclusiva a la fibrilaci\u00f3n auricular, sino que pueden ser un s\u00edntoma de cualquier condici\u00f3n en la que el funcionamiento del coraz\u00f3n se vea afectado.<\/p>\n<p>Tambi\u00e9n se puede observar un aumento repentino de la dificultad para respirar cuando el coraz\u00f3n cambia por primera vez de un ritmo normal a una fibrilaci\u00f3n auricular. Esto puede ocurrir durante un periodo de minutos a horas y podr\u00eda estar asociado con palpitaciones o una sensaci\u00f3n de coraz\u00f3n acelerado.<\/p>\n<p>La dificultad para respirar que se produce en reposo puede ser angustiante y normalmente har\u00e1 que busque atenci\u00f3n m\u00e9dica urgente. Cuando la fibrilaci\u00f3n auricular es intermitente, y dura minutos u horas antes de volver de forma espont\u00e1nea a un ritmo normal, el s\u00edntoma de dificultad para respirar puede seguir un patr\u00f3n similar y se puede volver a tener respiraci\u00f3n normal entre un episodio y otro.<\/p>\n<p>Cuando informe de este s\u00edntoma a su m\u00e9dico, debe tener en cuenta qu\u00e9 factores pueden precipitar la dificultad para respirar y cualquier caracter\u00edstica asociada, como sibilancias, palpitaciones, sensaci\u00f3n de coraz\u00f3n acelerado o dolor en el pecho.<\/p>\n<p>Es importante tener en cuenta que la dificultad para respirar es un s\u00edntoma de muchas afecciones m\u00e9dicas, por lo que su m\u00e9dico deber\u00e1 excluir otras causas, como la enfermedad valvular, la enfermedad del m\u00fasculo card\u00edaco, la angina u otras afecciones m\u00e9dicas, incluso si se ha establecido que tiene fibrilaci\u00f3n auricular.<\/p>\n<p>Por este motivo, es posible que se requiera llevar a cabo <a href=\"https:\/\/www.afibmatters.org\/what-can-my-doctor-do\/useful-tests\/\">pruebas complementarias<\/a>, como an\u00e1lisis de sangre, una ecocardiograf\u00eda, pruebas de esfuerzo y pruebas de funcionales respiratorias.<\/p>\n","protected":false},"excerpt":{"rendered":"<p>La dificultad para respirar es un s\u00edntoma muy frecuente en personas con enfermedades card\u00edacas. La sensaci\u00f3n que se siente puede describirse de distinta manera seg\u00fan la persona y sus circunstancias: falta de aliento, problemas para respirar, respiraci\u00f3n pesada y, en casos m\u00e1s graves, respiraci\u00f3n jadeante, asfixia o sensaci\u00f3n de ahogamiento. El t\u00e9rmino m\u00e9dico disnea tambi\u00e9n [&hellip;]<\/p>\n","protected":false},"author":1,"featured_media":0,"parent":1439,"menu_order":1,"comment_status":"closed","ping_status":"closed","template":"","meta":{"_acf_changed":false,"footnotes":""},"categories":[55],"tags":[],"class_list":["post-6620","page","type-page","status-publish","hentry","category-que-debo-saber"],"acf":[],"_links":{"self":[{"href":"https:\/\/www.afibmatters.org\/es\/wp-json\/wp\/v2\/pages\/6620","targetHints":{"allow":["GET"]}}],"collection":[{"href":"https:\/\/www.afibmatters.org\/es\/wp-json\/wp\/v2\/pages"}],"about":[{"href":"https:\/\/www.afibmatters.org\/es\/wp-json\/wp\/v2\/types\/page"}],"author":[{"embeddable":true,"href":"https:\/\/www.afibmatters.org\/es\/wp-json\/wp\/v2\/users\/1"}],"replies":[{"embeddable":true,"href":"https:\/\/www.afibmatters.org\/es\/wp-json\/wp\/v2\/comments?post=6620"}],"version-history":[{"count":2,"href":"https:\/\/www.afibmatters.org\/es\/wp-json\/wp\/v2\/pages\/6620\/revisions"}],"predecessor-version":[{"id":6870,"href":"https:\/\/www.afibmatters.org\/es\/wp-json\/wp\/v2\/pages\/6620\/revisions\/6870"}],"up":[{"embeddable":true,"href":"https:\/\/www.afibmatters.org\/es\/wp-json\/wp\/v2\/pages\/1439"}],"wp:attachment":[{"href":"https:\/\/www.afibmatters.org\/es\/wp-json\/wp\/v2\/media?parent=6620"}],"wp:term":[{"taxonomy":"category","embeddable":true,"href":"https:\/\/www.afibmatters.org\/es\/wp-json\/wp\/v2\/categories?post=6620"},{"taxonomy":"post_tag","embeddable":true,"href":"https:\/\/www.afibmatters.org\/es\/wp-json\/wp\/v2\/tags?post=6620"}],"curies":[{"name":"wp","href":"https:\/\/api.w.org\/{rel}","templated":true}]}}

<p><img loading="lazy" decoding="async" class="alignnone wp-image-6297 size-full" src="https://cdn-endpoint-afib.azureedge.net/afibmatters/2022/03/shutterstock_2063929043-1-min.jpg?_t=1646320123" alt="" width="900" height="600" srcset="https://cdn-endpoint-afib.azureedge.net/afibmatters/2022/03/shutterstock_2063929043-1-min.jpg 900w, https://cdn-endpoint-afib.azureedge.net/afibmatters/2022/03/shutterstock_2063929043-1-min-300x200.jpg 300w, https://cdn-endpoint-afib.azureedge.net/afibmatters/2022/03/shutterstock_2063929043-1-min-768x512.jpg 768w, https://cdn-endpoint-afib.azureedge.net/afibmatters/2022/03/shutterstock_2063929043-1-min-500x333.jpg 500w" sizes="auto, (max-width: 900px) 100vw, 900px" /></p>
<p>La dificultad para respirar es un síntoma muy frecuente en personas con enfermedades cardíacas. La sensación que se siente puede describirse de distinta manera según la persona y sus circunstancias: falta de aliento, problemas para respirar, respiración pesada y, en casos más graves, respiración jadeante, asfixia o sensación de ahogamiento. El término médico disnea también puede utilizarlo su profesional de la salud para referirse a la falta de aire.</p>
<p>La sensación de opresión en el pecho, el malestar o la constricción, similar a la producida por una banda en el tórax, pueden ser síntomas de la falta de aire. Sin embargo, estos síntomas no son muy específicos y plantean la posibilidad de que se trate de una angina de pecho (un tipo de dolor torácico causado por la reducción del flujo sanguíneo al miocardio). Es importante que pueda describir las circunstancias en las que tiene dificultad para respirar.</p>
<p>Es frecuente sentir dificultad para respirar al moverse. Algunas de las actividades que debería hacer sin problemas le producen una sensación de dificultad para respirar más propia de un esfuerzo físico vigoroso. Puede sucederle al subir escaleras o cuestas, al hacer jardinería o incluso al vestirse.</p>
<p>La aparición puede ser muy gradual y, en ocasiones, puede haber ignorado esa dificultad para respirar a medida que envejece, pierde la forma física o tiene sobrepeso. Sin embargo, cualquier cambio en la respiración que sea evidente para su familia o cuando se compara con gente de su edad podría ser significativo.</p>
<h3>Falta de aire en reposo y por la noche</h3>
<p>Es importante ser capaz de reconocer la dificultad para respirar grave, que se produce incluso en reposo y puede estar asociada a la opresión torácica o a las sibilancias (un síntoma más comúnmente asociado al asma o a una enfermedad pulmonar).</p>
<p>La sensación de dificultad respiratoria que se produce al acostarse y que obliga a utilizar varias almohadas o a dormir en una silla por la noche (lo que también se conoce como ortopnea) es un indicio de que el funcionamiento del corazón se ha visto notablemente afectado, por lo que necesita atención médica urgente.</p>
<p>Despertarse por la noche con episodios graves de dificultad para respirar que también mejoran al levantarse o sentarse en el borde de la cama (lo que también se conoce como disnea paroxística nocturna) son experiencias estrechamente relacionadas e indican que los pulmones pueden estar congestionados y acumulando líquido (conocido como líquido en el pulmón).</p>
<p>Su médico puede identificar esta congestión al escuchar sus pulmones o en una radiografía de tórax. Estos síntomas no se asocian de forma exclusiva a la fibrilación auricular, sino que pueden ser un síntoma de cualquier condición en la que el funcionamiento del corazón se vea afectado.</p>
<p>También se puede observar un aumento repentino de la dificultad para respirar cuando el corazón cambia por primera vez de un ritmo normal a una fibrilación auricular. Esto puede ocurrir durante un periodo de minutos a horas y podría estar asociado con palpitaciones o una sensación de corazón acelerado.</p>
<p>La dificultad para respirar que se produce en reposo puede ser angustiante y normalmente hará que busque atención médica urgente. Cuando la fibrilación auricular es intermitente, y dura minutos u horas antes de volver de forma espontánea a un ritmo normal, el síntoma de dificultad para respirar puede seguir un patrón similar y se puede volver a tener respiración normal entre un episodio y otro.</p>
<p>Cuando informe de este síntoma a su médico, debe tener en cuenta qué factores pueden precipitar la dificultad para respirar y cualquier característica asociada, como sibilancias, palpitaciones, sensación de corazón acelerado o dolor en el pecho.</p>
<p>Es importante tener en cuenta que la dificultad para respirar es un síntoma de muchas afecciones médicas, por lo que su médico deberá excluir otras causas, como la enfermedad valvular, la enfermedad del músculo cardíaco, la angina u otras afecciones médicas, incluso si se ha establecido que tiene fibrilación auricular.</p>
<p>Por este motivo, es posible que se requiera llevar a cabo <a href="https://www.afibmatters.org/what-can-my-doctor-do/useful-tests/">pruebas complementarias</a>, como análisis de sangre, una ecocardiografía, pruebas de esfuerzo y pruebas de funcionales respiratorias.</p>

<p>La dificultad para respirar es un síntoma muy frecuente en personas con enfermedades cardíacas. La sensación que se siente puede describirse de distinta manera según la persona y sus circunstancias: falta de aliento, problemas para respirar, respiración pesada y, en casos más graves, respiración jadeante, asfixia o sensación de ahogamiento. El término médico disnea también [&hellip;]</p>
