{"id":1446,"date":"2020-03-03T11:56:48","date_gmt":"2020-03-03T11:56:48","guid":{"rendered":"https:\/\/www.afibmatters.org\/que-debo-saber\/por-que-es-peligrosa-la-fibrilacion-auricular\/"},"modified":"2022-03-28T12:00:44","modified_gmt":"2022-03-28T11:00:44","slug":"por-que-es-peligrosa-la-fibrilacion-auricular","status":"publish","type":"page","link":"https:\/\/www.afibmatters.org\/es\/que-debo-saber\/por-que-es-peligrosa-la-fibrilacion-auricular\/","title":{"rendered":"\u00bfPor qu\u00e9 es peligrosa la FA?"},"content":{"rendered":"<p>Muchos pacientes viven con una arritmia durante d\u00e9cadas sin presentar problemas. Sin embargo, si no se trata, la fibrilaci\u00f3n auricular puede comportar complicaciones, como un accidente cerebrovascular o insuficiencia card\u00edaca, que pueden tener graves consecuencias para su vida.<\/p>\n<ul>\n<li><a href=\"https:\/\/www.afibmatters.org\/es\/que-puede-hacer-mi-medico\/como-prevenir-la-insuficiencia-cardiaca\/\">Riesgo de insuficiencia card\u00edaca<\/a><\/li>\n<li><a href=\"https:\/\/www.afibmatters.org\/es\/que-puede-hacer-mi-medico\/como-prevenir-el-accidente-cerebrovascular\/\">Riesgo de accidente cerebrovascular<\/a><\/li>\n<\/ul>\n<p>&nbsp;<\/p>\n","protected":false},"excerpt":{"rendered":"<p>Muchos pacientes viven con una arritmia durante d\u00e9cadas sin presentar problemas. Sin embargo, si no se trata, la fibrilaci\u00f3n auricular puede comportar complicaciones, como un accidente cerebrovascular o insuficiencia card\u00edaca, que pueden tener graves consecuencias para su vida. Riesgo de insuficiencia card\u00edaca Riesgo de accidente cerebrovascular &nbsp;<\/p>\n","protected":false},"author":1,"featured_media":0,"parent":1431,"menu_order":10,"comment_status":"closed","ping_status":"closed","template":"","meta":{"_acf_changed":false,"footnotes":""},"categories":[55],"tags":[],"class_list":["post-1446","page","type-page","status-publish","hentry","category-que-debo-saber"],"acf":[],"_links":{"self":[{"href":"https:\/\/www.afibmatters.org\/es\/wp-json\/wp\/v2\/pages\/1446","targetHints":{"allow":["GET"]}}],"collection":[{"href":"https:\/\/www.afibmatters.org\/es\/wp-json\/wp\/v2\/pages"}],"about":[{"href":"https:\/\/www.afibmatters.org\/es\/wp-json\/wp\/v2\/types\/page"}],"author":[{"embeddable":true,"href":"https:\/\/www.afibmatters.org\/es\/wp-json\/wp\/v2\/users\/1"}],"replies":[{"embeddable":true,"href":"https:\/\/www.afibmatters.org\/es\/wp-json\/wp\/v2\/comments?post=1446"}],"version-history":[{"count":4,"href":"https:\/\/www.afibmatters.org\/es\/wp-json\/wp\/v2\/pages\/1446\/revisions"}],"predecessor-version":[{"id":6860,"href":"https:\/\/www.afibmatters.org\/es\/wp-json\/wp\/v2\/pages\/1446\/revisions\/6860"}],"up":[{"embeddable":true,"href":"https:\/\/www.afibmatters.org\/es\/wp-json\/wp\/v2\/pages\/1431"}],"wp:attachment":[{"href":"https:\/\/www.afibmatters.org\/es\/wp-json\/wp\/v2\/media?parent=1446"}],"wp:term":[{"taxonomy":"category","embeddable":true,"href":"https:\/\/www.afibmatters.org\/es\/wp-json\/wp\/v2\/categories?post=1446"},{"taxonomy":"post_tag","embeddable":true,"href":"https:\/\/www.afibmatters.org\/es\/wp-json\/wp\/v2\/tags?post=1446"}],"curies":[{"name":"wp","href":"https:\/\/api.w.org\/{rel}","templated":true}]}}

¿Por qué es peligrosa la FA?

<p>Muchos pacientes viven con una arritmia durante décadas sin presentar problemas. Sin embargo, si no se trata, la fibrilación auricular puede comportar complicaciones, como un accidente cerebrovascular o insuficiencia cardíaca, que pueden tener graves consecuencias para su vida.</p>
<ul>
<li><a href="https://www.afibmatters.org/es/que-puede-hacer-mi-medico/como-prevenir-la-insuficiencia-cardiaca/">Riesgo de insuficiencia cardíaca</a></li>
<li><a href="https://www.afibmatters.org/es/que-puede-hacer-mi-medico/como-prevenir-el-accidente-cerebrovascular/">Riesgo de accidente cerebrovascular</a></li>
</ul>
<p>&nbsp;</p>

<p>Muchos pacientes viven con una arritmia durante décadas sin presentar problemas. Sin embargo, si no se trata, la fibrilación auricular puede comportar complicaciones, como un accidente cerebrovascular o insuficiencia cardíaca, que pueden tener graves consecuencias para su vida. Riesgo de insuficiencia cardíaca Riesgo de accidente cerebrovascular &nbsp;</p>
