{"id":1440,"date":"2020-03-03T11:56:46","date_gmt":"2020-03-03T11:56:46","guid":{"rendered":"https:\/\/www.afibmatters.org\/que-debo-saber\/es-muy-frecuente-la-fibrilacion-auricular\/"},"modified":"2020-03-03T11:56:46","modified_gmt":"2020-03-03T11:56:46","slug":"es-muy-frecuente-la-fibrilacion-auricular","status":"publish","type":"page","link":"https:\/\/www.afibmatters.org\/es\/que-debo-saber\/es-muy-frecuente-la-fibrilacion-auricular\/","title":{"rendered":"\u00bfEs muy frecuente la fibrilaci\u00f3n auricular?"},"content":{"rendered":"<p><img loading=\"lazy\" decoding=\"async\" class=\"alignleft wp-image-884 size-large\" src=\"https:\/\/www.afibmatters.org\/wp-content\/uploads\/2020\/01\/shutterstock_1348938884-1024x683.jpg\" alt=\"\" width=\"1024\" height=\"683\" srcset=\"https:\/\/cdn-endpoint-afib.azureedge.net\/afibmatters\/2020\/01\/shutterstock_1348938884-1024x683.jpg 1024w, https:\/\/cdn-endpoint-afib.azureedge.net\/afibmatters\/2020\/01\/shutterstock_1348938884-300x200.jpg 300w, https:\/\/cdn-endpoint-afib.azureedge.net\/afibmatters\/2020\/01\/shutterstock_1348938884-768x512.jpg 768w, https:\/\/cdn-endpoint-afib.azureedge.net\/afibmatters\/2020\/01\/shutterstock_1348938884-1536x1024.jpg 1536w, https:\/\/cdn-endpoint-afib.azureedge.net\/afibmatters\/2020\/01\/shutterstock_1348938884-2048x1365.jpg 2048w, https:\/\/cdn-endpoint-afib.azureedge.net\/afibmatters\/2020\/01\/shutterstock_1348938884-500x333.jpg 500w\" sizes=\"auto, (max-width: 1024px) 100vw, 1024px\" \/><\/p>\n<p>La fibrilaci\u00f3n auricular es el trastorno m\u00e1s <strong>frecuente del ritmo card\u00edaco<\/strong>. Lo padece aproximadamente el 1&nbsp;% del conjunto de la poblaci\u00f3n, especialmente las personas de edad avanzada. Es poco frecuente en personas j\u00f3venes, pero se observa en el 5&nbsp;% de los mayores de 65 a\u00f1os y el 10&nbsp;% de los mayores de 80.<\/p>\n<p>&nbsp;<\/p>\n<p>&nbsp;<\/p>\n","protected":false},"excerpt":{"rendered":"<p>La fibrilaci\u00f3n auricular es el trastorno m\u00e1s frecuente del ritmo card\u00edaco. Lo padece aproximadamente el 1&nbsp;% del conjunto de la poblaci\u00f3n, especialmente las personas de edad avanzada. Es poco frecuente en personas j\u00f3venes, pero se observa en el 5&nbsp;% de los mayores de 65 a\u00f1os y el 10&nbsp;% de los mayores de 80. &nbsp; &nbsp;<\/p>\n","protected":false},"author":1,"featured_media":0,"parent":1431,"menu_order":7,"comment_status":"closed","ping_status":"closed","template":"","meta":{"_acf_changed":false,"footnotes":""},"categories":[55],"tags":[],"class_list":["post-1440","page","type-page","status-publish","hentry","category-que-debo-saber"],"acf":[],"_links":{"self":[{"href":"https:\/\/www.afibmatters.org\/es\/wp-json\/wp\/v2\/pages\/1440","targetHints":{"allow":["GET"]}}],"collection":[{"href":"https:\/\/www.afibmatters.org\/es\/wp-json\/wp\/v2\/pages"}],"about":[{"href":"https:\/\/www.afibmatters.org\/es\/wp-json\/wp\/v2\/types\/page"}],"author":[{"embeddable":true,"href":"https:\/\/www.afibmatters.org\/es\/wp-json\/wp\/v2\/users\/1"}],"replies":[{"embeddable":true,"href":"https:\/\/www.afibmatters.org\/es\/wp-json\/wp\/v2\/comments?post=1440"}],"version-history":[{"count":0,"href":"https:\/\/www.afibmatters.org\/es\/wp-json\/wp\/v2\/pages\/1440\/revisions"}],"up":[{"embeddable":true,"href":"https:\/\/www.afibmatters.org\/es\/wp-json\/wp\/v2\/pages\/1431"}],"wp:attachment":[{"href":"https:\/\/www.afibmatters.org\/es\/wp-json\/wp\/v2\/media?parent=1440"}],"wp:term":[{"taxonomy":"category","embeddable":true,"href":"https:\/\/www.afibmatters.org\/es\/wp-json\/wp\/v2\/categories?post=1440"},{"taxonomy":"post_tag","embeddable":true,"href":"https:\/\/www.afibmatters.org\/es\/wp-json\/wp\/v2\/tags?post=1440"}],"curies":[{"name":"wp","href":"https:\/\/api.w.org\/{rel}","templated":true}]}}

¿Es muy frecuente la fibrilación auricular?

<p><img loading="lazy" decoding="async" class="alignleft wp-image-884 size-large" src="https://www.afibmatters.org/wp-content/uploads/2020/01/shutterstock_1348938884-1024x683.jpg" alt="" width="1024" height="683" srcset="https://cdn-endpoint-afib.azureedge.net/afibmatters/2020/01/shutterstock_1348938884-1024x683.jpg 1024w, https://cdn-endpoint-afib.azureedge.net/afibmatters/2020/01/shutterstock_1348938884-300x200.jpg 300w, https://cdn-endpoint-afib.azureedge.net/afibmatters/2020/01/shutterstock_1348938884-768x512.jpg 768w, https://cdn-endpoint-afib.azureedge.net/afibmatters/2020/01/shutterstock_1348938884-1536x1024.jpg 1536w, https://cdn-endpoint-afib.azureedge.net/afibmatters/2020/01/shutterstock_1348938884-2048x1365.jpg 2048w, https://cdn-endpoint-afib.azureedge.net/afibmatters/2020/01/shutterstock_1348938884-500x333.jpg 500w" sizes="auto, (max-width: 1024px) 100vw, 1024px" /></p>
<p>La fibrilación auricular es el trastorno más <strong>frecuente del ritmo cardíaco</strong>. Lo padece aproximadamente el 1&nbsp;% del conjunto de la población, especialmente las personas de edad avanzada. Es poco frecuente en personas jóvenes, pero se observa en el 5&nbsp;% de los mayores de 65 años y el 10&nbsp;% de los mayores de 80.</p>
<p>&nbsp;</p>
<p>&nbsp;</p>

<p>La fibrilación auricular es el trastorno más frecuente del ritmo cardíaco. Lo padece aproximadamente el 1&nbsp;% del conjunto de la población, especialmente las personas de edad avanzada. Es poco frecuente en personas jóvenes, pero se observa en el 5&nbsp;% de los mayores de 65 años y el 10&nbsp;% de los mayores de 80. &nbsp; &nbsp;</p>
