{"id":1403,"date":"2020-03-03T11:56:36","date_gmt":"2020-03-03T11:56:36","guid":{"rendered":"https:\/\/www.afibmatters.org\/que-es-la-fibrilacion-auricular\/el-ritmo-cardiaco-normal-y-la-anatomia\/"},"modified":"2022-01-26T14:31:55","modified_gmt":"2022-01-26T14:31:55","slug":"el-ritmo-cardiaco-normal-y-la-anatomia","status":"publish","type":"page","link":"https:\/\/www.afibmatters.org\/es\/que-es-la-fibrilacion-auricular\/el-ritmo-cardiaco-normal-y-la-anatomia\/","title":{"rendered":"El ritmo card\u00edaco normal y la anatom\u00eda"},"content":{"rendered":"<p>El coraz\u00f3n consta de 4 c\u00e1maras. Las c\u00e1maras superiores son las <strong>aur\u00edculas derecha e izquierda<\/strong>, las c\u00e1maras inferiores son los <strong>ventr\u00edculos derecho e izquierdo<\/strong>.<\/p>\n<p>Las aur\u00edculas recogen la sangre que regresa al coraz\u00f3n a trav\u00e9s de las venas y llenan los ventr\u00edculos.<\/p>\n<p>El ritmo card\u00edaco se inicia en el <strong>nodo sinusal<\/strong>, un grupo de c\u00e9lulas especializadas que generan actividad el\u00e9ctrica.<\/p>\n<p><img loading=\"lazy\" decoding=\"async\" class=\"alignnone wp-image-5718 size-large\" src=\"https:\/\/cdn-endpoint-afib.azureedge.net\/afibmatters\/2022\/01\/Asset-15beat-SPA-1536x993-min-1024x662.jpg?_t=1643207398\" alt=\"\" width=\"1024\" height=\"662\" srcset=\"https:\/\/cdn-endpoint-afib.azureedge.net\/afibmatters\/2022\/01\/Asset-15beat-SPA-1536x993-min-1024x662.jpg 1024w, https:\/\/cdn-endpoint-afib.azureedge.net\/afibmatters\/2022\/01\/Asset-15beat-SPA-1536x993-min-300x194.jpg 300w, https:\/\/cdn-endpoint-afib.azureedge.net\/afibmatters\/2022\/01\/Asset-15beat-SPA-1536x993-min-768x497.jpg 768w, https:\/\/cdn-endpoint-afib.azureedge.net\/afibmatters\/2022\/01\/Asset-15beat-SPA-1536x993-min-500x323.jpg 500w, https:\/\/cdn-endpoint-afib.azureedge.net\/afibmatters\/2022\/01\/Asset-15beat-SPA-1536x993-min.jpg 1536w\" sizes=\"auto, (max-width: 1024px) 100vw, 1024px\" \/><\/p>\n<p>La onda el\u00e9ctrica se propaga, a trav\u00e9s de las aur\u00edculas, desde el n\u00f3dulo sinusal hacia el &#8220;<strong>nodo auriculoventricular<\/strong>\u201d. Desde este nodo, la onda se extiende hacia los ventr\u00edculos y el coraz\u00f3n se contrae para bombear sangre al cuerpo.<\/p>\n<p>Las <strong>venas pulmonares<\/strong> son vasos que transportan la sangre desde los pulmones hacia la aur\u00edcula izquierda. La mayor\u00eda de los pacientes tienen 4 venas y las propiedades el\u00e9ctricas de uni\u00f3n de \u00e9stas con la aur\u00edcula izquierda pueden ser anormales y causar fibrilaci\u00f3n auricular.<\/p>\n<p>&nbsp;<\/p>\n<p>&nbsp;<\/p>\n","protected":false},"excerpt":{"rendered":"<p>El coraz\u00f3n consta de 4 c\u00e1maras. Las c\u00e1maras superiores son las aur\u00edculas derecha e izquierda, las c\u00e1maras inferiores son los ventr\u00edculos derecho e izquierdo. Las aur\u00edculas recogen la sangre que regresa al coraz\u00f3n a trav\u00e9s de las venas y llenan los ventr\u00edculos. El ritmo card\u00edaco se inicia en el nodo sinusal, un grupo de c\u00e9lulas [&hellip;]<\/p>\n","protected":false},"author":1,"featured_media":0,"parent":1390,"menu_order":3,"comment_status":"closed","ping_status":"closed","template":"","meta":{"_acf_changed":false,"footnotes":""},"categories":[43],"tags":[],"class_list":["post-1403","page","type-page","status-publish","hentry","category-que-es-la-fiba"],"acf":[],"_links":{"self":[{"href":"https:\/\/www.afibmatters.org\/es\/wp-json\/wp\/v2\/pages\/1403","targetHints":{"allow":["GET"]}}],"collection":[{"href":"https:\/\/www.afibmatters.org\/es\/wp-json\/wp\/v2\/pages"}],"about":[{"href":"https:\/\/www.afibmatters.org\/es\/wp-json\/wp\/v2\/types\/page"}],"author":[{"embeddable":true,"href":"https:\/\/www.afibmatters.org\/es\/wp-json\/wp\/v2\/users\/1"}],"replies":[{"embeddable":true,"href":"https:\/\/www.afibmatters.org\/es\/wp-json\/wp\/v2\/comments?post=1403"}],"version-history":[{"count":5,"href":"https:\/\/www.afibmatters.org\/es\/wp-json\/wp\/v2\/pages\/1403\/revisions"}],"predecessor-version":[{"id":5730,"href":"https:\/\/www.afibmatters.org\/es\/wp-json\/wp\/v2\/pages\/1403\/revisions\/5730"}],"up":[{"embeddable":true,"href":"https:\/\/www.afibmatters.org\/es\/wp-json\/wp\/v2\/pages\/1390"}],"wp:attachment":[{"href":"https:\/\/www.afibmatters.org\/es\/wp-json\/wp\/v2\/media?parent=1403"}],"wp:term":[{"taxonomy":"category","embeddable":true,"href":"https:\/\/www.afibmatters.org\/es\/wp-json\/wp\/v2\/categories?post=1403"},{"taxonomy":"post_tag","embeddable":true,"href":"https:\/\/www.afibmatters.org\/es\/wp-json\/wp\/v2\/tags?post=1403"}],"curies":[{"name":"wp","href":"https:\/\/api.w.org\/{rel}","templated":true}]}}

El ritmo cardíaco normal y la anatomía

<p>El corazón consta de 4 cámaras. Las cámaras superiores son las <strong>aurículas derecha e izquierda</strong>, las cámaras inferiores son los <strong>ventrículos derecho e izquierdo</strong>.</p>
<p>Las aurículas recogen la sangre que regresa al corazón a través de las venas y llenan los ventrículos.</p>
<p>El ritmo cardíaco se inicia en el <strong>nodo sinusal</strong>, un grupo de células especializadas que generan actividad eléctrica.</p>
<p><img loading="lazy" decoding="async" class="alignnone wp-image-5718 size-large" src="https://cdn-endpoint-afib.azureedge.net/afibmatters/2022/01/Asset-15beat-SPA-1536x993-min-1024x662.jpg?_t=1643207398" alt="" width="1024" height="662" srcset="https://cdn-endpoint-afib.azureedge.net/afibmatters/2022/01/Asset-15beat-SPA-1536x993-min-1024x662.jpg 1024w, https://cdn-endpoint-afib.azureedge.net/afibmatters/2022/01/Asset-15beat-SPA-1536x993-min-300x194.jpg 300w, https://cdn-endpoint-afib.azureedge.net/afibmatters/2022/01/Asset-15beat-SPA-1536x993-min-768x497.jpg 768w, https://cdn-endpoint-afib.azureedge.net/afibmatters/2022/01/Asset-15beat-SPA-1536x993-min-500x323.jpg 500w, https://cdn-endpoint-afib.azureedge.net/afibmatters/2022/01/Asset-15beat-SPA-1536x993-min.jpg 1536w" sizes="auto, (max-width: 1024px) 100vw, 1024px" /></p>
<p>La onda eléctrica se propaga, a través de las aurículas, desde el nódulo sinusal hacia el &#8220;<strong>nodo auriculoventricular</strong>”. Desde este nodo, la onda se extiende hacia los ventrículos y el corazón se contrae para bombear sangre al cuerpo.</p>
<p>Las <strong>venas pulmonares</strong> son vasos que transportan la sangre desde los pulmones hacia la aurícula izquierda. La mayoría de los pacientes tienen 4 venas y las propiedades eléctricas de unión de éstas con la aurícula izquierda pueden ser anormales y causar fibrilación auricular.</p>
<p>&nbsp;</p>
<p>&nbsp;</p>

<p>El corazón consta de 4 cámaras. Las cámaras superiores son las aurículas derecha e izquierda, las cámaras inferiores son los ventrículos derecho e izquierdo. Las aurículas recogen la sangre que regresa al corazón a través de las venas y llenan los ventrículos. El ritmo cardíaco se inicia en el nodo sinusal, un grupo de células [&hellip;]</p>
