{"id":1443,"date":"2020-03-03T11:56:47","date_gmt":"2020-03-03T11:56:47","guid":{"rendered":"https:\/\/www.afibmatters.org\/was-muss-ich-wissen\/wie-fuehlt-es-sich-an-vorhofflimmern-zu-haben\/"},"modified":"2022-03-24T10:48:08","modified_gmt":"2022-03-24T10:48:08","slug":"wie-fuehlt-es-sich-an-vorhofflimmern-zu-haben","status":"publish","type":"page","link":"https:\/\/www.afibmatters.org\/de\/was-muss-ich-wissen\/wie-fuehlt-es-sich-an-vorhofflimmern-zu-haben\/","title":{"rendered":"Wie f\u00fchlt es sich an, Vorhofflimmern zu haben?"},"content":{"rendered":"<p><img loading=\"lazy\" decoding=\"async\" class=\"alignnone size-large wp-image-1053\" src=\"https:\/\/cdn-endpoint-afib.azureedge.net\/afibmatters\/2020\/01\/iStock-516900090-1024x680.jpg\" alt=\"Herzschlag\" width=\"1024\" height=\"680\" srcset=\"https:\/\/cdn-endpoint-afib.azureedge.net\/afibmatters\/2020\/01\/iStock-516900090-1024x680.jpg 1024w, https:\/\/cdn-endpoint-afib.azureedge.net\/afibmatters\/2020\/01\/iStock-516900090-300x199.jpg 300w, https:\/\/cdn-endpoint-afib.azureedge.net\/afibmatters\/2020\/01\/iStock-516900090-768x510.jpg 768w, https:\/\/cdn-endpoint-afib.azureedge.net\/afibmatters\/2020\/01\/iStock-516900090-1536x1020.jpg 1536w, https:\/\/cdn-endpoint-afib.azureedge.net\/afibmatters\/2020\/01\/iStock-516900090-2048x1360.jpg 2048w, https:\/\/cdn-endpoint-afib.azureedge.net\/afibmatters\/2020\/01\/iStock-516900090-500x332.jpg 500w\" sizes=\"auto, (max-width: 1024px) 100vw, 1024px\" \/><\/p>\n<p>Wie Vorhofflimmern empfunden wird, ist von Mensch zu Mensch unterschiedlich. Manche Patienten bemerken <a href=\"https:\/\/www.afibmatters.org\/de\/was-muss-ich-wissen\/wie-fuehlt-es-sich-an-vorhofflimmern-zu-haben\/herzklopfen\/\">Palpitationen<\/a> und unregelm\u00e4\u00dfige Herzschl\u00e4ge und sind sich sofort bewusst, wenn Vorhofflimmern einsetzt. Andere empfinden <a href=\"https:\/\/www.afibmatters.org\/de\/was-muss-ich-wissen\/wie-fuehlt-es-sich-an-vorhofflimmern-zu-haben\/brustschmerzen\/\">Brustbeschwerden<\/a>, <a href=\"https:\/\/www.afibmatters.org\/de\/was-muss-ich-wissen\/wie-fuehlt-es-sich-an-vorhofflimmern-zu-haben\/kurzatmigkeit\/\">Atemnot<\/a>, <a href=\"https:\/\/www.afibmatters.org\/de\/was-muss-ich-wissen\/wie-fuehlt-es-sich-an-vorhofflimmern-zu-haben\/ohnmachtsanfaelle-schwindelgefuehl-und-blackouts\/\">Benommenheit, Schwindelgef\u00fchl<\/a> oder allgemeine <a href=\"https:\/\/www.afibmatters.org\/de\/was-muss-ich-wissen\/wie-fuehlt-es-sich-an-vorhofflimmern-zu-haben\/ermuedung\/\">M\u00fcdigkeit<\/a>, ohne <a href=\"https:\/\/www.afibmatters.org\/de\/was-muss-ich-wissen\/wie-fuehlt-es-sich-an-vorhofflimmern-zu-haben\/herzklopfen\/\">Herzklopfen<\/a> zu haben. Bei manchen Personen k\u00f6nnen Symptome von Vorhofflimmern im Ruhezustand vorhanden sein, w\u00e4hrend sie bei anderen bei k\u00f6rperlicher Bet\u00e4tigung auftreten.<\/p>\n<p>Der Beginn einer Episode von Vorhofflimmern ist nicht immer klar. In manchen F\u00e4llen beginnen die Symptome pl\u00f6tzlich, w\u00e4hrend in anderen F\u00e4llen eine Einschr\u00e4nkung der k\u00f6rperlichen Leistungsf\u00e4higkeit vorangeht. Bei Letzterem besteht m\u00f6glicherweise kein Verdacht auf Vorhofflimmern, und es kann sehr lange dauern, bis der Patient \u00e4rztlichen Rat einholt.<\/p>\n<p>Zus\u00e4tzlich ist es m\u00f6glich, dass eine Person mit Vorhofflimmern keinerlei Symptome aufweist und die Arrhythmie nur zuf\u00e4llig entdeckt wird, zum Beispiel bei einer Routineuntersuchung oder bei der Verwendung von Langzeit-EKGs mit tragbaren Ger\u00e4ten.<\/p>\n<p>Der Grund, warum manche Menschen mit Vorhofflimmern Symptome aufweisen, andere hingegen nicht, ist unklar. Bei vielen Patienten h\u00e4ngen die Symptome mit einem schnelleren Herzschlag zusammen. Einige Patienten haben jedoch auch Symptome, wenn die Herzfrequenz nicht schneller ist. In anderen F\u00e4llen schl\u00e4gt das Herz beim Vorhofflimmern zu langsam, was ebenfalls Symptome hervorrufen kann.<\/p>\n<p>Vorhofflimmern kann auch ohne Behandlung verschwinden, dennoch sollten Sie mit Ihrem Arzt besprechen, was zu tun ist, wenn eine Episode auftritt. Wenn Sie unangenehme Symptome bemerken, die Ihnen gro\u00dfes Unwohlempfinden bereiten (wie \u00dcbelkeit, <a href=\"https:\/\/www.afibmatters.org\/de\/was-muss-ich-wissen\/wie-fuehlt-es-sich-an-vorhofflimmern-zu-haben\/brustschmerzen\/\">Brustschmerzen<\/a>, <a href=\"https:\/\/www.afibmatters.org\/de\/was-muss-ich-wissen\/wie-fuehlt-es-sich-an-vorhofflimmern-zu-haben\/ohnmachtsanfaelle-schwindelgefuehl-und-blackouts\/\">Ohnmacht<\/a> usw.), sollten Sie sofort einen Arzt aufsuchen.<\/p>\n<p>&nbsp;<\/p>\n","protected":false},"excerpt":{"rendered":"<p>Wie Vorhofflimmern empfunden wird, ist von Mensch zu Mensch unterschiedlich. Manche Patienten bemerken Palpitationen und unregelm\u00e4\u00dfige Herzschl\u00e4ge und sind sich sofort bewusst, wenn Vorhofflimmern einsetzt. Andere empfinden Brustbeschwerden, Atemnot, Benommenheit, Schwindelgef\u00fchl oder allgemeine M\u00fcdigkeit, ohne Herzklopfen zu haben. Bei manchen Personen k\u00f6nnen Symptome von Vorhofflimmern im Ruhezustand vorhanden sein, w\u00e4hrend sie bei anderen bei k\u00f6rperlicher [&hellip;]<\/p>\n","protected":false},"author":1,"featured_media":0,"parent":1412,"menu_order":9,"comment_status":"closed","ping_status":"closed","template":"","meta":{"_acf_changed":false,"footnotes":""},"categories":[50],"tags":[],"class_list":["post-1443","page","type-page","status-publish","hentry","category-was-muss-ich-wissen"],"acf":[],"_links":{"self":[{"href":"https:\/\/www.afibmatters.org\/de\/wp-json\/wp\/v2\/pages\/1443","targetHints":{"allow":["GET"]}}],"collection":[{"href":"https:\/\/www.afibmatters.org\/de\/wp-json\/wp\/v2\/pages"}],"about":[{"href":"https:\/\/www.afibmatters.org\/de\/wp-json\/wp\/v2\/types\/page"}],"author":[{"embeddable":true,"href":"https:\/\/www.afibmatters.org\/de\/wp-json\/wp\/v2\/users\/1"}],"replies":[{"embeddable":true,"href":"https:\/\/www.afibmatters.org\/de\/wp-json\/wp\/v2\/comments?post=1443"}],"version-history":[{"count":1,"href":"https:\/\/www.afibmatters.org\/de\/wp-json\/wp\/v2\/pages\/1443\/revisions"}],"predecessor-version":[{"id":6595,"href":"https:\/\/www.afibmatters.org\/de\/wp-json\/wp\/v2\/pages\/1443\/revisions\/6595"}],"up":[{"embeddable":true,"href":"https:\/\/www.afibmatters.org\/de\/wp-json\/wp\/v2\/pages\/1412"}],"wp:attachment":[{"href":"https:\/\/www.afibmatters.org\/de\/wp-json\/wp\/v2\/media?parent=1443"}],"wp:term":[{"taxonomy":"category","embeddable":true,"href":"https:\/\/www.afibmatters.org\/de\/wp-json\/wp\/v2\/categories?post=1443"},{"taxonomy":"post_tag","embeddable":true,"href":"https:\/\/www.afibmatters.org\/de\/wp-json\/wp\/v2\/tags?post=1443"}],"curies":[{"name":"wp","href":"https:\/\/api.w.org\/{rel}","templated":true}]}}

Wie fühlt es sich an, Vorhofflimmern zu haben?

<p><img loading="lazy" decoding="async" class="alignnone size-large wp-image-1053" src="https://cdn-endpoint-afib.azureedge.net/afibmatters/2020/01/iStock-516900090-1024x680.jpg" alt="Herzschlag" width="1024" height="680" srcset="https://cdn-endpoint-afib.azureedge.net/afibmatters/2020/01/iStock-516900090-1024x680.jpg 1024w, https://cdn-endpoint-afib.azureedge.net/afibmatters/2020/01/iStock-516900090-300x199.jpg 300w, https://cdn-endpoint-afib.azureedge.net/afibmatters/2020/01/iStock-516900090-768x510.jpg 768w, https://cdn-endpoint-afib.azureedge.net/afibmatters/2020/01/iStock-516900090-1536x1020.jpg 1536w, https://cdn-endpoint-afib.azureedge.net/afibmatters/2020/01/iStock-516900090-2048x1360.jpg 2048w, https://cdn-endpoint-afib.azureedge.net/afibmatters/2020/01/iStock-516900090-500x332.jpg 500w" sizes="auto, (max-width: 1024px) 100vw, 1024px" /></p>
<p>Wie Vorhofflimmern empfunden wird, ist von Mensch zu Mensch unterschiedlich. Manche Patienten bemerken <a href="https://www.afibmatters.org/de/was-muss-ich-wissen/wie-fuehlt-es-sich-an-vorhofflimmern-zu-haben/herzklopfen/">Palpitationen</a> und unregelmäßige Herzschläge und sind sich sofort bewusst, wenn Vorhofflimmern einsetzt. Andere empfinden <a href="https://www.afibmatters.org/de/was-muss-ich-wissen/wie-fuehlt-es-sich-an-vorhofflimmern-zu-haben/brustschmerzen/">Brustbeschwerden</a>, <a href="https://www.afibmatters.org/de/was-muss-ich-wissen/wie-fuehlt-es-sich-an-vorhofflimmern-zu-haben/kurzatmigkeit/">Atemnot</a>, <a href="https://www.afibmatters.org/de/was-muss-ich-wissen/wie-fuehlt-es-sich-an-vorhofflimmern-zu-haben/ohnmachtsanfaelle-schwindelgefuehl-und-blackouts/">Benommenheit, Schwindelgefühl</a> oder allgemeine <a href="https://www.afibmatters.org/de/was-muss-ich-wissen/wie-fuehlt-es-sich-an-vorhofflimmern-zu-haben/ermuedung/">Müdigkeit</a>, ohne <a href="https://www.afibmatters.org/de/was-muss-ich-wissen/wie-fuehlt-es-sich-an-vorhofflimmern-zu-haben/herzklopfen/">Herzklopfen</a> zu haben. Bei manchen Personen können Symptome von Vorhofflimmern im Ruhezustand vorhanden sein, während sie bei anderen bei körperlicher Betätigung auftreten.</p>
<p>Der Beginn einer Episode von Vorhofflimmern ist nicht immer klar. In manchen Fällen beginnen die Symptome plötzlich, während in anderen Fällen eine Einschränkung der körperlichen Leistungsfähigkeit vorangeht. Bei Letzterem besteht möglicherweise kein Verdacht auf Vorhofflimmern, und es kann sehr lange dauern, bis der Patient ärztlichen Rat einholt.</p>
<p>Zusätzlich ist es möglich, dass eine Person mit Vorhofflimmern keinerlei Symptome aufweist und die Arrhythmie nur zufällig entdeckt wird, zum Beispiel bei einer Routineuntersuchung oder bei der Verwendung von Langzeit-EKGs mit tragbaren Geräten.</p>
<p>Der Grund, warum manche Menschen mit Vorhofflimmern Symptome aufweisen, andere hingegen nicht, ist unklar. Bei vielen Patienten hängen die Symptome mit einem schnelleren Herzschlag zusammen. Einige Patienten haben jedoch auch Symptome, wenn die Herzfrequenz nicht schneller ist. In anderen Fällen schlägt das Herz beim Vorhofflimmern zu langsam, was ebenfalls Symptome hervorrufen kann.</p>
<p>Vorhofflimmern kann auch ohne Behandlung verschwinden, dennoch sollten Sie mit Ihrem Arzt besprechen, was zu tun ist, wenn eine Episode auftritt. Wenn Sie unangenehme Symptome bemerken, die Ihnen großes Unwohlempfinden bereiten (wie Übelkeit, <a href="https://www.afibmatters.org/de/was-muss-ich-wissen/wie-fuehlt-es-sich-an-vorhofflimmern-zu-haben/brustschmerzen/">Brustschmerzen</a>, <a href="https://www.afibmatters.org/de/was-muss-ich-wissen/wie-fuehlt-es-sich-an-vorhofflimmern-zu-haben/ohnmachtsanfaelle-schwindelgefuehl-und-blackouts/">Ohnmacht</a> usw.), sollten Sie sofort einen Arzt aufsuchen.</p>
<p>&nbsp;</p>

<p>Wie Vorhofflimmern empfunden wird, ist von Mensch zu Mensch unterschiedlich. Manche Patienten bemerken Palpitationen und unregelmäßige Herzschläge und sind sich sofort bewusst, wenn Vorhofflimmern einsetzt. Andere empfinden Brustbeschwerden, Atemnot, Benommenheit, Schwindelgefühl oder allgemeine Müdigkeit, ohne Herzklopfen zu haben. Bei manchen Personen können Symptome von Vorhofflimmern im Ruhezustand vorhanden sein, während sie bei anderen bei körperlicher [&hellip;]</p>
