{"id":1433,"date":"2020-03-03T11:56:44","date_gmt":"2020-03-03T11:56:44","guid":{"rendered":"https:\/\/www.afibmatters.org\/was-muss-ich-wissen\/wer-hat-ein-erhoehtes-risiko-fuer-vorhofflimmern\/"},"modified":"2022-03-24T10:47:41","modified_gmt":"2022-03-24T10:47:41","slug":"wer-hat-ein-erhoehtes-risiko-fuer-vorhofflimmern","status":"publish","type":"page","link":"https:\/\/www.afibmatters.org\/de\/was-muss-ich-wissen\/wer-hat-ein-erhoehtes-risiko-fuer-vorhofflimmern\/","title":{"rendered":"Wer hat ein erh\u00f6htes Risiko f\u00fcr Vorhofflimmern?"},"content":{"rendered":"<p><img loading=\"lazy\" decoding=\"async\" class=\"size-large wp-image-1043\" src=\"https:\/\/cdn-endpoint-afib.azureedge.net\/afibmatters\/2020\/01\/iStock-499570490-1024x683.jpg\" alt=\"\" width=\"1024\" height=\"683\" srcset=\"https:\/\/cdn-endpoint-afib.azureedge.net\/afibmatters\/2020\/01\/iStock-499570490-1024x683.jpg 1024w, https:\/\/cdn-endpoint-afib.azureedge.net\/afibmatters\/2020\/01\/iStock-499570490-300x200.jpg 300w, https:\/\/cdn-endpoint-afib.azureedge.net\/afibmatters\/2020\/01\/iStock-499570490-768x512.jpg 768w, https:\/\/cdn-endpoint-afib.azureedge.net\/afibmatters\/2020\/01\/iStock-499570490-1536x1024.jpg 1536w, https:\/\/cdn-endpoint-afib.azureedge.net\/afibmatters\/2020\/01\/iStock-499570490-2048x1365.jpg 2048w, https:\/\/cdn-endpoint-afib.azureedge.net\/afibmatters\/2020\/01\/iStock-499570490-500x333.jpg 500w\" sizes=\"auto, (max-width: 1024px) 100vw, 1024px\" \/><\/p>\n<p>Wir verstehen noch nicht vollst\u00e4ndig, wie sich Vorhofflimmern entwickelt, aber es gibt viele Faktoren, die das <strong>Risiko f\u00fcr Vorhofflimmern<\/strong> im Laufe Ihres Lebens erh\u00f6hen. Beispiele finden Sie in der folgenden Tabelle. Dazu geh\u00f6ren neben Herzerkrankungen auch <strong>Erkrankungen<\/strong> wie Diabetes oder Nierenerkrankungen. Es ist wichtig, diese Begleiterkrankungen zu behandeln, um die Erfolge der Behandlung von Vorhofflimmern zu optimieren.<\/p>\n<p>In der Vergangenheit wurde der Begriff \u201eeinsames Vorhofflimmern\u201c f\u00fcr Patienten verwendet, die keinen offensichtlichen Risikofaktor bzw. Grunderkrankungen, die sie f\u00fcr die Entwicklung von Vorhofflimmern anf\u00e4lliger machten, hatten. Es gibt jedoch zunehmend Hinweise darauf, dass bei s\u00e4mtlichen Patienten eine Ursache vorliegt und daher der Begriff \u201eeinsames Vorhofflimmern\u201c verwirrend ist und nicht mehr verwendet werden sollte.<\/p>\n<table style=\"width: 64.7997%; height: 288px;\">\n<tbody>\n<tr style=\"height: 24px;\">\n<th style=\"height: 24px;\"><strong>Lebensstil<\/strong><\/th>\n<th style=\"height: 24px;\"><strong>Begleiterkrankungen\/sonstige Erkrankungen<\/strong><\/th>\n<\/tr>\n<tr style=\"height: 24px;\">\n<td style=\"height: 24px;\"><a href=\"https:\/\/www.afibmatters.org\/de\/was-kann-ich-tun\/wie-sollte-ich-mein-leben-aendern\/alkohol\/\">Alkoholmissbrauch<\/a><\/td>\n<td style=\"height: 24px;\">Bluthochdruck\/Diabetes<\/td>\n<\/tr>\n<tr style=\"height: 48px;\">\n<td style=\"height: 48px;\"><a href=\"https:\/\/www.afibmatters.org\/de\/was-kann-ich-tun\/wie-sollte-ich-mein-leben-aendern\/adipositas\/\">Adipositas<\/a><\/td>\n<td style=\"height: 48px;\">Herzinfarkt\/koronare Herzkrankheit<\/td>\n<\/tr>\n<tr style=\"height: 48px;\">\n<td style=\"height: 48px;\"><a href=\"https:\/\/www.afibmatters.org\/de\/was-kann-ich-tun\/wie-sollte-ich-mein-leben-aendern\/adipositas\/\">K\u00f6rperliche Inaktivit\u00e4t oder \u00fcberm\u00e4\u00dfiger Ausdauersport<\/a><\/td>\n<td style=\"height: 48px;\">Herzinsuffizienz oder Herzklappenerkrankung<\/td>\n<\/tr>\n<tr style=\"height: 48px;\">\n<td style=\"height: 48px;\"><a href=\"https:\/\/www.afibmatters.org\/de\/was-kann-ich-tun\/wie-sollte-ich-mein-leben-aendern\/rauchen\/\">Rauchen<\/a><\/td>\n<td style=\"height: 48px;\">Schlafst\u00f6rungen\/obstruktive Schlafapnoe<\/td>\n<\/tr>\n<tr style=\"height: 24px;\">\n<td style=\"height: 24px;\"><a href=\"https:\/\/www.afibmatters.org\/de\/was-kann-ich-tun\/wie-sollte-ich-mein-leben-aendern\/stress\/\">Stress<\/a><\/td>\n<td style=\"height: 24px;\">Kardiochirurgie<\/td>\n<\/tr>\n<tr style=\"height: 24px;\">\n<td style=\"height: 24px;\">Missbrauch von Stimulanzien (einschlie\u00dflich Koffein)<\/td>\n<td style=\"height: 24px;\">Thyreotoxikose (hyperaktive Schilddr\u00fcse)<\/td>\n<\/tr>\n<tr style=\"height: 24px;\">\n<td style=\"height: 24px;\"><\/td>\n<td style=\"height: 24px;\">Pneumonie (Lungenentz\u00fcndung)<\/td>\n<\/tr>\n<tr style=\"height: 24px;\">\n<td style=\"height: 24px;\"><\/td>\n<td style=\"height: 24px;\">Angeborene Herzerkrankung<\/td>\n<\/tr>\n<\/tbody>\n<\/table>\n<p>&nbsp;<\/p>\n","protected":false},"excerpt":{"rendered":"<p>Wir verstehen noch nicht vollst\u00e4ndig, wie sich Vorhofflimmern entwickelt, aber es gibt viele Faktoren, die das Risiko f\u00fcr Vorhofflimmern im Laufe Ihres Lebens erh\u00f6hen. Beispiele finden Sie in der folgenden Tabelle. Dazu geh\u00f6ren neben Herzerkrankungen auch Erkrankungen wie Diabetes oder Nierenerkrankungen. Es ist wichtig, diese Begleiterkrankungen zu behandeln, um die Erfolge der Behandlung von Vorhofflimmern [&hellip;]<\/p>\n","protected":false},"author":1,"featured_media":0,"parent":1412,"menu_order":8,"comment_status":"closed","ping_status":"closed","template":"","meta":{"_acf_changed":false,"footnotes":""},"categories":[50],"tags":[],"class_list":["post-1433","page","type-page","status-publish","hentry","category-was-muss-ich-wissen"],"acf":[],"_links":{"self":[{"href":"https:\/\/www.afibmatters.org\/de\/wp-json\/wp\/v2\/pages\/1433","targetHints":{"allow":["GET"]}}],"collection":[{"href":"https:\/\/www.afibmatters.org\/de\/wp-json\/wp\/v2\/pages"}],"about":[{"href":"https:\/\/www.afibmatters.org\/de\/wp-json\/wp\/v2\/types\/page"}],"author":[{"embeddable":true,"href":"https:\/\/www.afibmatters.org\/de\/wp-json\/wp\/v2\/users\/1"}],"replies":[{"embeddable":true,"href":"https:\/\/www.afibmatters.org\/de\/wp-json\/wp\/v2\/comments?post=1433"}],"version-history":[{"count":2,"href":"https:\/\/www.afibmatters.org\/de\/wp-json\/wp\/v2\/pages\/1433\/revisions"}],"predecessor-version":[{"id":6564,"href":"https:\/\/www.afibmatters.org\/de\/wp-json\/wp\/v2\/pages\/1433\/revisions\/6564"}],"up":[{"embeddable":true,"href":"https:\/\/www.afibmatters.org\/de\/wp-json\/wp\/v2\/pages\/1412"}],"wp:attachment":[{"href":"https:\/\/www.afibmatters.org\/de\/wp-json\/wp\/v2\/media?parent=1433"}],"wp:term":[{"taxonomy":"category","embeddable":true,"href":"https:\/\/www.afibmatters.org\/de\/wp-json\/wp\/v2\/categories?post=1433"},{"taxonomy":"post_tag","embeddable":true,"href":"https:\/\/www.afibmatters.org\/de\/wp-json\/wp\/v2\/tags?post=1433"}],"curies":[{"name":"wp","href":"https:\/\/api.w.org\/{rel}","templated":true}]}}

Wer hat ein erhöhtes Risiko für Vorhofflimmern?

<p><img loading="lazy" decoding="async" class="size-large wp-image-1043" src="https://cdn-endpoint-afib.azureedge.net/afibmatters/2020/01/iStock-499570490-1024x683.jpg" alt="" width="1024" height="683" srcset="https://cdn-endpoint-afib.azureedge.net/afibmatters/2020/01/iStock-499570490-1024x683.jpg 1024w, https://cdn-endpoint-afib.azureedge.net/afibmatters/2020/01/iStock-499570490-300x200.jpg 300w, https://cdn-endpoint-afib.azureedge.net/afibmatters/2020/01/iStock-499570490-768x512.jpg 768w, https://cdn-endpoint-afib.azureedge.net/afibmatters/2020/01/iStock-499570490-1536x1024.jpg 1536w, https://cdn-endpoint-afib.azureedge.net/afibmatters/2020/01/iStock-499570490-2048x1365.jpg 2048w, https://cdn-endpoint-afib.azureedge.net/afibmatters/2020/01/iStock-499570490-500x333.jpg 500w" sizes="auto, (max-width: 1024px) 100vw, 1024px" /></p>
<p>Wir verstehen noch nicht vollständig, wie sich Vorhofflimmern entwickelt, aber es gibt viele Faktoren, die das <strong>Risiko für Vorhofflimmern</strong> im Laufe Ihres Lebens erhöhen. Beispiele finden Sie in der folgenden Tabelle. Dazu gehören neben Herzerkrankungen auch <strong>Erkrankungen</strong> wie Diabetes oder Nierenerkrankungen. Es ist wichtig, diese Begleiterkrankungen zu behandeln, um die Erfolge der Behandlung von Vorhofflimmern zu optimieren.</p>
<p>In der Vergangenheit wurde der Begriff „einsames Vorhofflimmern“ für Patienten verwendet, die keinen offensichtlichen Risikofaktor bzw. Grunderkrankungen, die sie für die Entwicklung von Vorhofflimmern anfälliger machten, hatten. Es gibt jedoch zunehmend Hinweise darauf, dass bei sämtlichen Patienten eine Ursache vorliegt und daher der Begriff „einsames Vorhofflimmern“ verwirrend ist und nicht mehr verwendet werden sollte.</p>
<table style="width: 64.7997%; height: 288px;">
<tbody>
<tr style="height: 24px;">
<th style="height: 24px;"><strong>Lebensstil</strong></th>
<th style="height: 24px;"><strong>Begleiterkrankungen/sonstige Erkrankungen</strong></th>
</tr>
<tr style="height: 24px;">
<td style="height: 24px;"><a href="https://www.afibmatters.org/de/was-kann-ich-tun/wie-sollte-ich-mein-leben-aendern/alkohol/">Alkoholmissbrauch</a></td>
<td style="height: 24px;">Bluthochdruck/Diabetes</td>
</tr>
<tr style="height: 48px;">
<td style="height: 48px;"><a href="https://www.afibmatters.org/de/was-kann-ich-tun/wie-sollte-ich-mein-leben-aendern/adipositas/">Adipositas</a></td>
<td style="height: 48px;">Herzinfarkt/koronare Herzkrankheit</td>
</tr>
<tr style="height: 48px;">
<td style="height: 48px;"><a href="https://www.afibmatters.org/de/was-kann-ich-tun/wie-sollte-ich-mein-leben-aendern/adipositas/">Körperliche Inaktivität oder übermäßiger Ausdauersport</a></td>
<td style="height: 48px;">Herzinsuffizienz oder Herzklappenerkrankung</td>
</tr>
<tr style="height: 48px;">
<td style="height: 48px;"><a href="https://www.afibmatters.org/de/was-kann-ich-tun/wie-sollte-ich-mein-leben-aendern/rauchen/">Rauchen</a></td>
<td style="height: 48px;">Schlafstörungen/obstruktive Schlafapnoe</td>
</tr>
<tr style="height: 24px;">
<td style="height: 24px;"><a href="https://www.afibmatters.org/de/was-kann-ich-tun/wie-sollte-ich-mein-leben-aendern/stress/">Stress</a></td>
<td style="height: 24px;">Kardiochirurgie</td>
</tr>
<tr style="height: 24px;">
<td style="height: 24px;">Missbrauch von Stimulanzien (einschließlich Koffein)</td>
<td style="height: 24px;">Thyreotoxikose (hyperaktive Schilddrüse)</td>
</tr>
<tr style="height: 24px;">
<td style="height: 24px;"></td>
<td style="height: 24px;">Pneumonie (Lungenentzündung)</td>
</tr>
<tr style="height: 24px;">
<td style="height: 24px;"></td>
<td style="height: 24px;">Angeborene Herzerkrankung</td>
</tr>
</tbody>
</table>
<p>&nbsp;</p>

<p>Wir verstehen noch nicht vollständig, wie sich Vorhofflimmern entwickelt, aber es gibt viele Faktoren, die das Risiko für Vorhofflimmern im Laufe Ihres Lebens erhöhen. Beispiele finden Sie in der folgenden Tabelle. Dazu gehören neben Herzerkrankungen auch Erkrankungen wie Diabetes oder Nierenerkrankungen. Es ist wichtig, diese Begleiterkrankungen zu behandeln, um die Erfolge der Behandlung von Vorhofflimmern [&hellip;]</p>
