{"id":1421,"date":"2020-03-03T11:56:41","date_gmt":"2020-03-03T11:56:41","guid":{"rendered":"https:\/\/www.afibmatters.org\/was-muss-ich-wissen\/wie-verbreitet-ist-vorhofflimmern\/"},"modified":"2020-03-03T11:56:41","modified_gmt":"2020-03-03T11:56:41","slug":"wie-verbreitet-ist-vorhofflimmern","status":"publish","type":"page","link":"https:\/\/www.afibmatters.org\/de\/was-muss-ich-wissen\/wie-verbreitet-ist-vorhofflimmern\/","title":{"rendered":"Wie verbreitet ist Vorhofflimmern?"},"content":{"rendered":"<p><img loading=\"lazy\" decoding=\"async\" class=\"alignleft wp-image-884 size-large\" src=\"https:\/\/www.afibmatters.org\/wp-content\/uploads\/2020\/01\/shutterstock_1348938884-1024x683.jpg\" alt=\"\" width=\"1024\" height=\"683\" srcset=\"https:\/\/cdn-endpoint-afib.azureedge.net\/afibmatters\/2020\/01\/shutterstock_1348938884-1024x683.jpg 1024w, https:\/\/cdn-endpoint-afib.azureedge.net\/afibmatters\/2020\/01\/shutterstock_1348938884-300x200.jpg 300w, https:\/\/cdn-endpoint-afib.azureedge.net\/afibmatters\/2020\/01\/shutterstock_1348938884-768x512.jpg 768w, https:\/\/cdn-endpoint-afib.azureedge.net\/afibmatters\/2020\/01\/shutterstock_1348938884-1536x1024.jpg 1536w, https:\/\/cdn-endpoint-afib.azureedge.net\/afibmatters\/2020\/01\/shutterstock_1348938884-2048x1365.jpg 2048w, https:\/\/cdn-endpoint-afib.azureedge.net\/afibmatters\/2020\/01\/shutterstock_1348938884-500x333.jpg 500w\" sizes=\"auto, (max-width: 1024px) 100vw, 1024px\" \/><\/p>\n<p>Vorhofflimmern ist die <strong>h\u00e4ufigste<\/strong> Herzrhythmusst\u00f6rung. Sie tritt bei etwa 1 % der Gesamtbev\u00f6lkerung auf, insbesondere bei \u00e4lteren Menschen. Sie ist bei Jugendlichen selten, tritt aber bei 5 % der \u00fcber 65-J\u00e4hrigen und bei 10 % der \u00fcber 80-J\u00e4hrigen auf.<\/p>\n<p>&nbsp;<\/p>\n<p>&nbsp;<\/p>\n","protected":false},"excerpt":{"rendered":"<p>Vorhofflimmern ist die h\u00e4ufigste Herzrhythmusst\u00f6rung. Sie tritt bei etwa 1 % der Gesamtbev\u00f6lkerung auf, insbesondere bei \u00e4lteren Menschen. Sie ist bei Jugendlichen selten, tritt aber bei 5 % der \u00fcber 65-J\u00e4hrigen und bei 10 % der \u00fcber 80-J\u00e4hrigen auf. &nbsp; &nbsp;<\/p>\n","protected":false},"author":1,"featured_media":0,"parent":1412,"menu_order":7,"comment_status":"closed","ping_status":"closed","template":"","meta":{"_acf_changed":false,"footnotes":""},"categories":[50],"tags":[],"class_list":["post-1421","page","type-page","status-publish","hentry","category-was-muss-ich-wissen"],"acf":[],"_links":{"self":[{"href":"https:\/\/www.afibmatters.org\/de\/wp-json\/wp\/v2\/pages\/1421","targetHints":{"allow":["GET"]}}],"collection":[{"href":"https:\/\/www.afibmatters.org\/de\/wp-json\/wp\/v2\/pages"}],"about":[{"href":"https:\/\/www.afibmatters.org\/de\/wp-json\/wp\/v2\/types\/page"}],"author":[{"embeddable":true,"href":"https:\/\/www.afibmatters.org\/de\/wp-json\/wp\/v2\/users\/1"}],"replies":[{"embeddable":true,"href":"https:\/\/www.afibmatters.org\/de\/wp-json\/wp\/v2\/comments?post=1421"}],"version-history":[{"count":0,"href":"https:\/\/www.afibmatters.org\/de\/wp-json\/wp\/v2\/pages\/1421\/revisions"}],"up":[{"embeddable":true,"href":"https:\/\/www.afibmatters.org\/de\/wp-json\/wp\/v2\/pages\/1412"}],"wp:attachment":[{"href":"https:\/\/www.afibmatters.org\/de\/wp-json\/wp\/v2\/media?parent=1421"}],"wp:term":[{"taxonomy":"category","embeddable":true,"href":"https:\/\/www.afibmatters.org\/de\/wp-json\/wp\/v2\/categories?post=1421"},{"taxonomy":"post_tag","embeddable":true,"href":"https:\/\/www.afibmatters.org\/de\/wp-json\/wp\/v2\/tags?post=1421"}],"curies":[{"name":"wp","href":"https:\/\/api.w.org\/{rel}","templated":true}]}}

<p><img loading="lazy" decoding="async" class="alignleft wp-image-884 size-large" src="https://www.afibmatters.org/wp-content/uploads/2020/01/shutterstock_1348938884-1024x683.jpg" alt="" width="1024" height="683" srcset="https://cdn-endpoint-afib.azureedge.net/afibmatters/2020/01/shutterstock_1348938884-1024x683.jpg 1024w, https://cdn-endpoint-afib.azureedge.net/afibmatters/2020/01/shutterstock_1348938884-300x200.jpg 300w, https://cdn-endpoint-afib.azureedge.net/afibmatters/2020/01/shutterstock_1348938884-768x512.jpg 768w, https://cdn-endpoint-afib.azureedge.net/afibmatters/2020/01/shutterstock_1348938884-1536x1024.jpg 1536w, https://cdn-endpoint-afib.azureedge.net/afibmatters/2020/01/shutterstock_1348938884-2048x1365.jpg 2048w, https://cdn-endpoint-afib.azureedge.net/afibmatters/2020/01/shutterstock_1348938884-500x333.jpg 500w" sizes="auto, (max-width: 1024px) 100vw, 1024px" /></p>
<p>Vorhofflimmern ist die <strong>häufigste</strong> Herzrhythmusstörung. Sie tritt bei etwa 1 % der Gesamtbevölkerung auf, insbesondere bei älteren Menschen. Sie ist bei Jugendlichen selten, tritt aber bei 5 % der über 65-Jährigen und bei 10 % der über 80-Jährigen auf.</p>
<p>&nbsp;</p>
<p>&nbsp;</p>

<p>Vorhofflimmern ist die häufigste Herzrhythmusstörung. Sie tritt bei etwa 1 % der Gesamtbevölkerung auf, insbesondere bei älteren Menschen. Sie ist bei Jugendlichen selten, tritt aber bei 5 % der über 65-Jährigen und bei 10 % der über 80-Jährigen auf. &nbsp; &nbsp;</p>
