{"id":1418,"date":"2020-03-03T11:56:40","date_gmt":"2020-03-03T11:56:40","guid":{"rendered":"https:\/\/www.afibmatters.org\/was-ist-vorhofflimmern\/das-herz-bei-vorhofflimmern\/"},"modified":"2022-01-26T10:57:12","modified_gmt":"2022-01-26T10:57:12","slug":"das-herz-bei-vorhofflimmern","status":"publish","type":"page","link":"https:\/\/www.afibmatters.org\/de\/was-ist-vorhofflimmern\/das-herz-bei-vorhofflimmern\/","title":{"rendered":"Das Herz bei Vorhofflimmern"},"content":{"rendered":"<p>Vorhofflimmern ist eine Herzrhythmusst\u00f6rung, die in den Vorh\u00f6fen entsteht und einen unregelm\u00e4\u00dfigen und schnellen Herzrhythmus verursacht. Durch die unregelm\u00e4\u00dfige und schnelle Bewegung der Vorh\u00f6fe nimmt die Kontraktion ab, was zu einer Verlangsamung oder sogar einem Stau des Blutflusses f\u00fchrt.<\/p>\n<p><img loading=\"lazy\" decoding=\"async\" class=\"alignnone wp-image-5614 size-full\" src=\"https:\/\/cdn-endpoint-afib.azureedge.net\/afibmatters\/2022\/01\/Asset-8afib-GER-1024x667-min.jpg?_t=1643194626\" alt=\"\" width=\"1024\" height=\"667\" srcset=\"https:\/\/cdn-endpoint-afib.azureedge.net\/afibmatters\/2022\/01\/Asset-8afib-GER-1024x667-min.jpg 1024w, https:\/\/cdn-endpoint-afib.azureedge.net\/afibmatters\/2022\/01\/Asset-8afib-GER-1024x667-min-300x195.jpg 300w, https:\/\/cdn-endpoint-afib.azureedge.net\/afibmatters\/2022\/01\/Asset-8afib-GER-1024x667-min-768x500.jpg 768w, https:\/\/cdn-endpoint-afib.azureedge.net\/afibmatters\/2022\/01\/Asset-8afib-GER-1024x667-min-500x326.jpg 500w\" sizes=\"auto, (max-width: 1024px) 100vw, 1024px\" \/><\/p>\n<p>&nbsp;<\/p>\n","protected":false},"excerpt":{"rendered":"<p>Vorhofflimmern ist eine Herzrhythmusst\u00f6rung, die in den Vorh\u00f6fen entsteht und einen unregelm\u00e4\u00dfigen und schnellen Herzrhythmus verursacht. Durch die unregelm\u00e4\u00dfige und schnelle Bewegung der Vorh\u00f6fe nimmt die Kontraktion ab, was zu einer Verlangsamung oder sogar einem Stau des Blutflusses f\u00fchrt. &nbsp;<\/p>\n","protected":false},"author":1,"featured_media":0,"parent":1391,"menu_order":4,"comment_status":"closed","ping_status":"closed","template":"","meta":{"_acf_changed":false,"footnotes":""},"categories":[44],"tags":[],"class_list":["post-1418","page","type-page","status-publish","hentry","category-was-ist-afib"],"acf":[],"_links":{"self":[{"href":"https:\/\/www.afibmatters.org\/de\/wp-json\/wp\/v2\/pages\/1418","targetHints":{"allow":["GET"]}}],"collection":[{"href":"https:\/\/www.afibmatters.org\/de\/wp-json\/wp\/v2\/pages"}],"about":[{"href":"https:\/\/www.afibmatters.org\/de\/wp-json\/wp\/v2\/types\/page"}],"author":[{"embeddable":true,"href":"https:\/\/www.afibmatters.org\/de\/wp-json\/wp\/v2\/users\/1"}],"replies":[{"embeddable":true,"href":"https:\/\/www.afibmatters.org\/de\/wp-json\/wp\/v2\/comments?post=1418"}],"version-history":[{"count":2,"href":"https:\/\/www.afibmatters.org\/de\/wp-json\/wp\/v2\/pages\/1418\/revisions"}],"predecessor-version":[{"id":5626,"href":"https:\/\/www.afibmatters.org\/de\/wp-json\/wp\/v2\/pages\/1418\/revisions\/5626"}],"up":[{"embeddable":true,"href":"https:\/\/www.afibmatters.org\/de\/wp-json\/wp\/v2\/pages\/1391"}],"wp:attachment":[{"href":"https:\/\/www.afibmatters.org\/de\/wp-json\/wp\/v2\/media?parent=1418"}],"wp:term":[{"taxonomy":"category","embeddable":true,"href":"https:\/\/www.afibmatters.org\/de\/wp-json\/wp\/v2\/categories?post=1418"},{"taxonomy":"post_tag","embeddable":true,"href":"https:\/\/www.afibmatters.org\/de\/wp-json\/wp\/v2\/tags?post=1418"}],"curies":[{"name":"wp","href":"https:\/\/api.w.org\/{rel}","templated":true}]}}

<p>Vorhofflimmern ist eine Herzrhythmusstörung, die in den Vorhöfen entsteht und einen unregelmäßigen und schnellen Herzrhythmus verursacht. Durch die unregelmäßige und schnelle Bewegung der Vorhöfe nimmt die Kontraktion ab, was zu einer Verlangsamung oder sogar einem Stau des Blutflusses führt.</p>
<p><img loading="lazy" decoding="async" class="alignnone wp-image-5614 size-full" src="https://cdn-endpoint-afib.azureedge.net/afibmatters/2022/01/Asset-8afib-GER-1024x667-min.jpg?_t=1643194626" alt="" width="1024" height="667" srcset="https://cdn-endpoint-afib.azureedge.net/afibmatters/2022/01/Asset-8afib-GER-1024x667-min.jpg 1024w, https://cdn-endpoint-afib.azureedge.net/afibmatters/2022/01/Asset-8afib-GER-1024x667-min-300x195.jpg 300w, https://cdn-endpoint-afib.azureedge.net/afibmatters/2022/01/Asset-8afib-GER-1024x667-min-768x500.jpg 768w, https://cdn-endpoint-afib.azureedge.net/afibmatters/2022/01/Asset-8afib-GER-1024x667-min-500x326.jpg 500w" sizes="auto, (max-width: 1024px) 100vw, 1024px" /></p>
<p>&nbsp;</p>

<p>Vorhofflimmern ist eine Herzrhythmusstörung, die in den Vorhöfen entsteht und einen unregelmäßigen und schnellen Herzrhythmus verursacht. Durch die unregelmäßige und schnelle Bewegung der Vorhöfe nimmt die Kontraktion ab, was zu einer Verlangsamung oder sogar einem Stau des Blutflusses führt. &nbsp;</p>
